(5027,'http://ns2.pacificonlinedirectory.com/index.php?option=com_content&view=article&id=14104:party-to-open-new-branch&catid=55:business-news-updates&Itemid=344','','','',1,0,'2014-10-21 15:22:57','0000-00-00 00:00:00'),(5028,'http://ns1.pacificonlinedirectory.com/index.php?option=com_content&view=category&layout=blog&id=65&Itemid=343&limitstart=550','','','',1,0,'2014-10-21 15:22:58','0000-00-00 00:00:00'),(5029,'http://ns2.pacificonlinedirectory.com/index.php?option=com_content&view=article&id=13596:alibaba-is-not-facebook&catid=68:technology-news&Itemid=390','','','',1,0,'2014-10-21 15:23:15','0000-00-00 00:00:00'),(5030,'http://ns2.pacificonlinedirectory.com/index.php?option=com_flashmagazinedeluxe&archive=2013-11&Itemid=367','','','',1,0,'2014-10-21 15:24:01','0000-00-00 00:00:00'),(5031,'http://ns1.pacificonlinedirectory.com/index.php?option=com_content&view=article&id=2737:editorial-disease-step-too-far-for-acc-scheme&catid=76:health&Itemid=353','','','',1,0,'2014-10-21 15:24:06','0000-00-00 00:00:00'),(5032,'http://ns2.pacificonlinedirectory.com/index.php?option=com_content&view=article&id=14038:a-boy-walks-into-a-store…&catid=113:management&Itemid=115','','','',1,0,'2014-10-21 15:24:13','0000-00-00 00:00:00'),(5033,'http://ns2.pacificonlinedirectory.com/index.php?option=com_flashmagazinedeluxe&archive=2012-10&Itemid=252','','','',1,0,'2014-10-21 15:24:27','0000-00-00 00:00:00'),(5034,'http://ns2.pacificonlinedirectory.com/index.php?option=com_flashmagazinedeluxe&archive=2012-10&Itemid=334','','','',1,0,'2014-10-21 15:24:29','0000-00-00 00:00:00'),(5035,'http://ns2.pacificonlinedirectory.com/index.php?option=com_content&view=category&layout=blog&id=85&Itemid=320&limitstart=130','','','',1,0,'2014-10-21 15:25:05','0000-00-00 00:00:00'),(5036,'http://ns1.pacificonlinedirectory.com/index.php?option=com_content&view=category&layout=blog&id=76&Itemid=353&limitstart=130','','','',1,0,'2014-10-21 15:26:27','0000-00-00 00:00:00'),(5037,'http://ns1.pacificonlinedirectory.com/index.php?option=com_content&view=category&layout=blog&id=89&Itemid=321&limitstart=255','','','',1,0,'2014-10-21 15:27:09','0000-00-00 00:00:00'),(5038,'http://ns1.pacificonlinedirectory.com/index.php?option=com_content&view=article&id=4706:no-side-budging-in-trade-talks-with-china&catid=65:austraian-business-updates&Itemid=343','','','',1,0,'2014-10-21 15:30:51','0000-00-00 00:00:00'),(5039,'http://ns1.pacificonlinedirectory.com/index.php?option=com_content&view=article&id=12699:thrones-to-premiere-two-weeks-early-in-a-stadium&catid=107:gossip&Itemid=373','','','',2,0,'2014-10-21 15:30:54','0000-00-00 00:00:00'),(5040,'http://ns1.pacificonlinedirectory.com/index.php?option=com_content&view=article&id=14517:fashion-that-70s-show&catid=78:fashion-a-beauty&Itemid=319','','','',1,0,'2014-10-21 15:30:55','0000-00-00 00:00:00'),(5041,'http://ns2.pacificonlinedirectory.com/index.php?option=com_content&view=article&id=14419:mcdonald-s-exits-crimea&catid=66:new-zealand-business-updates&Itemid=345','','','',2,0,'2014-10-21 15:31:04','0000-00-00 00:00:00'),(5042,'http://ns1.pacificonlinedirectory.com/index.php?option=com_content&view=article&id=10313:kia-ora-kaikoura&catid=86:travel&Itemid=351','','','',1,0,'2014-10-21 15:33:00','0000-00-00 00:00:00'),(5043,'http://ns2.pacificonlinedirectory.com/index.php?option=com_flashmagazinedeluxe&archive=2013-11&Itemid=300','','','',1,0,'2014-10-21 15:33:18','0000-00-00 00:00:00'),(5044,'http://ns1.pacificonlinedirectory.com/index.php?option=com_content&view=article&id=700:the-secret-to-two-hour-flights-to-london&catid=68:technology-news&Itemid=390','','','',1,0,'2014-10-21 15:33:30','0000-00-00 00:00:00'),(5045,'http://ns2.pacificonlinedirectory.com/index.php?option=com_content&view=article&id=6488:twilight-finale-dawns-with-$175m-weekend&catid=104:movies&Itemid=371','','','',1,0,'2014-10-21 15:33:56','0000-00-00 00:00:00'),(5046,'http://ns2.pacificonlinedirectory.com/index.php?option=com_content&view=article&id=14281:movie-review-nymph()maniac&catid=104:movies&Itemid=371','','','',1,0,'2014-10-21 15:34:11','0000-00-00 00:00:00'),(5047,'http://ns1.pacificonlinedirectory.com/index.php?option=com_content&view=article&id=4145:deal-to-take-on-big-banks&catid=65:austraian-business-updates&Itemid=343','','','',1,0,'2014-10-21 15:34:39','0000-00-00 00:00:00'),(5048,'http://ns2.pacificonlinedirectory.com/index.php?option=com_content&view=article&id=3996:celebs-make-their-votes-count-(-video)&catid=74:entertainment&Itemid=372','','','',1,0,'2014-10-21 15:35:01','0000-00-00 00:00:00'),(5049,'http://ns2.pacificonlinedirectory.com/index.php?option=com_flashmagazinedeluxe&archive=2012-11&Itemid=322','','','',1,0,'2014-10-21 15:35:54','0000-00-00 00:00:00'),(5050,'http://ns1.pacificonlinedirectory.com/index.php?option=com_content&view=category&layout=blog&id=76&Itemid=353&limitstart=85','','','',1,0,'2014-10-21 15:36:42','0000-00-00 00:00:00'),(5051,'http://ns2.pacificonlinedirectory.com/index.php?option=com_content&view=article&id=14012:motorola-climbs-from-almost-nothing-to-6-per-cent-of-british-sales&catid=59:market-research-&Itemid=281','','','',1,0,'2014-10-21 15:37:07','0000-00-00 00:00:00'),(5052,'http://ns2.pacificonlinedirectory.com/index.php?option=com_content&view=article&id=11719:surgery-nightmare-leads-to-better-care&catid=76:health&Itemid=353','','','',1,0,'2014-10-21 15:38:04','0000-00-00 00:00:00'),(5053,'http://ns2.pacificonlinedirectory.com/index.php?option=com_content&view=article&id=14283:movie-review-the-selfish-giant&catid=104:movies&Itemid=371','','','',1,0,'2014-10-21 15:38:05','0000-00-00 00:00:00'),(5054,'http://ns2.pacificonlinedirectory.com/index.php?option=com_content&view=category&layout=blog&id=76&Itemid=204&limitstart=335','','','',1,0,'2014-10-21 15:38:20','0000-00-00 00:00:00'),(5055,'http://ns2.pacificonlinedirectory.com/index.php?option=com_content&view=article&id=14228:sth-africa-hopes-free-colourful-condoms-will-appeal-to-young-people&catid=76:health&Itemid=353','','','',1,0,'2014-10-21 15:39:39','0000-00-00 00:00:00'),(5056,'http://ns1.pacificonlinedirectory.com/index.php?option=com_content&view=category&layout=blog&id=65&Itemid=343&limitstart=795','','','',1,0,'2014-10-21 15:39:58','0000-00-00 00:00:00'),(5057,'http://ns2.pacificonlinedirectory.com/index.php?option=com_flashmagazinedeluxe&archive=2013-11&Itemid=322','','','',1,0,'2014-10-21 15:40:40','0000-00-00 00:00:00'),(5058,'http://ns2.pacificonlinedirectory.com/index.php?option=com_flashmagazinedeluxe&archive=2012-11&Itemid=358','','','',1,0,'2014-10-21 15:40:56','0000-00-00 00:00:00'),(5059,'http://ns2.pacificonlinedirectory.com/index.php?option=com_content&view=category&layout=blog&id=77&Itemid=352&limitstart=35','','','',1,0,'2014-10-21 15:40:59','0000-00-00 00:00:00'),(5060,'http://ns2.pacificonlinedirectory.com/index.php?option=com_content&view=category&layout=blog&id=73&Itemid=318&limitstart=30','','','',2,0,'2014-10-21 15:43:23','0000-00-00 00:00:00'),(5061,'http://www.pacificonlinedirectory.com/index.php?option=com_sobipro&&Itemid=4','','','',1,0,'2014-10-21 15:43:51','0000-00-00 00:00:00'),(5062,'http://ns2.pacificonlinedirectory.com/index.php?option=com_content&view=article&id=11284:hanging-garden-marvel-may-not-be-babylon-s&catid=83:religion-a-beliefs&Itemid=364','','','',3,0,'2014-10-21 15:44:16','0000-00-00 00:00:00'),(5063,'http://ns2.pacificonlinedirectory.com/index.php?option=com_flashmagazinedeluxe&archive=2012-11&Itemid=206','','','',1,0,'2014-10-21 15:44:16','0000-00-00 00:00:00'),(5064,'http://ns2.pacificonlinedirectory.com/index.php?option=com_content&view=article&id=14503:mia-wasikowska-making-tracks&catid=74:entertainment&Itemid=372','','','',3,0,'2014-10-21 15:44:40','0000-00-00 00:00:00'),(5065,'http://ns2.pacificonlinedirectory.com/index.php?option=com_content&view=article&id=4583:bond-a-real-shot-in-the-dark&catid=104:movies&Itemid=371','','','',1,0,'2014-10-21 15:44:45','0000-00-00 00:00:00'),(5066,'http://ns1.pacificonlinedirectory.com/index.php?option=com_content&view=article&id=5283:sydney-s-surprising-stays&catid=86:travel&Itemid=351','','','',1,0,'2014-10-21 15:44:58','0000-00-00 00:00:00'),(5067,'http://ns2.pacificonlinedirectory.com/index.php?option=com_content&view=article&id=7644:oscar-nomination-for-the-hobbit&catid=104:movies&Itemid=371','','','',1,0,'2014-10-21 15:45:01','0000-00-00 00:00:00'),(5068,'http://ns1.pacificonlinedirectory.com/index.php?option=com_content&view=article&id=378:police-reach-out&catid=55:business-news-updates&Itemid=344','','','',1,0,'2014-10-21 15:46:45','0000-00-00 00:00:00'),(5069,'http://ns1.pacificonlinedirectory.com/index.php?option=com_content&view=category&layout=blog&id=76&Itemid=204&limitstart=335','','','',1,0,'2014-10-21 15:47:46','0000-00-00 00:00:00'),(5070,'http://ns2.pacificonlinedirectory.com/index.php?option=com_flashmagazinedeluxe&archive=2012-11&Itemid=324','','','',1,0,'2014-10-21 15:47:47','0000-00-00 00:00:00'),(5071,'http://ns1.pacificonlinedirectory.com/index.php?option=com_content&view=article&id=10711:saddleback-release-in-wildlife-reserve&catid=89:animals&Itemid=357','','','',1,0,'2014-10-21 15:50:49','0000-00-00 00:00:00'),(5072,'http://ns1.pacificonlinedirectory.com/index.php?option=com_content&view=article&id=10712:fire-fighters-rescue-goat-in-wellington&catid=89:animals&Itemid=357','','','',1,0,'2014-10-21 15:50:59','0000-00-00 00:00:00'),(5073,'http://ns2.pacificonlinedirectory.com/index.php?option=com_content&view=article&id=14617:risky-e-ciggy&catid=55:business-news-updates&Itemid=344','','','',1,0,'2014-10-21 15:51:03','0000-00-00 00:00:00'),(5074,'http://ns2.pacificonlinedirectory.com/index.php?option=com_flashmagazinedeluxe&archive=2012-11&Itemid=317','','','',1,0,'2014-10-21 15:51:09','0000-00-00 00:00:00'),(5075,'http://ns1.pacificonlinedirectory.com/index.php?option=com_content&view=category&layout=blog&id=79&Itemid=327&limitstart=65','','','',1,0,'2014-10-21 15:51:26','0000-00-00 00:00:00'),(5076,'http://ns1.pacificonlinedirectory.com/index.php?option=com_content&view=article&id=14642:fifty-one-lives-lost-on-the-job&catid=66:new-zealand-business-updates&Itemid=345','','','',1,0,'2014-10-21 15:51:40','0000-00-00 00:00:00'),(5077,'http://ns1.pacificonlinedirectory.com/index.php?option=com_content&view=category&id=68&Itemid=391&limitstart=80','','','',1,0,'2014-10-21 15:52:19','0000-00-00 00:00:00'),(5078,'http://ns1.pacificonlinedirectory.com/index.php?option=com_content&view=article&id=10857:uphill-to-moscow&catid=108:fiji-sports-news&Itemid=350','','','',1,0,'2014-10-21 15:52:35','0000-00-00 00:00:00'),(5079,'http://ns1.pacificonlinedirectory.com/index.php?option=com_content&view=category&layout=blog&id=87&Itemid=362&limitstart=385','','','',1,0,'2014-10-21 15:55:51','0000-00-00 00:00:00'),(5080,'http://ns2.pacificonlinedirectory.com/index.php?option=com_content&view=category&layout=blog&id=77&Itemid=352&limitstart=120','','','',1,0,'2014-10-21 15:57:20','0000-00-00 00:00:00'),(5081,'http://ns2.pacificonlinedirectory.com/index.php?option=com_content&view=category&layout=blog&id=77&Itemid=203&limitstart=140','','','',1,0,'2014-10-21 16:02:54','0000-00-00 00:00:00'),(5082,'http://ns2.pacificonlinedirectory.com/index.php?option=com_flashmagazinedeluxe&archive=2012-10&Itemid=346','','','',1,0,'2014-10-21 16:06:40','0000-00-00 00:00:00'),(5083,'http://ns2.pacificonlinedirectory.com/index.php?option=com_content&view=category&layout=blog&id=89&Itemid=357&limitstart=255','','','',1,0,'2014-10-21 16:10:04','0000-00-00 00:00:00'),(5084,'http://ns2.pacificonlinedirectory.com/index.php?option=com_content&view=article&id=1021:beyonce-and-jay-z-lose-blue-ivy-trademark&catid=107:gossip&Itemid=373','','','',2,0,'2014-10-21 16:13:01','0000-00-00 00:00:00'),(5085,'http://ns2.pacificonlinedirectory.com/index.php?option=com_flashmagazinedeluxe&archive=2012-10&Itemid=317','','','',1,0,'2014-10-21 16:13:46','0000-00-00 00:00:00'),(5086,'http://ns1.pacificonlinedirectory.com/index.php?option=com_content&view=article&id=2392:no-fire-sale-as-nab-hit&catid=65:austraian-business-updates&Itemid=343','','','',1,0,'2014-10-21 16:14:28','0000-00-00 00:00:00'),(5087,'http://ns1.pacificonlinedirectory.com/index.php?option=com_content&view=article&id=340:deep-freeze-aussies-putting-their-bodies-on-ice&catid=68:technology-news&Itemid=390','','','',1,0,'2014-10-21 16:14:31','0000-00-00 00:00:00'),(5088,'http://ns2.pacificonlinedirectory.com/index.php?option=com_content&view=article&id=1674:schwarzenegger-returns-to-conan-role&catid=104:movies&Itemid=371','','','',2,0,'2014-10-21 16:14:32','0000-00-00 00:00:00'),(5089,'http://ns1.pacificonlinedirectory.com/index.php?option=com_content&view=article&id=11560:australia-s-4g-networks-the-fastest-in-the-world&catid=68:technology-news&Itemid=390','','','',1,0,'2014-10-21 16:14:33','0000-00-00 00:00:00'),(5090,'http://ns2.pacificonlinedirectory.com/index.php?option=com_content&view=article&id=11838:eight-ways-to-use-your-tax-refund-wisely&catid=112:personal-finance&Itemid=116','','','',1,0,'2014-10-21 16:14:33','0000-00-00 00:00:00'),(5091,'http://ns2.pacificonlinedirectory.com/index.php?option=com_content&view=article&id=12449:tns-uk-announce-sunando-das-as-new-head-of-marketing-science&catid=59:market-research-&Itemid=281','','','',1,0,'2014-10-21 16:14:34','0000-00-00 00:00:00'),(5092,'http://ns1.pacificonlinedirectory.com/index.php?option=com_content&view=category&layout=blog&id=108&Itemid=340&limitstart=595','','','',1,0,'2014-10-21 16:14:38','0000-00-00 00:00:00'),(5093,'http://ns2.pacificonlinedirectory.com/index.php?option=com_content&view=article&id=11823:is-your-employer-provided-life-insurance-coverage-enough&catid=112:personal-finance&Itemid=116','','','',1,0,'2014-10-21 16:14:39','0000-00-00 00:00:00'),(5094,'http://ns2.pacificonlinedirectory.com/index.php?option=com_content&view=category&layout=blog&id=55&Itemid=298&limitstart=1155','','','',1,0,'2014-10-21 16:14:52','0000-00-00 00:00:00'),(5095,'http://ns1.pacificonlinedirectory.com/index.php?option=com_content&view=category&layout=blog&id=66&Itemid=345&limitstart=725','','','',1,0,'2014-10-21 16:14:52','0000-00-00 00:00:00'),(5096,'http://ns1.pacificonlinedirectory.com/index.php?option=com_content&view=category&layout=blog&id=86&Itemid=351&limitstart=260','','','',1,0,'2014-10-21 16:17:43','0000-00-00 00:00:00'),(5097,'http://ns1.pacificonlinedirectory.com/index.php?option=com_content&view=article&id=2606:tinkler-falls-short-of-whitehaven-first-strike&catid=65:austraian-business-updates&Itemid=343','','','',1,0,'2014-10-21 16:19:24','0000-00-00 00:00:00'),(5098,'http://ns2.pacificonlinedirectory.com/index.php?option=com_content&view=article&id=5273:facebook-s-new-couple-pages-cross-the-line-users&catid=79:relationships&Itemid=363','','','',1,0,'2014-10-21 16:19:24','0000-00-00 00:00:00'),(5099,'http://ns1.pacificonlinedirectory.com/index.php?option=com_content&view=article&id=3576:weak-start-in-store-for-local-stocks&catid=65:austraian-business-updates&Itemid=343','','','',1,0,'2014-10-21 16:19:25','0000-00-00 00:00:00'),(5100,'http://ns1.pacificonlinedirectory.com/index.php?option=com_content&view=article&id=701:still-time-to-spot-mercury-on-its-amazing-race&catid=68:technology-news&Itemid=390','','','',1,0,'2014-10-21 16:19:25','0000-00-00 00:00:00'),(5101,'http://ns1.pacificonlinedirectory.com/index.php?option=com_content&view=article&id=14043:the-automotive-uptick-working-through-the-challenges&catid=115:quality-control&Itemid=27','','','',1,0,'2014-10-21 16:19:27','0000-00-00 00:00:00'),(5102,'http://ns1.pacificonlinedirectory.com/index.php?option=com_content&view=article&id=3865:rba-leaves-rates-on-hold&catid=65:austraian-business-updates&Itemid=343','','','',1,0,'2014-10-21 16:19:28','0000-00-00 00:00:00'),(5103,'http://ns2.pacificonlinedirectory.com/index.php?option=com_content&view=category&layout=blog&id=66&Itemid=316&limitstart=15','','','',2,0,'2014-10-21 16:22:27','0000-00-00 00:00:00'),(5104,'http://ns2.pacificonlinedirectory.com/index.php?option=com_flashmagazinedeluxe&archive=2012-11&Itemid=400','','','',1,0,'2014-10-21 16:23:26','0000-00-00 00:00:00'),(5105,'http://ns2.pacificonlinedirectory.com/index.php?option=com_content&view=category&layout=blog&id=74&Itemid=372&limitstart=555','','','',1,0,'2014-10-21 16:23:44','0000-00-00 00:00:00'),(5106,'http://ns2.pacificonlinedirectory.com/index.php?option=com_content&view=category&layout=blog&id=112&Itemid=116&limitstart=25','','','',1,0,'2014-10-21 16:24:39','0000-00-00 00:00:00'),(5107,'http://ns2.pacificonlinedirectory.com/index.php?option=com_content&view=article&id=11438:why-you-shouldnt-always-get-excited-about-a-linkedin-endorsement-kendra-lee&catid=57:sales-a-prospecting&Itemid=279','','','',1,0,'2014-10-21 16:24:49','0000-00-00 00:00:00'),(5108,'http://ns2.pacificonlinedirectory.com/index.php?option=com_content&view=article&id=11222:edgy-streetwear-thrusts-kiwi-designer-on-to-stage&catid=78:fashion-a-beauty&Itemid=319','','','',1,0,'2014-10-21 16:24:49','0000-00-00 00:00:00'),(5109,'http://ns2.pacificonlinedirectory.com/index.php?option=com_content&view=article&id=11402:cricket-chance-to-state-test-hopes&catid=110:new-zealand-sports-news&Itemid=349','','','',1,0,'2014-10-21 16:24:50','0000-00-00 00:00:00'),(5110,'http://ns2.pacificonlinedirectory.com/index.php?option=com_content&view=article&id=11086:jones-hits-out-at-arrogant-forest-owners&catid=66:new-zealand-business-updates&Itemid=345','','','',1,0,'2014-10-21 16:24:50','0000-00-00 00:00:00'),(5111,'http://ns2.pacificonlinedirectory.com/index.php?option=com_content&view=article&id=14514:sweet-treat-that-has-health-advocates-fizzing&catid=76:health&Itemid=353','','','',2,0,'2014-10-21 16:24:51','0000-00-00 00:00:00'),(5112,'http://ns2.pacificonlinedirectory.com/index.php?option=com_content&view=article&id=14622:farmers-grab-offer&catid=55:business-news-updates&Itemid=344','','','',1,0,'2014-10-21 16:24:52','0000-00-00 00:00:00'),(5113,'http://ns2.pacificonlinedirectory.com/index.php?option=com_content&view=article&id=13399:noah-s-flood-of-criticism&catid=83:religion-a-beliefs&Itemid=364','','','',2,0,'2014-10-21 16:24:52','0000-00-00 00:00:00'),(5114,'http://ns1.pacificonlinedirectory.com/index.php?option=com_content&view=article&id=2952:google-search-results-defamed-melbourne-man&catid=68:technology-news&Itemid=390','','','',1,0,'2014-10-21 16:24:53','0000-00-00 00:00:00'),(5115,'http://ns1.pacificonlinedirectory.com/index.php?option=com_content&view=article&id=5555:sydney-legally-blonde-at-the-lyric-theatre&catid=86:travel&Itemid=351','','','',1,0,'2014-10-21 16:24:54','0000-00-00 00:00:00'),(5116,'http://ns1.pacificonlinedirectory.com/index.php?option=com_content&view=category&layout=blog&id=65&Itemid=343&limitstart=690','','','',1,0,'2014-10-21 16:24:56','0000-00-00 00:00:00'),(5117,'http://ns1.pacificonlinedirectory.com/index.php?option=com_content&view=category&layout=blog&id=65&Itemid=343&limitstart=675','','','',1,0,'2014-10-21 16:24:57','0000-00-00 00:00:00'),(5118,'http://ns1.pacificonlinedirectory.com/index.php?option=com_content&view=article&id=6276:being-dumb-is-almost-cool-with-surprise-advertising-hit&catid=68:technology-news&Itemid=390','','','',1,0,'2014-10-21 16:25:09','0000-00-00 00:00:00'),(5119,'http://ns2.pacificonlinedirectory.com/index.php?option=com_content&view=article&id=14482:three-men-dominate-afghan-election-race&catid=71:world-news-&Itemid=342','','','',2,0,'2014-10-21 16:25:11','0000-00-00 00:00:00'),(5120,'http://ns1.pacificonlinedirectory.com/index.php?option=com_content&view=article&id=381:briefly&catid=55:business-news-updates&Itemid=344','','','',1,0,'2014-10-21 16:25:23','0000-00-00 00:00:00'),(5121,'http://ns1.pacificonlinedirectory.com/index.php?option=com_content&view=article&id=14460:mccabe-double-helps-brumbies-beat-blues&catid=72:australian-national-news&Itemid=346','','','',2,0,'2014-10-21 16:25:53','0000-00-00 00:00:00'),(5122,'http://ns1.pacificonlinedirectory.com/index.php?option=com_content&view=article&id=11289:the-world-s-top-bikini-spots&catid=86:travel&Itemid=351','','','',1,0,'2014-10-21 16:25:54','0000-00-00 00:00:00'),(5123,'http://ns1.pacificonlinedirectory.com/index.php?option=com_content&view=article&id=12202:ban-roll-your-own-tobacco-expert&catid=76:health&Itemid=353','','','',1,0,'2014-10-21 16:25:55','0000-00-00 00:00:00'),(5124,'http://ns2.pacificonlinedirectory.com/index.php?option=com_content&view=article&id=3848:laws-governing-international-commercial-arbitration-and-associated-risks-in-kazakhstan&catid=116:general-legal-articles-global&Itemid=267','','','',1,0,'2014-10-21 16:25:56','0000-00-00 00:00:00'),(5125,'http://ns1.pacificonlinedirectory.com/index.php?option=com_content&view=article&id=13081:wigan-makes-fa-cup-semis&catid=108:fiji-sports-news&Itemid=350','','','',1,0,'2014-10-21 16:25:56','0000-00-00 00:00:00'),(5126,'http://ns1.pacificonlinedirectory.com/index.php?option=com_content&view=article&id=14433:diana-clement-sheriff-has-guns-to-end-wild-west-culture&catid=66:new-zealand-business-updates&Itemid=345','','','',1,0,'2014-10-21 16:25:57','0000-00-00 00:00:00'),(5127,'http://ns2.pacificonlinedirectory.com/index.php?option=com_content&view=article&id=11260:hillman-marque-alive-and-well&catid=87:motoring&Itemid=362','','','',1,0,'2014-10-21 16:25:58','0000-00-00 00:00:00'),(5128,'http://ns1.pacificonlinedirectory.com/index.php?option=com_content&view=article&id=12200:laser-strike-numbers-underline-need-for-new-controls&catid=76:health&Itemid=353','','','',1,0,'2014-10-21 16:25:59','0000-00-00 00:00:00'),(5129,'http://ns2.pacificonlinedirectory.com/index.php?option=com_content&view=article&id=11326:euro-link-for-native-americans&catid=99:science&Itemid=334','','','',1,0,'2014-10-21 16:25:59','0000-00-00 00:00:00'),(5130,'http://ns1.pacificonlinedirectory.com/index.php?option=com_content&view=article&id=12539:keep-it-clean&catid=55:business-news-updates&Itemid=344','','','',1,0,'2014-10-21 16:26:00','0000-00-00 00:00:00'),(5131,'http://ns1.pacificonlinedirectory.com/index.php?option=com_content&view=article&id=4384:markets-live-robust-jobs-data-lifts-spirits&catid=65:austraian-business-updates&Itemid=343','','','',1,0,'2014-10-21 16:26:03','0000-00-00 00:00:00'),(5132,'http://ns1.pacificonlinedirectory.com/index.php?option=com_content&view=article&id=2604:markets-live-chinese-data-can-t-turn-the-mood&catid=65:austraian-business-updates&Itemid=343','','','',1,0,'2014-10-21 16:26:04','0000-00-00 00:00:00'),(5133,'http://ns2.pacificonlinedirectory.com/index.php?option=com_flashmagazinedeluxe&archive=2013-11&Itemid=400','','','',1,0,'2014-10-21 16:26:04','0000-00-00 00:00:00'),(5134,'http://ns2.pacificonlinedirectory.com/index.php?option=com_content&view=category&layout=blog&id=104&Itemid=371&limitstart=250','','','',1,0,'2014-10-21 16:26:06','0000-00-00 00:00:00'),(5135,'http://ns2.pacificonlinedirectory.com/index.php?option=com_content&view=article&id=11477:best-time-to-post-to-facebook&catid=61:social-media&Itemid=283','','','',1,0,'2014-10-21 16:26:16','0000-00-00 00:00:00'),(5136,'http://ns2.pacificonlinedirectory.com/index.php?option=com_flashmagazinedeluxe&archive=2013-11&Itemid=403','','','',1,0,'2014-10-21 16:26:36','0000-00-00 00:00:00'),(5137,'http://ns2.pacificonlinedirectory.com/index.php?option=com_content&view=article&id=4073:right-time-and-right-place-to-shoot-the-moon&catid=109:australian-sports-news&Itemid=348','','','',1,0,'2014-10-21 16:27:31','0000-00-00 00:00:00'),(5138,'http://ns1.pacificonlinedirectory.com/index.php?option=com_content&view=article&id=14494:legal-highs-linked-to-psychosis&catid=73:new-zealand-national-news&Itemid=347','','','',3,0,'2014-10-21 16:28:08','0000-00-00 00:00:00'),(5139,'http://ns2.pacificonlinedirectory.com/index.php?option=com_content&view=article&id=13566:fatal-car-accidents-involving-marijuana-have-tripled-in-u-s&catid=116:general-legal-articles-global&Itemid=267','','','',1,0,'2014-10-21 16:28:09','0000-00-00 00:00:00'),(5140,'http://ns2.pacificonlinedirectory.com/index.php?option=com_content&view=article&id=11084:ap-newsbreak-not-guilty-verdict-in-piracy-case&catid=66:new-zealand-business-updates&Itemid=345','','','',1,0,'2014-10-21 16:28:10','0000-00-00 00:00:00'),(5141,'http://ns1.pacificonlinedirectory.com/index.php?option=com_content&view=article&id=4148:is-rba-printing-money-to-weaken-dollar&catid=65:austraian-business-updates&Itemid=343','','','',1,0,'2014-10-21 16:28:11','0000-00-00 00:00:00'),(5142,'http://ns2.pacificonlinedirectory.com/index.php?option=com_content&view=article&id=11225:model-makes-waves-on-wild-west-coast&catid=78:fashion-a-beauty&Itemid=319','','','',1,0,'2014-10-21 16:28:12','0000-00-00 00:00:00'),(5143,'http://ns2.pacificonlinedirectory.com/index.php?option=com_content&view=article&id=11280:time-to-learn-mobile-phone-manners-expert&catid=79:relationships&Itemid=363','','','',2,0,'2014-10-21 16:28:13','0000-00-00 00:00:00'),(5144,'http://ns1.pacificonlinedirectory.com/index.php?option=com_content&view=article&id=12977:karl-ove-knausgaard-a-writer-s-life&catid=82:books&Itemid=358','','','',2,0,'2014-10-21 16:28:13','0000-00-00 00:00:00'),(5145,'http://ns2.pacificonlinedirectory.com/index.php?option=com_content&view=article&id=11444:why-handing-out-linkedin-recommendations-like-candy-could-kill-your-reputation-kendra-lee&catid=57:sales-a-prospecting&Itemid=279','','','',1,0,'2014-10-21 16:28:14','0000-00-00 00:00:00'),(5146,'http://ns2.pacificonlinedirectory.com/index.php?option=com_content&view=article&id=12034:aussie-israeli-duo-take-on-google&catid=68:technology-news&Itemid=390','','','',1,0,'2014-10-21 16:28:15','0000-00-00 00:00:00'),(5147,'http://ns1.pacificonlinedirectory.com/index.php?option=com_content&view=article&id=13981:sales-ground-hog-days-colleen-stanley&catid=57:sales-a-prospecting&Itemid=279','','','',1,0,'2014-10-21 16:28:16','0000-00-00 00:00:00'),(5148,'http://ns1.pacificonlinedirectory.com/index.php?option=com_content&view=article&id=2605:markets-live-stocks-down-sharply&catid=65:austraian-business-updates&Itemid=343','','','',1,0,'2014-10-21 16:28:17','0000-00-00 00:00:00'),(5149,'http://ns1.pacificonlinedirectory.com/index.php?option=com_content&view=article&id=14358:could-the-fair-tax-movement-ever-replace-the-irs&catid=112:personal-finance&Itemid=116','','','',1,0,'2014-10-21 16:28:18','0000-00-00 00:00:00'),(5150,'http://ns1.pacificonlinedirectory.com/index.php?option=com_content&view=article&id=3123:future-fund-reveals-$500m-in-extra-fees&catid=65:austraian-business-updates&Itemid=343','','','',1,0,'2014-10-21 16:28:19','0000-00-00 00:00:00'),(5151,'http://ns1.pacificonlinedirectory.com/index.php?option=com_content&view=article&id=11741:auckland-cup-week-top-model-looks-to-harness-new-racing-fans&catid=78:fashion-a-beauty&Itemid=319','','','',2,0,'2014-10-21 16:28:20','0000-00-00 00:00:00'),(5152,'http://ns1.pacificonlinedirectory.com/index.php?option=com_content&view=article&id=3082:gollings-to-team-up-with-serevi&catid=108:fiji-sports-news&Itemid=350','','','',1,0,'2014-10-21 16:28:20','0000-00-00 00:00:00'),(5153,'http://ns1.pacificonlinedirectory.com/index.php?option=com_content&view=article&id=1815:small-business-taking-on-a-student&catid=66:new-zealand-business-updates&Itemid=345','','','',1,0,'2014-10-21 16:28:21','0000-00-00 00:00:00'),(5154,'http://ns1.pacificonlinedirectory.com/index.php?option=com_content&view=category&layout=blog&id=65&Itemid=343&limitstart=645','','','',1,0,'2014-10-21 16:28:22','0000-00-00 00:00:00'),(5155,'http://ns1.pacificonlinedirectory.com/index.php?option=com_content&view=article&id=1955:relationships-and-retirement-planning&catid=112:personal-finance&Itemid=116','','','',1,0,'2014-10-21 16:28:23','0000-00-00 00:00:00'),(5156,'http://ns1.pacificonlinedirectory.com/index.php?option=com_content&view=article&id=11207:former-osteopath-to-stand-trial-next-year&catid=76:health&Itemid=353','','','',1,0,'2014-10-21 16:28:51','0000-00-00 00:00:00'),(5157,'http://ns2.pacificonlinedirectory.com/index.php?option=com_content&view=article&id=11256:luxury-on-aluminium-platform&catid=87:motoring&Itemid=362','','','',1,0,'2014-10-21 16:28:53','0000-00-00 00:00:00'),(5158,'http://ns2.pacificonlinedirectory.com/index.php?option=com_content&view=article&id=14491:man-70-charged-with-murder-in-east-auckland&catid=73:new-zealand-national-news&Itemid=347','','','',1,0,'2014-10-21 16:28:54','0000-00-00 00:00:00'),(5159,'http://ns2.pacificonlinedirectory.com/index.php?option=com_content&view=article&id=14620:cocoa-revival-on-track&catid=55:business-news-updates&Itemid=344','','','',1,0,'2014-10-21 16:28:55','0000-00-00 00:00:00'),(5160,'http://ns1.pacificonlinedirectory.com/index.php?option=com_content&view=article&id=14386:raj-hits-back-at-australia&catid=55:business-news-updates&Itemid=344','','','',1,0,'2014-10-21 16:28:55','0000-00-00 00:00:00'),(5161,'http://ns2.pacificonlinedirectory.com/index.php?option=com_content&view=article&id=11511:fabtech-educational-program&catid=115:quality-control&Itemid=27','','','',1,0,'2014-10-21 16:28:56','0000-00-00 00:00:00'),(5162,'http://ns2.pacificonlinedirectory.com/index.php?option=com_content&view=article&id=11085:israel-officials-say-eu-funding-spat-resolved&catid=66:new-zealand-business-updates&Itemid=345','','','',1,0,'2014-10-21 16:28:57','0000-00-00 00:00:00'),(5163,'http://ns1.pacificonlinedirectory.com/index.php?option=com_content&view=article&id=4049:new-club-champion-to-be-crowned&catid=108:fiji-sports-news&Itemid=350','','','',1,0,'2014-10-21 16:28:58','0000-00-00 00:00:00'),(5164,'http://ns1.pacificonlinedirectory.com/index.php?option=com_content&view=category&layout=blog&id=65&Itemid=343&limitstart=700','','','',1,0,'2014-10-21 16:28:59','0000-00-00 00:00:00'),(5165,'http://ns2.pacificonlinedirectory.com/index.php?option=com_content&view=article&id=11441:how-believing-in-your-products-impacts-sales-success-kendra-lee&catid=57:sales-a-prospecting&Itemid=279','','','',1,0,'2014-10-21 16:29:00','0000-00-00 00:00:00'),(5166,'http://ns1.pacificonlinedirectory.com/index.php?option=com_content&view=article&id=2940:soft-producer-prices-add-to-rate-cut-case&catid=65:austraian-business-updates&Itemid=343','','','',1,0,'2014-10-21 16:29:01','0000-00-00 00:00:00'),(5167,'http://ns2.pacificonlinedirectory.com/index.php?option=com_content&view=article&id=13429:la-subway-dig-finds-prehistoric-artifacts&catid=99:science&Itemid=334','','','',1,0,'2014-10-21 16:29:02','0000-00-00 00:00:00'),(5168,'http://ns1.pacificonlinedirectory.com/index.php?option=com_content&view=category&layout=blog&id=76&Itemid=353&limitstart=125','','','',1,0,'2014-10-21 16:29:59','0000-00-00 00:00:00'),(5169,'http://ns1.pacificonlinedirectory.com/index.php?option=com_content&view=category&layout=blog&id=76&Itemid=204&limitstart=70','','','',1,0,'2014-10-21 16:30:11','0000-00-00 00:00:00'),(5170,'http://ns2.pacificonlinedirectory.com/index.php?option=com_content&view=article&id=5817:kiwi-label-wins-wine-clash&catid=77:fooda-wine&Itemid=352','','','',1,0,'2014-10-21 16:30:19','0000-00-00 00:00:00'),(5171,'http://ns1.pacificonlinedirectory.com/index.php?option=com_content&view=article&id=14081:assessors-find-chaudhry-guilty&catid=55:business-news-updates&Itemid=344','','','',1,0,'2014-10-21 16:30:20','0000-00-00 00:00:00'),(5172,'http://ns1.pacificonlinedirectory.com/index.php?option=com_content&view=article&id=4560:ban-for-man-who-poisoned-quake-affected-dog&catid=89:animals&Itemid=357','','','',1,0,'2014-10-21 16:30:25','0000-00-00 00:00:00'),(5173,'http://ns1.pacificonlinedirectory.com/index.php?option=com_content&view=article&id=14266:bar-fly-new-delhi-india&catid=86:travel&Itemid=351','','','',1,0,'2014-10-21 16:30:45','0000-00-00 00:00:00'),(5174,'http://ns2.pacificonlinedirectory.com/index.php?option=com_content&view=article&id=11476:how-to-change-the-order-of-facebook-tabs&catid=61:social-media&Itemid=283','','','',1,0,'2014-10-21 16:31:20','0000-00-00 00:00:00'),(5175,'http://ns1.pacificonlinedirectory.com/index.php?option=com_content&view=article&id=11265:me-and-my-car-judith-collins&catid=87:motoring&Itemid=362','','','',1,0,'2014-10-21 16:31:21','0000-00-00 00:00:00'),(5176,'http://ns2.pacificonlinedirectory.com/index.php?option=com_content&view=article&id=11253:design-lessons-from-3-wise-men&catid=81:gardening&Itemid=360','','','',1,0,'2014-10-21 16:31:26','0000-00-00 00:00:00'),(5177,'http://ns1.pacificonlinedirectory.com/index.php?option=com_content&view=article&id=11737:mob-themed-eateries-anger-italy&catid=77:fooda-wine&Itemid=352','','','',2,0,'2014-10-21 16:31:27','0000-00-00 00:00:00'),(5178,'http://ns1.pacificonlinedirectory.com/index.php?option=com_content&view=article&id=3597:markets-live-flat-start-in-store-for-asx&catid=65:austraian-business-updates&Itemid=343','','','',1,0,'2014-10-21 16:31:28','0000-00-00 00:00:00'),(5179,'http://ns1.pacificonlinedirectory.com/index.php?option=com_content&view=article&id=4587:oh-rizwan-take-out-mixed-fours&catid=108:fiji-sports-news&Itemid=350','','','',1,0,'2014-10-21 16:31:29','0000-00-00 00:00:00'),(5180,'http://ns2.pacificonlinedirectory.com/index.php?option=com_content&view=article&id=11519:overall-analysis-of-code-share-agreements-in-global-markets&catid=116:general-legal-articles-global&Itemid=267','','','',1,0,'2014-10-21 16:31:30','0000-00-00 00:00:00'),(5181,'http://ns2.pacificonlinedirectory.com/index.php?option=com_content&view=article&id=12456:how-to-handle-a-windfall&catid=112:personal-finance&Itemid=116','','','',1,0,'2014-10-21 16:31:33','0000-00-00 00:00:00'),(5182,'http://ns2.pacificonlinedirectory.com/index.php?option=com_content&view=article&id=11258:band-of-brothers-blitz-the-field&catid=87:motoring&Itemid=362','','','',1,0,'2014-10-21 16:31:36','0000-00-00 00:00:00'),(5183,'http://ns2.pacificonlinedirectory.com/index.php?option=com_content&view=article&id=11509:fabtech-connect-to-share-knowledge-and-solutions&catid=115:quality-control&Itemid=27','','','',1,0,'2014-10-21 16:31:38','0000-00-00 00:00:00'),(5184,'http://ns1.pacificonlinedirectory.com/index.php?option=com_content&view=article&id=11744:here-is-the-hair-news&catid=78:fashion-a-beauty&Itemid=319','','','',2,0,'2014-10-21 16:31:51','0000-00-00 00:00:00'),(5185,'http://ns2.pacificonlinedirectory.com/index.php?option=com_content&view=article&id=1257:empower-employees-through-delegation&catid=113:management&Itemid=115','','','',1,0,'2014-10-21 16:32:33','0000-00-00 00:00:00'),(5186,'http://ns1.pacificonlinedirectory.com/index.php?option=com_content&view=article&id=14264:kia-ora-papamoa&catid=86:travel&Itemid=351','','','',1,0,'2014-10-21 16:33:28','0000-00-00 00:00:00'),(5187,'http://ns1.pacificonlinedirectory.com/index.php?option=com_content&view=article&id=104:exhausted-colts-have-blueprint-for-playoffs&catid=53:slides','','','',1,0,'2014-10-21 16:34:08','0000-00-00 00:00:00'),(5188,'http://ns2.pacificonlinedirectory.com/index.php?option=com_content&view=article&id=11083:risk-to-house-prices-tipped&catid=66:new-zealand-business-updates&Itemid=345','','','',1,0,'2014-10-21 16:34:29','0000-00-00 00:00:00'),(5189,'http://ns1.pacificonlinedirectory.com/index.php?option=com_content&view=article&id=12663:man-burned-dog-s-eye-out-of-genuine-fear&catid=89:animals&Itemid=357','','','',2,0,'2014-10-21 16:34:30','0000-00-00 00:00:00'),(5190,'http://ns2.pacificonlinedirectory.com/index.php?option=com_content&view=article&id=14896:gene-therapy-may-boost-cochlear-implants-study&catid=76:health&Itemid=353','','','',2,0,'2014-10-21 16:34:31','0000-00-00 00:00:00'),(5191,'http://ns1.pacificonlinedirectory.com/index.php?option=com_content&view=article&id=14453:jane-austen-descendant-caroline-knight-comes-to-grips-with-her-history&catid=72:australian-national-news&Itemid=346','','','',2,0,'2014-10-21 16:34:34','0000-00-00 00:00:00'),(5192,'http://ns1.pacificonlinedirectory.com/index.php?option=com_content&view=article&id=2801:basketball-jackson-in-action-at-both-ends&catid=110:new-zealand-sports-news&Itemid=349','','','',1,0,'2014-10-21 16:34:39','0000-00-00 00:00:00'),(5193,'http://ns2.pacificonlinedirectory.com/index.php?option=com_content&view=article&id=14247:gift-for-george-delights-author&catid=82:books&Itemid=358','','','',1,0,'2014-10-21 16:34:39','0000-00-00 00:00:00'),(5194,'http://ns2.pacificonlinedirectory.com/index.php?option=com_content&view=article&id=14416:former-avon-chief-to-run-grameen-america&catid=66:new-zealand-business-updates&Itemid=345','','','',4,0,'2014-10-21 16:34:40','0000-00-00 00:00:00'),(5195,'http://ns2.pacificonlinedirectory.com/index.php?option=com_content&view=article&id=14479:cia-interrogation-tactics-controversial-report-to-be-declassified&catid=71:world-news-&Itemid=342','','','',1,0,'2014-10-21 16:34:41','0000-00-00 00:00:00'),(5196,'http://ns1.pacificonlinedirectory.com/index.php?option=com_content&view=article&id=2933:nib-faces-towering-task-in-new-zealand&catid=65:austraian-business-updates&Itemid=343','','','',1,0,'2014-10-21 16:34:42','0000-00-00 00:00:00'),(5197,'http://ns2.pacificonlinedirectory.com/index.php?option=com_content&view=article&id=14897:male-y-chromosome-not-as-rare-as-first-thought&catid=76:health&Itemid=353','','','',3,0,'2014-10-21 16:34:43','0000-00-00 00:00:00'),(5198,'http://ns1.pacificonlinedirectory.com/index.php?option=com_content&view=article&id=2081:penrice-soda-first-company-to-strike-out&catid=65:austraian-business-updates&Itemid=343','','','',1,0,'2014-10-21 16:34:44','0000-00-00 00:00:00'),(5199,'http://ns2.pacificonlinedirectory.com/index.php?option=com_content&view=article&id=11442:adjust-your-treadmill-once-in-a-while-all-improve-your-sales-monika-dagostino&catid=57:sales-a-prospecting&Itemid=279','','','',1,0,'2014-10-21 16:34:45','0000-00-00 00:00:00'),(5200,'http://ns2.pacificonlinedirectory.com/index.php?option=com_content&view=article&id=3367:chris-brown-remains-on-probation&catid=107:gossip&Itemid=373','','','',1,0,'2014-10-21 16:34:46','0000-00-00 00:00:00'),(5201,'http://ns1.pacificonlinedirectory.com/index.php?option=com_content&view=article&id=10314:melbourne-sublime-in-the-suburbs&catid=86:travel&Itemid=351','','','',1,0,'2014-10-21 16:34:47','0000-00-00 00:00:00'),(5202,'http://ns1.pacificonlinedirectory.com/index.php?option=com_content&view=article&id=14089:horror-crash&catid=55:business-news-updates&Itemid=344','','','',1,0,'2014-10-21 16:34:47','0000-00-00 00:00:00'),(5203,'http://ns1.pacificonlinedirectory.com/index.php?option=com_content&view=article&id=4047:test-for-warriors&catid=108:fiji-sports-news&Itemid=350','','','',1,0,'2014-10-21 16:34:48','0000-00-00 00:00:00'),(5204,'http://ns2.pacificonlinedirectory.com/index.php?option=com_content&view=article&id=14598:village-plans-to-send-drop-outs-to-school&catid=55:business-news-updates&Itemid=344','','','',1,0,'2014-10-21 16:34:49','0000-00-00 00:00:00'),(5205,'http://ns1.pacificonlinedirectory.com/index.php?option=com_content&view=category&layout=blog&id=65&Itemid=343&limitstart=680','','','',1,0,'2014-10-21 16:34:50','0000-00-00 00:00:00'),(5206,'http://ns1.pacificonlinedirectory.com/index.php?option=com_content&view=article&id=3858:rumours-fly-of-fifth-pillar-in-bank-sector&catid=65:austraian-business-updates&Itemid=343','','','',1,0,'2014-10-21 16:34:51','0000-00-00 00:00:00'),(5207,'http://ns2.pacificonlinedirectory.com/index.php?option=com_content&view=category&layout=blog&id=82&Itemid=358&limitstart=145','','','',1,0,'2014-10-21 16:34:52','0000-00-00 00:00:00'),(5208,'http://ns1.pacificonlinedirectory.com/index.php?option=com_content&view=category&layout=blog&id=65&Itemid=343&limitstart=755','','','',1,0,'2014-10-21 16:34:53','0000-00-00 00:00:00'),(5209,'http://ns2.pacificonlinedirectory.com/index.php?option=com_flashmagazinedeluxe&archive=2012-10&Itemid=27','','','',1,0,'2014-10-21 16:34:54','0000-00-00 00:00:00'),(5210,'http://ns2.pacificonlinedirectory.com/index.php?option=com_content&view=category&layout=blog&id=77&Itemid=352&limitstart=25','','','',1,0,'2014-10-21 16:34:58','0000-00-00 00:00:00'),(5211,'http://ns1.pacificonlinedirectory.com/index.php?option=com_content&view=article&id=10107:mangrove-demise-increases&catid=55:business-news-updates&Itemid=344','','','',1,0,'2014-10-21 16:35:02','0000-00-00 00:00:00'),(5212,'http://ns1.pacificonlinedirectory.com/index.php?option=com_content&view=article&id=1249:the-psychology-of-poverty&catid=112:personal-finance&Itemid=116','','','',1,0,'2014-10-21 16:35:44','0000-00-00 00:00:00'),(5213,'http://ns2.pacificonlinedirectory.com/index.php?option=com_content&view=article&id=14282:movie-review-tracks&catid=104:movies&Itemid=371','','','',1,0,'2014-10-21 16:36:04','0000-00-00 00:00:00'),(5214,'http://ns2.pacificonlinedirectory.com/index.php?option=com_flashmagazinedeluxe&archive=2012-11&Itemid=300','','','',1,0,'2014-10-21 16:36:27','0000-00-00 00:00:00'),(5215,'http://ns1.pacificonlinedirectory.com/index.php?option=com_content&view=category&layout=blog&id=76&Itemid=353&limitstart=70','','','',1,0,'2014-10-21 16:37:38','0000-00-00 00:00:00'),(5216,'http://ns1.pacificonlinedirectory.com/index.php?option=com_content&view=category&layout=blog&id=82&Itemid=322&limitstart=140','','','',1,0,'2014-10-21 16:38:25','0000-00-00 00:00:00'),(5217,'http://ns2.pacificonlinedirectory.com/index.php?option=com_content&view=category&layout=blog&id=59&Itemid=281&limitstart=65','','','',1,0,'2014-10-21 16:38:57','0000-00-00 00:00:00'),(5218,'http://ns1.pacificonlinedirectory.com/index.php?option=com_content&view=article&id=12666:otter-kills-and-eats-alligator&catid=89:animals&Itemid=357','','','',1,0,'2014-10-21 16:39:21','0000-00-00 00:00:00'),(5219,'http://ns2.pacificonlinedirectory.com/index.php?option=com_content&view=article&id=13956:seven-week-ban-for-mclean&catid=109:australian-sports-news&Itemid=348','','','',2,0,'2014-10-21 16:39:22','0000-00-00 00:00:00'),(5220,'http://ns1.pacificonlinedirectory.com/index.php?option=com_content&view=article&id=2525:gun-toting-drunken-fool-escapes-jail&catid=73:new-zealand-national-news&Itemid=347','','','',1,0,'2014-10-21 16:39:23','0000-00-00 00:00:00'),(5221,'http://ns1.pacificonlinedirectory.com/index.php?option=com_content&view=article&id=14451:genetic-testing-to-predict-menopause&catid=72:australian-national-news&Itemid=346','','','',1,0,'2014-10-21 16:39:24','0000-00-00 00:00:00'),(5222,'http://ns2.pacificonlinedirectory.com/index.php?option=com_content&view=article&id=14413:still-in-the-dark&catid=55:business-news-updates&Itemid=344','','','',1,0,'2014-10-21 16:39:25','0000-00-00 00:00:00'),(5223,'http://ns1.pacificonlinedirectory.com/index.php?option=com_content&view=article&id=10202:comedy-festival-2013-chris-martin-(uk)-tom-rhodes-(us)&catid=74:entertainment&Itemid=372','','','',1,0,'2014-10-21 16:39:26','0000-00-00 00:00:00'),(5224,'http://ns2.pacificonlinedirectory.com/index.php?option=com_content&view=category&layout=blog&id=85&Itemid=320&limitstart=20','','','',1,0,'2014-10-21 16:39:26','0000-00-00 00:00:00'),(5225,'http://ns1.pacificonlinedirectory.com/index.php?option=com_content&view=category&layout=blog&id=55&Itemid=344&limitstart=1220','','','',1,0,'2014-10-21 16:39:27','0000-00-00 00:00:00'),(5226,'http://ns2.pacificonlinedirectory.com/index.php?option=com_flashmagazinedeluxe&archive=2013-11&Itemid=401','','','',1,0,'2014-10-21 16:39:28','0000-00-00 00:00:00'),(5227,'http://ns1.pacificonlinedirectory.com/index.php?option=com_content&view=article&id=14362:turkish-banking-sector-is-still-resilient&catid=116:general-legal-articles-global&Itemid=267','','','',1,0,'2014-10-21 16:39:33','0000-00-00 00:00:00'),(5228,'http://ns1.pacificonlinedirectory.com/index.php?option=com_content&view=category&layout=blog&id=86&Itemid=351&limitstart=240','','','',1,0,'2014-10-21 16:39:35','0000-00-00 00:00:00'),(5229,'http://ns2.pacificonlinedirectory.com/index.php?option=com_content&view=article&id=11478:calls-to-action-for-more-leads&catid=61:social-media&Itemid=283','','','',1,0,'2014-10-21 16:39:37','0000-00-00 00:00:00'),(5230,'http://ns2.pacificonlinedirectory.com/index.php?option=com_content&view=article&id=14489:police-continue-hunt-for-alleged-rapist&catid=73:new-zealand-national-news&Itemid=347','','','',1,0,'2014-10-21 16:39:38','0000-00-00 00:00:00'),(5231,'http://ns1.pacificonlinedirectory.com/index.php?option=com_content&view=category&layout=blog&id=73&Itemid=347&limitstart=810','','','',1,0,'2014-10-21 16:39:39','0000-00-00 00:00:00'),(5232,'http://ns1.pacificonlinedirectory.com/index.php?option=com_content&view=article&id=2391:bhp-aims-to-dump-trucks&catid=65:austraian-business-updates&Itemid=343','','','',1,0,'2014-10-21 16:39:40','0000-00-00 00:00:00'),(5233,'http://ns2.pacificonlinedirectory.com/index.php?option=com_flashmagazinedeluxe&archive=2013-11&Itemid=406','','','',2,0,'2014-10-21 16:39:42','0000-00-00 00:00:00'),(5234,'http://ns1.pacificonlinedirectory.com/index.php?option=com_content&view=article&id=1420:packer-puts-bundle-on-chinese-tourism&catid=65:austraian-business-updates&Itemid=343','','','',1,0,'2014-10-21 16:39:42','0000-00-00 00:00:00'),(5235,'http://ns1.pacificonlinedirectory.com/index.php?option=com_content&view=category&layout=blog&id=86&Itemid=351&limitstart=160','','','',1,0,'2014-10-21 16:39:43','0000-00-00 00:00:00'),(5236,'http://ns2.pacificonlinedirectory.com/index.php?option=com_content&view=article&id=13433:cancer-patient-to-regrow-lost-breast&catid=99:science&Itemid=334','','','',1,0,'2014-10-21 16:39:44','0000-00-00 00:00:00'),(5237,'http://ns1.pacificonlinedirectory.com/index.php?option=com_content&view=article&id=3859:home-values-flat-despite-clearance-rise&catid=65:austraian-business-updates&Itemid=343','','','',1,0,'2014-10-21 16:39:45','0000-00-00 00:00:00'),(5238,'http://ns2.pacificonlinedirectory.com/index.php?option=com_content&view=article&id=3847:ssa-enacts-$1-billion-cost-cutting-measure&catid=116:general-legal-articles-global&Itemid=267','','','',1,0,'2014-10-21 16:39:48','0000-00-00 00:00:00'),(5239,'http://ns1.pacificonlinedirectory.com/index.php?option=com_content&view=article&id=10199:coronation-street-star-william-roache-arrested&catid=74:entertainment&Itemid=372','','','',1,0,'2014-10-21 16:40:21','0000-00-00 00:00:00'),(5240,'http://ns2.pacificonlinedirectory.com/index.php?option=com_content&view=article&id=4007:additives-safe-say-food-makers&catid=76:health&Itemid=353','','','',1,0,'2014-10-21 16:40:41','0000-00-00 00:00:00'),(5241,'http://ns2.pacificonlinedirectory.com/index.php?option=com_content&view=article&id=11090:smartphones-sales-to-top-one-billion-this-year&catid=66:new-zealand-business-updates&Itemid=345','','','',1,0,'2014-10-21 16:41:24','0000-00-00 00:00:00'),(5242,'http://ns2.pacificonlinedirectory.com/index.php?option=com_content&view=article&id=11395:nigeria-fa-disciplinary-head-banned-for-10-years&catid=110:new-zealand-sports-news&Itemid=349','','','',1,0,'2014-10-21 16:41:53','0000-00-00 00:00:00'),(5243,'http://ns1.pacificonlinedirectory.com/index.php?option=com_content&view=article&id=3412:melbourne-cup-baker-can-deal-with-failure&catid=110:new-zealand-sports-news&Itemid=349','','','',1,0,'2014-10-21 16:42:03','0000-00-00 00:00:00'),(5244,'http://ns2.pacificonlinedirectory.com/index.php?option=com_content&view=article&id=4074:right-decision-to-keep-oliver-on-cup-favourite&catid=109:australian-sports-news&Itemid=348','','','',1,0,'2014-10-21 16:42:23','0000-00-00 00:00:00'),(5245,'http://ns2.pacificonlinedirectory.com/index.php?option=com_content&view=article&id=13915:mila-kunis-ashton-kutcher-expecting-first-baby-together&catid=107:gossip&Itemid=373','','','',2,0,'2014-10-21 16:42:59','0000-00-00 00:00:00'),(5246,'http://ns1.pacificonlinedirectory.com/index.php?option=com_content&view=article&id=686:anz-s-record-profit-fails-to-impress&catid=65:austraian-business-updates&Itemid=343','','','',1,0,'2014-10-21 16:43:13','0000-00-00 00:00:00'),(5247,'http://ns2.pacificonlinedirectory.com/index.php?option=com_content&view=category&layout=blog&id=104&Itemid=276&limitstart=250','','','',1,0,'2014-10-21 16:43:14','0000-00-00 00:00:00'),(5248,'http://ns1.pacificonlinedirectory.com/index.php?option=com_content&view=article&id=964:waiheke-a-walk-on-the-wild-side&catid=86:travel&Itemid=351','','','',1,0,'2014-10-21 16:43:22','0000-00-00 00:00:00'),(5249,'http://ns2.pacificonlinedirectory.com/index.php?option=com_content&view=article&id=950:putin-opposes-headscarves-at-russian-schools&catid=83:religion-a-beliefs&Itemid=364','','','',1,0,'2014-10-21 16:43:25','0000-00-00 00:00:00'),(5250,'http://ns1.pacificonlinedirectory.com/index.php?option=com_content&view=article&id=6162:three-share-lpga-lead&catid=108:fiji-sports-news&Itemid=350','','','',1,0,'2014-10-21 16:43:27','0000-00-00 00:00:00'),(5251,'http://ns1.pacificonlinedirectory.com/index.php?option=com_content&view=article&id=1417:insurance-losses-to-grow-as-globe-warms&catid=65:austraian-business-updates&Itemid=343','','','',1,0,'2014-10-21 16:43:38','0000-00-00 00:00:00'),(5252,'http://ns1.pacificonlinedirectory.com/index.php?option=com_content&view=category&layout=blog&id=65&Itemid=343&limitstart=580','','','',1,0,'2014-10-21 16:43:58','0000-00-00 00:00:00'),(5253,'http://ns1.pacificonlinedirectory.com/index.php?option=com_content&view=article&id=11204:p-use-in-nz-slashed-but-battle-far-from-over&catid=76:health&Itemid=353','','','',1,0,'2014-10-21 16:43:59','0000-00-00 00:00:00'),(5254,'http://ns2.pacificonlinedirectory.com/index.php?option=com_content&view=article&id=13876:capricorn-weekly-businessscopes-for-march-31-2014&catid=92:horoscope&Itemid=331','','','',2,0,'2014-10-21 16:44:00','0000-00-00 00:00:00'),(5255,'http://ns2.pacificonlinedirectory.com/index.php?option=com_content&view=article&id=13817:murph-takes-expertise-to-the-screen&catid=87:motoring&Itemid=362','','','',1,0,'2014-10-21 16:44:01','0000-00-00 00:00:00'),(5256,'http://ns1.pacificonlinedirectory.com/index.php?option=com_content&view=category&layout=blog&id=65&Itemid=343&limitstart=665','','','',1,0,'2014-10-21 16:44:02','0000-00-00 00:00:00'),(5257,'http://ns1.pacificonlinedirectory.com/index.php?option=com_content&view=article&id=3124:lion-leads-the-way-with-xxxx-gold&catid=65:austraian-business-updates&Itemid=343','','','',1,0,'2014-10-21 16:44:03','0000-00-00 00:00:00'),(5258,'http://ns2.pacificonlinedirectory.com/index.php?option=com_content&view=article&id=14895:govt-refuses-to-set-minimum-price-on-alcohol&catid=76:health&Itemid=353','','','',1,0,'2014-10-21 16:44:03','0000-00-00 00:00:00'),(5259,'http://ns1.pacificonlinedirectory.com/index.php?option=com_content&view=article&id=11852:2013-awards-of-excellence-in-metalforming&catid=115:quality-control&Itemid=27','','','',1,0,'2014-10-21 16:44:04','0000-00-00 00:00:00'),(5260,'http://ns2.pacificonlinedirectory.com/index.php?option=com_content&view=article&id=13594:mh370-in-malacca-strait-says-crowd&catid=68:technology-news&Itemid=390','','','',1,0,'2014-10-21 16:44:05','0000-00-00 00:00:00');



--
-- Table structure for table `jos_schemas`
--

CREATE TABLE `jos_schemas` (
  `extension_id` int(11) NOT NULL,
  `version_id` varchar(20) NOT NULL,
  PRIMARY KEY (`extension_id`,`version_id`)
) ENGINE=InnoDB DEFAULT CHARSET=utf8;

--
-- Dumping data for table `jos_schemas`
--

INSERT INTO `jos_schemas` VALUES (700,'3.3.0-2014-04-02'),(10025,'3.6.4'),(10053,'2.0.4');

--
-- Table structure for table `jos_sitemap_sitemaps`
--

CREATE TABLE `jos_sitemap_sitemaps` (
  `id` int(11) unsigned NOT NULL AUTO_INCREMENT,
  `title` varchar(255) NOT NULL,
  `alias` varchar(255) NOT NULL,
  `published` int(3) NOT NULL DEFAULT '0',
  `priority` decimal(2,1) NOT NULL DEFAULT '0.5',
  `update_freq` varchar(255) NOT NULL DEFAULT 'weekly',
  PRIMARY KEY (`id`)
) ENGINE=MyISAM AUTO_INCREMENT=2 DEFAULT CHARSET=utf8;

--
-- Dumping data for table `jos_sitemap_sitemaps`
--

INSERT INTO `jos_sitemap_sitemaps` VALUES (1,'New sitmap','',1,0.5,'weekly');

--
-- Table structure for table `jos_tags`
--

CREATE TABLE `jos_tags` (
  `id` int(10) unsigned NOT NULL AUTO_INCREMENT,
  `parent_id` int(10) unsigned NOT NULL DEFAULT '0',
  `lft` int(11) NOT NULL DEFAULT '0',
  `rgt` int(11) NOT NULL DEFAULT '0',
  `level` int(10) unsigned NOT NULL DEFAULT '0',
  `path` varchar(255) NOT NULL DEFAULT '',
  `title` varchar(255) NOT NULL,
  `alias` varchar(255) CHARACTER SET utf8 COLLATE utf8_bin NOT NULL DEFAULT '',
  `note` varchar(255) NOT NULL DEFAULT '',
  `description` mediumtext NOT NULL,
  `published` tinyint(1) NOT NULL DEFAULT '0',
  `checked_out` int(11) unsigned NOT NULL DEFAULT '0',
  `checked_out_time` datetime NOT NULL DEFAULT '0000-00-00 00:00:00',
  `access` int(10) unsigned NOT NULL DEFAULT '0',
  `params` text NOT NULL,
  `metadesc` varchar(1024) NOT NULL COMMENT 'The meta description for the page.',
  `metakey` varchar(1024) NOT NULL COMMENT 'The meta keywords for the page.',
  `metadata` varchar(2048) NOT NULL COMMENT 'JSON encoded metadata properties.',
  `created_user_id` int(10) unsigned NOT NULL DEFAULT '0',
  `created_time` datetime NOT NULL DEFAULT '0000-00-00 00:00:00',
  `created_by_alias` varchar(255) NOT NULL DEFAULT '',
  `modified_user_id` int(10) unsigned NOT NULL DEFAULT '0',
  `modified_time` datetime NOT NULL DEFAULT '0000-00-00 00:00:00',
  `images` text NOT NULL,
  `urls` text NOT NULL,
  `hits` int(10) unsigned NOT NULL DEFAULT '0',
  `language` char(7) NOT NULL,
  `version` int(10) unsigned NOT NULL DEFAULT '1',
  `publish_up` datetime NOT NULL DEFAULT '0000-00-00 00:00:00',
  `publish_down` datetime NOT NULL DEFAULT '0000-00-00 00:00:00',
  PRIMARY KEY (`id`),
  KEY `tag_idx` (`published`,`access`),
  KEY `idx_access` (`access`),
  KEY `idx_checkout` (`checked_out`),
  KEY `idx_path` (`path`),
  KEY `idx_left_right` (`lft`,`rgt`),
  KEY `idx_alias` (`alias`),
  KEY `idx_language` (`language`)
) ENGINE=InnoDB AUTO_INCREMENT=5 DEFAULT CHARSET=utf8;

--
-- Dumping data for table `jos_tags`
--

INSERT INTO `jos_tags` VALUES (1,0,0,7,0,'','ROOT','root','','',1,0,'0000-00-00 00:00:00',1,'{}','','','',0,'2011-01-01 00:00:01','',0,'0000-00-00 00:00:00','','',0,'*',1,'0000-00-00 00:00:00','0000-00-00 00:00:00'),(2,1,1,2,1,'south-pacific-islands-directory','South Pacific Islands directory,','south-pacific-islands-directory','','',1,0,'0000-00-00 00:00:00',1,'','','','',430,'2015-02-25 04:04:12','',0,'0000-00-00 00:00:00','','',273,'*',1,'0000-00-00 00:00:00','0000-00-00 00:00:00'),(3,1,3,4,1,'pacific-business-search',' Pacific Business Search,','pacific-business-search','','',1,0,'0000-00-00 00:00:00',1,'','','','',430,'2015-02-25 04:04:12','',0,'0000-00-00 00:00:00','','',268,'*',1,'0000-00-00 00:00:00','0000-00-00 00:00:00'),(4,1,5,6,1,'businesses-in-the-south-pacific-islands-countries',' businesses in the south pacific islands countries','businesses-in-the-south-pacific-islands-countries','','',1,0,'0000-00-00 00:00:00',1,'','','','',430,'2015-02-25 04:04:12','',0,'0000-00-00 00:00:00','','',266,'*',1,'0000-00-00 00:00:00','0000-00-00 00:00:00');

--
-- Table structure for table `jos_template_styles`
--

CREATE TABLE `jos_template_styles` (
  `id` int(10) unsigned NOT NULL AUTO_INCREMENT,
  `template` varchar(50) NOT NULL DEFAULT '',
  `client_id` tinyint(1) unsigned NOT NULL DEFAULT '0',
  `home` char(7) NOT NULL DEFAULT '0',
  `title` varchar(255) NOT NULL DEFAULT '',
  `params` text NOT NULL,
  PRIMARY KEY (`id`),
  KEY `idx_template` (`template`),
  KEY `idx_home` (`home`)
) ENGINE=InnoDB AUTO_INCREMENT=16 DEFAULT CHARSET=utf8;

--
-- Dumping data for table `jos_template_styles`
--

INSERT INTO `jos_template_styles` VALUES (5,'hathor',1,'0','Hathor - Default','{\"showSiteName\":\"0\",\"colourChoice\":\"\",\"boldText\":\"0\"}'),(9,'protostar',0,'0','protostar - Default','{\"templateColor\":\"\",\"logoFile\":\"\",\"googleFont\":\"1\",\"googleFontName\":\"Open+Sans\",\"fluidContainer\":\"0\"}'),(10,'isis',1,'1','isis - Default','{\"templateColor\":\"\",\"logoFile\":\"\"}'),(11,'beez3',0,'0','beez3 - Default','{\"wrapperSmall\":53,\"wrapperLarge\":72,\"logo\":\"\",\"sitetitle\":\"\",\"sitedescription\":\"\",\"navposition\":\"center\",\"bootstrap\":\"\",\"templatecolor\":\"nature\",\"headerImage\":\"\",\"backgroundcolor\":\"#eee\"}'),(15,'j-quark',0,'1','J-Quark - Default','{\"layout_width\":\"1150\",\"layout_type\":\"responsive\",\"logo_type\":\"image\",\"logo_position\":\"logo\",\"logo_type_image\":\"images\\/logo.png\",\"logo_type_text\":\"Helix\",\"logo_type_slogan\":\"Joomla! Templates Framework\",\"logo_width\":\"337\",\"logo_height\":\"67\",\"footer_position\":\"footer1\",\"showcp\":\"1\",\"copyright\":\"Copyright \\u00a9 {year}  - E-Business . All Rights Reserved. \",\"show_helix_logo\":\"0\",\"jcredit\":\"0\",\"credit_link\":\"0\",\"validator\":\"0\",\"showtop\":\"1\",\"totop_position\":\"footer2\",\"preset\":\"preset1\",\"preset1_header\":\"#f8f8f8\",\"preset1_bg\":\"#f2f2f2\",\"preset1_text\":\"#666666\",\"preset1_link\":\"#0c9fd6\",\"preset2_header\":\"#eeeeee\",\"preset2_bg\":\"#f5f5f5\",\"preset2_text\":\"#444444\",\"preset2_link\":\"#6d7f1b\",\"preset3_header\":\"#e5ddd5\",\"preset3_bg\":\"#f2f2f2\",\"preset3_text\":\"#333333\",\"preset3_link\":\"#aa824a\",\"layout\":[{\"name\":\"Header\",\"class\":\"container\",\"responsive\":\"\",\"backgroundcolor\":\"rgba(255, 255, 255, 0)\",\"textcolor\":\"rgba(255, 255, 255, 0)\",\"linkcolor\":\"rgba(255, 255, 255, 0)\",\"linkhovercolor\":\"rgba(255, 255, 255, 0)\",\"margin\":\"\",\"padding\":\"\",\"children\":[{\"span\":\"4\",\"offset\":\"\",\"type\":\"modules\",\"position\":\"logo\",\"style\":\"\",\"customclass\":\"\",\"responsiveclass\":\"\"},{\"span\":\"4\",\"offset\":\"\",\"type\":\"modules\",\"position\":\"menu\",\"style\":\"none\",\"customclass\":\"\",\"responsiveclass\":\"\"},{\"span\":\"4\",\"offset\":\"\",\"type\":\"modules\",\"position\":\"search\",\"style\":\"none\",\"customclass\":\"\",\"responsiveclass\":\"visible-desktop\"}]},{\"name\":\"Slider\",\"class\":\"container\",\"responsive\":\"\",\"backgroundcolor\":\"rgb(0, 189, 255)\",\"textcolor\":\"rgba(255, 255, 255, 0)\",\"linkcolor\":\"rgba(255, 255, 255, 0)\",\"linkhovercolor\":\"rgba(255, 255, 255, 0)\",\"margin\":\"\",\"padding\":\"\",\"children\":[{\"span\":\"12\",\"offset\":\"\",\"type\":\"modules\",\"position\":\"feature\",\"style\":\"none\",\"customclass\":\"\",\"responsiveclass\":\"\"}]},{\"name\":\"Search\",\"class\":\"container\",\"responsive\":\"\",\"backgroundcolor\":\"rgb(0, 189, 255)\",\"textcolor\":\"rgba(255, 255, 255, 0)\",\"linkcolor\":\"rgba(255, 255, 255, 0)\",\"linkhovercolor\":\"rgba(255, 255, 255, 0)\",\"margin\":\"\",\"padding\":\"\",\"children\":[{\"span\":\"12\",\"offset\":\"\",\"type\":\"modules\",\"position\":\"dir-search\",\"style\":\"sp-xhtml\",\"customclass\":\"container\",\"responsiveclass\":\"\"}]},{\"name\":\"Main Body\",\"class\":\"container\",\"responsive\":\"\",\"backgroundcolor\":\"rgba(255, 255, 255, 0)\",\"textcolor\":\"rgba(255, 255, 255, 0)\",\"linkcolor\":\"rgba(255, 255, 255, 0)\",\"linkhovercolor\":\"rgba(255, 255, 255, 0)\",\"margin\":\"\",\"padding\":\"\",\"children\":[{\"span\":\"3\",\"offset\":\"\",\"type\":\"modules\",\"position\":\"left\",\"style\":\"xhtml\",\"customclass\":\"white\",\"responsiveclass\":\"\"},{\"span\":\"6\",\"offset\":\"\",\"type\":\"message\",\"position\":\"\",\"style\":\"xhtml\",\"customclass\":\"\",\"responsiveclass\":\"\",\"children\":[{\"name\":\"Component Area\",\"class\":\"\",\"responsive\":\"\",\"backgroundcolor\":\"rgba(255, 255, 255, 0)\",\"textcolor\":\"rgba(255, 255, 255, 0)\",\"linkcolor\":\"rgba(255, 255, 255, 0)\",\"linkhovercolor\":\"rgba(255, 255, 255, 0)\",\"margin\":\"\",\"padding\":\"\",\"children\":[{\"span\":\"12\",\"offset\":\"\",\"type\":\"component\",\"position\":\"\",\"style\":\"xhtml\",\"customclass\":\"\",\"responsiveclass\":\"\"}]}]},{\"span\":\"3\",\"offset\":\"\",\"type\":\"modules\",\"position\":\"right\",\"style\":\"sp_xhtml\",\"customclass\":\"\",\"responsiveclass\":\"\"}]},{\"name\":\"Service\",\"class\":\"container\",\"responsive\":\"\",\"backgroundcolor\":\"rgba(255, 255, 255, 0)\",\"textcolor\":\"rgba(255, 255, 255, 0)\",\"linkcolor\":\"rgba(255, 255, 255, 0)\",\"linkhovercolor\":\"rgba(255, 255, 255, 0)\",\"margin\":\"\",\"padding\":\"\",\"children\":[{\"span\":\"12\",\"offset\":\"\",\"type\":\"modules\",\"position\":\"features\",\"style\":\"sp_xhtml\",\"customclass\":\"\",\"responsiveclass\":\"\"}]},{\"name\":\"Businesses\",\"class\":\"container\",\"responsive\":\"\",\"backgroundcolor\":\"rgba(255, 255, 255, 0)\",\"textcolor\":\"rgba(255, 255, 255, 0)\",\"linkcolor\":\"rgba(255, 255, 255, 0)\",\"linkhovercolor\":\"rgba(255, 255, 255, 0)\",\"margin\":\"\",\"padding\":\"\",\"children\":[{\"span\":\"12\",\"offset\":\"\",\"type\":\"modules\",\"position\":\"directory4\",\"style\":\"sp_xhtml\",\"customclass\":\"\",\"responsiveclass\":\"\"}]},{\"name\":\"Users\",\"class\":\"container\",\"responsive\":\"\",\"backgroundcolor\":\"rgba(255, 255, 255, 0)\",\"textcolor\":\"rgba(255, 255, 255, 0)\",\"linkcolor\":\"rgba(255, 255, 255, 0)\",\"linkhovercolor\":\"rgba(255, 255, 255, 0)\",\"margin\":\"\",\"padding\":\"\",\"children\":[{\"span\":\"4\",\"offset\":\"\",\"type\":\"modules\",\"position\":\"user1\",\"style\":\"sp_xhtml\",\"customclass\":\"\",\"responsiveclass\":\"\"},{\"span\":\"4\",\"offset\":\"\",\"type\":\"modules\",\"position\":\"user2\",\"style\":\"sp_xhtml\",\"customclass\":\"\",\"responsiveclass\":\"\"},{\"span\":\"4\",\"offset\":\"\",\"type\":\"modules\",\"position\":\"user3\",\"style\":\"sp_xhtml\",\"customclass\":\"\",\"responsiveclass\":\"\"}]},{\"name\":\"Breadcrumb\",\"class\":\"container\",\"responsive\":\"\",\"backgroundcolor\":\"rgba(255, 255, 255, 0)\",\"textcolor\":\"rgba(255, 255, 255, 0)\",\"linkcolor\":\"rgba(255, 255, 255, 0)\",\"linkhovercolor\":\"rgba(255, 255, 255, 0)\",\"margin\":\"\",\"padding\":\"\",\"children\":[{\"span\":\"12\",\"offset\":\"\",\"type\":\"modules\",\"position\":\"breadcrumb\",\"style\":\"none\",\"customclass\":\"\",\"responsiveclass\":\"\"}]},{\"name\":\"Bottom\",\"class\":\"container\",\"responsive\":\"\",\"backgroundcolor\":\"rgba(255, 255, 255, 0)\",\"textcolor\":\"rgba(255, 255, 255, 0)\",\"linkcolor\":\"rgba(255, 255, 255, 0)\",\"linkhovercolor\":\"rgba(255, 255, 255, 0)\",\"margin\":\"\",\"padding\":\"\",\"children\":[{\"span\":\"3\",\"offset\":\"\",\"type\":\"modules\",\"position\":\"bottom1\",\"style\":\"sp_flat\",\"customclass\":\"\",\"responsiveclass\":\"\"},{\"span\":\"3\",\"offset\":\"\",\"type\":\"modules\",\"position\":\"bottom2\",\"style\":\"sp_flat\",\"customclass\":\"\",\"responsiveclass\":\"\"},{\"span\":\"3\",\"offset\":\"\",\"type\":\"modules\",\"position\":\"bottom3\",\"style\":\"sp_flat\",\"customclass\":\"\",\"responsiveclass\":\"\"},{\"span\":\"3\",\"offset\":\"\",\"type\":\"modules\",\"position\":\"bottom4\",\"style\":\"sp_flat\",\"customclass\":\"\",\"responsiveclass\":\"\"}]},{\"name\":\"Footer\",\"class\":\"container\",\"responsive\":\"\",\"backgroundcolor\":\"rgba(255, 255, 255, 0)\",\"textcolor\":\"rgba(255, 255, 255, 0)\",\"linkcolor\":\"rgba(255, 255, 255, 0)\",\"linkhovercolor\":\"rgba(255, 255, 255, 0)\",\"margin\":\"\",\"padding\":\"30px 0\",\"children\":[{\"span\":\"6\",\"offset\":\"\",\"type\":\"modules\",\"position\":\"footer1\",\"style\":\"none\",\"customclass\":\"\",\"responsiveclass\":\"\"},{\"span\":\"6\",\"offset\":\"\",\"type\":\"modules\",\"position\":\"footer2\",\"style\":\"none\",\"customclass\":\"\",\"responsiveclass\":\"\"}]}],\"menu\":\"mainmenu\",\"menutype\":\"mega\",\"menu_col_width\":\"200\",\"show_menu_image\":\"1\",\"menu_image_position\":\"1\",\"submenu_position\":\"0\",\"init_x\":\"0\",\"init_y\":\"0\",\"sub_x\":\"0\",\"sub_y\":\"0\",\"body_font\":\"\",\"body_selectors\":\"\",\"header_font\":\"Kreon\",\"header_selectors\":\"Kreon\",\"other_font\":\"\",\"other_selectors\":\"\",\"cache_time\":\"60\",\"compress_css\":\"0\",\"compress_js\":\"0\",\"enable_ga\":\"0\",\"ga_code\":\"\",\"loadjquery\":\"1\",\"loadfromcdn\":\"1\",\"lessoption\":\"0\",\"hide_component_area\":\"0\"}');

--
-- Table structure for table `jos_ucm_base`
--

CREATE TABLE `jos_ucm_base` (
  `ucm_id` int(10) unsigned NOT NULL,
  `ucm_item_id` int(10) NOT NULL,
  `ucm_type_id` int(11) NOT NULL,
  `ucm_language_id` int(11) NOT NULL,
  PRIMARY KEY (`ucm_id`),
  KEY `idx_ucm_item_id` (`ucm_item_id`),
  KEY `idx_ucm_type_id` (`ucm_type_id`),
  KEY `idx_ucm_language_id` (`ucm_language_id`)
) ENGINE=InnoDB DEFAULT CHARSET=utf8;

--
-- Dumping data for table `jos_ucm_base`
--

INSERT INTO `jos_ucm_base` VALUES (1,30,1,0);

--
-- Table structure for table `jos_ucm_content`
--

CREATE TABLE `jos_ucm_content` (
  `core_content_id` int(10) unsigned NOT NULL AUTO_INCREMENT,
  `core_type_alias` varchar(255) NOT NULL DEFAULT '' COMMENT 'FK to the content types table',
  `core_title` varchar(255) NOT NULL,
  `core_alias` varchar(255) CHARACTER SET utf8 COLLATE utf8_bin NOT NULL DEFAULT '',
  `core_body` mediumtext NOT NULL,
  `core_state` tinyint(1) NOT NULL DEFAULT '0',
  `core_checked_out_time` varchar(255) NOT NULL DEFAULT '',
  `core_checked_out_user_id` int(10) unsigned NOT NULL DEFAULT '0',
  `core_access` int(10) unsigned NOT NULL DEFAULT '0',
  `core_params` text NOT NULL,
  `core_featured` tinyint(4) unsigned NOT NULL DEFAULT '0',
  `core_metadata` varchar(2048) NOT NULL COMMENT 'JSON encoded metadata properties.',
  `core_created_user_id` int(10) unsigned NOT NULL DEFAULT '0',
  `core_created_by_alias` varchar(255) NOT NULL DEFAULT '',
  `core_created_time` datetime NOT NULL DEFAULT '0000-00-00 00:00:00',
  `core_modified_user_id` int(10) unsigned NOT NULL DEFAULT '0' COMMENT 'Most recent user that modified',
  `core_modified_time` datetime NOT NULL DEFAULT '0000-00-00 00:00:00',
  `core_language` char(7) NOT NULL,
  `core_publish_up` datetime NOT NULL,
  `core_publish_down` datetime NOT NULL,
  `core_content_item_id` int(10) unsigned DEFAULT NULL COMMENT 'ID from the individual type table',
  `asset_id` int(10) unsigned DEFAULT NULL COMMENT 'FK to the #__assets table.',
  `core_images` text NOT NULL,
  `core_urls` text NOT NULL,
  `core_hits` int(10) unsigned NOT NULL DEFAULT '0',
  `core_version` int(10) unsigned NOT NULL DEFAULT '1',
  `core_ordering` int(11) NOT NULL DEFAULT '0',
  `core_metakey` text NOT NULL,
  `core_metadesc` text NOT NULL,
  `core_catid` int(10) unsigned NOT NULL DEFAULT '0',
  `core_xreference` varchar(50) NOT NULL COMMENT 'A reference to enable linkages to external data sets.',
  `core_type_id` int(10) unsigned DEFAULT NULL,
  PRIMARY KEY (`core_content_id`),
  KEY `tag_idx` (`core_state`,`core_access`),
  KEY `idx_access` (`core_access`),
  KEY `idx_alias` (`core_alias`),
  KEY `idx_language` (`core_language`),
  KEY `idx_title` (`core_title`),
  KEY `idx_modified_time` (`core_modified_time`),
  KEY `idx_created_time` (`core_created_time`),
  KEY `idx_content_type` (`core_type_alias`),
  KEY `idx_core_modified_user_id` (`core_modified_user_id`),
  KEY `idx_core_checked_out_user_id` (`core_checked_out_user_id`),
  KEY `idx_core_created_user_id` (`core_created_user_id`),
  KEY `idx_core_type_id` (`core_type_id`)
) ENGINE=InnoDB AUTO_INCREMENT=2 DEFAULT CHARSET=utf8 COMMENT='Contains core content data in name spaced fields';

--
-- Dumping data for table `jos_ucm_content`
--

INSERT INTO `jos_ucm_content` VALUES (1,'com_content.article','South Pacific Business  Search','south-pacific-business-search','<p style=\"text-align: center;\"> </p>\r\n<p style=\"text-align: center;\"> </p>\r\n<p style=\"text-align: center;\"><img src=\"images/slide5.jpg\" alt=\"\" /></p>\r\n<p style=\"text-align: center;\"><img src=\"images/slide4.jpg\" alt=\"\" /></p>\r\n<p style=\"text-align: center;\"><img src=\"images/slide2.jpg\" alt=\"\" /></p>\r\n<p style=\"text-align: center;\"> </p>',1,'',0,1,'{\"show_title\":\"\",\"link_titles\":\"\",\"show_tags\":\"\",\"show_intro\":\"\",\"info_block_position\":\"\",\"show_category\":\"\",\"link_category\":\"\",\"show_parent_category\":\"\",\"link_parent_category\":\"\",\"show_author\":\"\",\"link_author\":\"\",\"show_create_date\":\"\",\"show_modify_date\":\"\",\"show_publish_date\":\"\",\"show_item_navigation\":\"\",\"show_icons\":\"\",\"show_print_icon\":\"\",\"show_email_icon\":\"\",\"show_vote\":\"\",\"show_hits\":\"\",\"show_noauth\":\"\",\"urls_position\":\"\",\"alternative_readmore\":\"\",\"article_layout\":\"\",\"show_publishing_options\":\"\",\"show_article_options\":\"\",\"show_urls_images_backend\":\"\",\"show_urls_images_frontend\":\"\"}',0,'{\"robots\":\"\",\"author\":\"\",\"rights\":\"\",\"xreference\":\"\"}',430,'','2015-02-25 04:04:12',430,'2015-02-25 04:35:03','*','2015-02-25 04:04:12','0000-00-00 00:00:00',30,129,'{\"image_intro\":\"\",\"float_intro\":\"\",\"image_intro_alt\":\"\",\"image_intro_caption\":\"\",\"image_fulltext\":\"\",\"float_fulltext\":\"\",\"image_fulltext_alt\":\"\",\"image_fulltext_caption\":\"\"}','{\"urla\":false,\"urlatext\":\"\",\"targeta\":\"\",\"urlb\":false,\"urlbtext\":\"\",\"targetb\":\"\",\"urlc\":false,\"urlctext\":\"\",\"targetc\":\"\"}',8,2,0,'','',2,'',1);

--
-- Table structure for table `jos_ucm_history`
--

CREATE TABLE `jos_ucm_history` (
  `version_id` int(10) unsigned NOT NULL AUTO_INCREMENT,
  `ucm_item_id` int(10) unsigned NOT NULL,
  `ucm_type_id` int(10) unsigned NOT NULL,
  `version_note` varchar(255) NOT NULL DEFAULT '' COMMENT 'Optional version name',
  `save_date` datetime NOT NULL DEFAULT '0000-00-00 00:00:00',
  `editor_user_id` int(10) unsigned NOT NULL DEFAULT '0',
  `character_count` int(10) unsigned NOT NULL DEFAULT '0' COMMENT 'Number of characters in this version.',
  `sha1_hash` varchar(50) NOT NULL DEFAULT '' COMMENT 'SHA1 hash of the version_data column.',
  `version_data` mediumtext NOT NULL COMMENT 'json-encoded string of version data',
  `keep_forever` tinyint(4) NOT NULL DEFAULT '0' COMMENT '0=auto delete; 1=keep',
  PRIMARY KEY (`version_id`),
  KEY `idx_ucm_item_id` (`ucm_type_id`,`ucm_item_id`),
  KEY `idx_save_date` (`save_date`)
) ENGINE=InnoDB DEFAULT CHARSET=utf8;

--
-- Dumping data for table `jos_ucm_history`
--


--
-- Table structure for table `jos_update_sites`
--

CREATE TABLE `jos_update_sites` (
  `update_site_id` int(11) NOT NULL AUTO_INCREMENT,
  `name` varchar(100) DEFAULT '',
  `type` varchar(20) DEFAULT '',
  `location` text NOT NULL,
  `enabled` int(11) DEFAULT '0',
  `last_check_timestamp` bigint(20) DEFAULT '0',
  `extra_query` varchar(1000) DEFAULT '',
  PRIMARY KEY (`update_site_id`)
) ENGINE=InnoDB AUTO_INCREMENT=16 DEFAULT CHARSET=utf8 COMMENT='Update Sites';

--
-- Dumping data for table `jos_update_sites`
--

INSERT INTO `jos_update_sites` VALUES (1,'Joomla Core','collection','http://update.joomla.org/core/list.xml',1,1548184736,''),(2,'Joomla Extension Directory','collection','http://update.joomla.org/jed/list.xml',0,0,''),(3,'Accredited Joomla! Translations','collection','http://update.joomla.org/language/translationlist_3.xml',1,1548184736,''),(4,'System - Helix Framework','plugin','http://joomshaper.com/updates/plg_system_helix.xml',1,0,''),(5,'System - Helix Framework','extension','http://www.joomshaper.com/updates/plg_system_helix.xml',0,0,''),(6,'WebInstaller Update Site','extension','http://appscdn.joomla.org/webapps/jedapps/webinstaller.xml',0,0,''),(11,'J-BusinessDirectory Updates','extension','http://updates.cmsjunkie.com/directory/j-businessdirectory3.xml',1,1548184736,''),(12,'Slideshow CK Update','extension','http://update.joomlack.fr/mod_slideshowck_update.xml',1,1548184736,''),(13,'Maximenu CK Update','extension','http://update.joomlack.fr/mod_maximenuck_update.xml',1,1548184736,''),(14,'Cinch Menu Auto Updater','extension','http://www.pixelpointcreative.com/autoupdates/cinchmenu.xml',1,1548184736,''),(15,'PLG_EASYKEYWORDSITEMAP','extension','https://joomla-extensions.kubik-rubik.de/scripts/update-servers/easykeywordsitemap.xml',0,0,'');

--
-- Table structure for table `jos_update_sites_extensions`
--

CREATE TABLE `jos_update_sites_extensions` (
  `update_site_id` int(11) NOT NULL DEFAULT '0',
  `extension_id` int(11) NOT NULL DEFAULT '0',
  PRIMARY KEY (`update_site_id`,`extension_id`)
) ENGINE=InnoDB DEFAULT CHARSET=utf8 COMMENT='Links extensions to update sites';

--
-- Dumping data for table `jos_update_sites_extensions`
--

INSERT INTO `jos_update_sites_extensions` VALUES (1,700),(2,700),(3,600),(4,10000),(5,10000),(6,10005),(11,10025),(12,10026),(13,10028),(14,10029),(15,10046);

--
-- Table structure for table `jos_updates`
--

CREATE TABLE `jos_updates` (
  `update_id` int(11) NOT NULL AUTO_INCREMENT,
  `update_site_id` int(11) DEFAULT '0',
  `extension_id` int(11) DEFAULT '0',
  `name` varchar(100) DEFAULT '',
  `description` text NOT NULL,
  `element` varchar(100) DEFAULT '',
  `type` varchar(20) DEFAULT '',
  `folder` varchar(20) DEFAULT '',
  `client_id` tinyint(3) DEFAULT '0',
  `version` varchar(32) DEFAULT '',
  `data` text NOT NULL,
  `detailsurl` text NOT NULL,
  `infourl` text NOT NULL,
  `extra_query` varchar(1000) DEFAULT '',
  PRIMARY KEY (`update_id`)
) ENGINE=InnoDB AUTO_INCREMENT=82 DEFAULT CHARSET=utf8 COMMENT='Available Updates';

--
-- Dumping data for table `jos_updates`
--

INSERT INTO `jos_updates` VALUES (1,1,700,'Joomla','','joomla','file','',0,'3.6.5','','https://update.joomla.org/core/sts/extension_sts.xml','',''),(2,3,0,'Armenian','','pkg_hy-AM','package','',0,'3.4.4.1','','https://update.joomla.org/language/details3/hy-AM_details.xml','',''),(3,3,0,'Malay','','pkg_ms-MY','package','',0,'3.4.1.2','','https://update.joomla.org/language/details3/ms-MY_details.xml','',''),(4,3,0,'Romanian','','pkg_ro-RO','package','',0,'3.7.3.1','','https://update.joomla.org/language/details3/ro-RO_details.xml','',''),(5,3,0,'Flemish','','pkg_nl-BE','package','',0,'3.9.2.1','','https://update.joomla.org/language/details3/nl-BE_details.xml','',''),(6,3,0,'Chinese Traditional','','pkg_zh-TW','package','',0,'3.8.0.1','','https://update.joomla.org/language/details3/zh-TW_details.xml','',''),(7,3,0,'French','','pkg_fr-FR','package','',0,'3.9.2.1','','https://update.joomla.org/language/details3/fr-FR_details.xml','',''),(8,3,0,'Galician','','pkg_gl-ES','package','',0,'3.3.1.2','','https://update.joomla.org/language/details3/gl-ES_details.xml','',''),(9,3,0,'Georgian','','pkg_ka-GE','package','',0,'3.9.2.1','','https://update.joomla.org/language/details3/ka-GE_details.xml','',''),(10,3,0,'Greek','','pkg_el-GR','package','',0,'3.9.2.1','','https://update.joomla.org/language/details3/el-GR_details.xml','',''),(11,3,0,'Japanese','','pkg_ja-JP','package','',0,'3.9.2.1','','https://update.joomla.org/language/details3/ja-JP_details.xml','',''),(12,3,0,'Hebrew','','pkg_he-IL','package','',0,'3.1.1.2','','https://update.joomla.org/language/details3/he-IL_details.xml','',''),(13,3,0,'Bengali','','pkg_bn-BD','package','',0,'3.8.10.1','','https://update.joomla.org/language/details3/bn-BD_details.xml','',''),(14,3,0,'Hungarian','','pkg_hu-HU','package','',0,'3.9.0.3','','https://update.joomla.org/language/details3/hu-HU_details.xml','',''),(15,3,0,'Afrikaans','','pkg_af-ZA','package','',0,'3.9.0.1','','https://update.joomla.org/language/details3/af-ZA_details.xml','',''),(16,3,0,'Arabic Unitag','','pkg_ar-AA','package','',0,'3.9.2.1','','https://update.joomla.org/language/details3/ar-AA_details.xml','',''),(17,3,0,'Belarusian','','pkg_be-BY','package','',0,'3.2.1.2','','https://update.joomla.org/language/details3/be-BY_details.xml','',''),(18,3,0,'Bulgarian','','pkg_bg-BG','package','',0,'3.6.5.2','','https://update.joomla.org/language/details3/bg-BG_details.xml','',''),(19,3,0,'Catalan','','pkg_ca-ES','package','',0,'3.8.11.1','','https://update.joomla.org/language/details3/ca-ES_details.xml','',''),(20,3,0,'Chinese Simplified','','pkg_zh-CN','package','',0,'3.9.2.1','','https://update.joomla.org/language/details3/zh-CN_details.xml','',''),(21,3,0,'Croatian','','pkg_hr-HR','package','',0,'3.8.5.1','','https://update.joomla.org/language/details3/hr-HR_details.xml','',''),(22,3,0,'Czech','','pkg_cs-CZ','package','',0,'3.9.2.1','','https://update.joomla.org/language/details3/cs-CZ_details.xml','',''),(23,3,0,'Danish','','pkg_da-DK','package','',0,'3.9.2.1','','https://update.joomla.org/language/details3/da-DK_details.xml','',''),(24,3,0,'Dutch','','pkg_nl-NL','package','',0,'3.9.2.1','','https://update.joomla.org/language/details3/nl-NL_details.xml','',''),(25,3,0,'Esperanto','','pkg_eo-XX','package','',0,'3.8.11.1','','https://update.joomla.org/language/details3/eo-XX_details.xml','',''),(26,3,0,'Estonian','','pkg_et-EE','package','',0,'3.8.10.1','','https://update.joomla.org/language/details3/et-EE_details.xml','',''),(27,3,0,'Italian','','pkg_it-IT','package','',0,'3.9.2.1','','https://update.joomla.org/language/details3/it-IT_details.xml','',''),(28,3,0,'Khmer','','pkg_km-KH','package','',0,'3.4.5.1','','https://update.joomla.org/language/details3/km-KH_details.xml','',''),(29,3,0,'Korean','','pkg_ko-KR','package','',0,'3.8.9.1','','https://update.joomla.org/language/details3/ko-KR_details.xml','',''),(30,3,0,'Latvian','','pkg_lv-LV','package','',0,'3.7.3.1','','https://update.joomla.org/language/details3/lv-LV_details.xml','',''),(31,3,0,'Lithuanian','','pkg_lt-LT','package','',0,'3.8.10.1','','https://update.joomla.org/language/details3/lt-LT_details.xml','',''),(32,3,0,'Macedonian','','pkg_mk-MK','package','',0,'3.6.5.1','','https://update.joomla.org/language/details3/mk-MK_details.xml','',''),(33,3,0,'Norwegian Bokmal','','pkg_nb-NO','package','',0,'3.8.11.1','','https://update.joomla.org/language/details3/nb-NO_details.xml','',''),(34,3,0,'Norwegian Nynorsk','','pkg_nn-NO','package','',0,'3.4.2.1','','https://update.joomla.org/language/details3/nn-NO_details.xml','',''),(35,3,0,'Persian','','pkg_fa-IR','package','',0,'3.9.2.1','','https://update.joomla.org/language/details3/fa-IR_details.xml','',''),(36,3,0,'Polish','','pkg_pl-PL','package','',0,'3.9.1.1','','https://update.joomla.org/language/details3/pl-PL_details.xml','',''),(37,3,0,'Portuguese','','pkg_pt-PT','package','',0,'3.9.3.1','','https://update.joomla.org/language/details3/pt-PT_details.xml','',''),(38,3,0,'Russian','','pkg_ru-RU','package','',0,'3.9.1.7','','https://update.joomla.org/language/details3/ru-RU_details.xml','',''),(39,3,0,'English AU','','pkg_en-AU','package','',0,'3.9.1.1','','https://update.joomla.org/language/details3/en-AU_details.xml','',''),(40,3,0,'Slovak','','pkg_sk-SK','package','',0,'3.9.2.2','','https://update.joomla.org/language/details3/sk-SK_details.xml','',''),(41,3,0,'English US','','pkg_en-US','package','',0,'3.9.1.1','','https://update.joomla.org/language/details3/en-US_details.xml','',''),(42,3,0,'Swedish','','pkg_sv-SE','package','',0,'3.9.2.1','','https://update.joomla.org/language/details3/sv-SE_details.xml','',''),(43,3,0,'Syriac','','pkg_sy-IQ','package','',0,'3.4.5.1','','https://update.joomla.org/language/details3/sy-IQ_details.xml','',''),(44,3,0,'Tamil','','pkg_ta-IN','package','',0,'3.9.2.1','','https://update.joomla.org/language/details3/ta-IN_details.xml','',''),(45,3,0,'Thai','','pkg_th-TH','package','',0,'3.9.2.1','','https://update.joomla.org/language/details3/th-TH_details.xml','',''),(46,3,0,'Turkish','','pkg_tr-TR','package','',0,'3.9.0.1','','https://update.joomla.org/language/details3/tr-TR_details.xml','',''),(47,3,0,'Ukrainian','','pkg_uk-UA','package','',0,'3.7.1.1','','https://update.joomla.org/language/details3/uk-UA_details.xml','',''),(48,3,0,'Uyghur','','pkg_ug-CN','package','',0,'3.7.5.1','','https://update.joomla.org/language/details3/ug-CN_details.xml','',''),(49,3,0,'Albanian','','pkg_sq-AL','package','',0,'3.1.1.2','','https://update.joomla.org/language/details3/sq-AL_details.xml','',''),(50,3,0,'Basque','','pkg_eu-ES','package','',0,'3.7.5.1','','https://update.joomla.org/language/details3/eu-ES_details.xml','',''),(51,3,0,'Hindi','','pkg_hi-IN','package','',0,'3.3.6.2','','https://update.joomla.org/language/details3/hi-IN_details.xml','',''),(52,3,0,'German DE','','pkg_de-DE','package','',0,'3.9.2.1','','https://update.joomla.org/language/details3/de-DE_details.xml','',''),(53,3,0,'Portuguese Brazil','','pkg_pt-BR','package','',0,'3.9.2.3','','https://update.joomla.org/language/details3/pt-BR_details.xml','',''),(54,3,0,'Serbian Latin','','pkg_sr-YU','package','',0,'3.9.2.1','','https://update.joomla.org/language/details3/sr-YU_details.xml','',''),(55,3,0,'Spanish','','pkg_es-ES','package','',0,'3.9.1.1','','https://update.joomla.org/language/details3/es-ES_details.xml','',''),(56,3,0,'Bosnian','','pkg_bs-BA','package','',0,'3.9.1.1','','https://update.joomla.org/language/details3/bs-BA_details.xml','',''),(57,3,0,'Serbian Cyrillic','','pkg_sr-RS','package','',0,'3.9.2.1','','https://update.joomla.org/language/details3/sr-RS_details.xml','',''),(58,3,0,'Vietnamese','','pkg_vi-VN','package','',0,'3.2.1.2','','https://update.joomla.org/language/details3/vi-VN_details.xml','',''),(59,3,0,'Bahasa Indonesia','','pkg_id-ID','package','',0,'3.6.2.1','','https://update.joomla.org/language/details3/id-ID_details.xml','',''),(60,3,0,'Finnish','','pkg_fi-FI','package','',0,'3.8.1.1','','https://update.joomla.org/language/details3/fi-FI_details.xml','',''),(61,3,0,'Swahili','','pkg_sw-KE','package','',0,'3.9.2.1','','https://update.joomla.org/language/details3/sw-KE_details.xml','',''),(62,3,0,'Montenegrin','','pkg_srp-ME','package','',0,'3.3.1.2','','https://update.joomla.org/language/details3/srp-ME_details.xml','',''),(63,3,0,'English CA','','pkg_en-CA','package','',0,'3.9.1.1','','https://update.joomla.org/language/details3/en-CA_details.xml','',''),(64,3,0,'French CA','','pkg_fr-CA','package','',0,'3.6.5.1','','https://update.joomla.org/language/details3/fr-CA_details.xml','',''),(65,3,0,'Welsh','','pkg_cy-GB','package','',0,'3.9.2.1','','https://update.joomla.org/language/details3/cy-GB_details.xml','',''),(66,3,0,'Sinhala','','pkg_si-LK','package','',0,'3.3.1.2','','https://update.joomla.org/language/details3/si-LK_details.xml','',''),(67,3,0,'Dari Persian','','pkg_prs-AF','package','',0,'3.4.4.2','','https://update.joomla.org/language/details3/prs-AF_details.xml','',''),(68,3,0,'Turkmen','','pkg_tk-TM','package','',0,'3.5.0.2','','https://update.joomla.org/language/details3/tk-TM_details.xml','',''),(69,3,0,'Irish','','pkg_ga-IE','package','',0,'3.8.13.1','','https://update.joomla.org/language/details3/ga-IE_details.xml','',''),(70,3,0,'Dzongkha','','pkg_dz-BT','package','',0,'3.6.2.1','','https://update.joomla.org/language/details3/dz-BT_details.xml','',''),(71,3,0,'Slovenian','','pkg_sl-SI','package','',0,'3.9.2.1','','https://update.joomla.org/language/details3/sl-SI_details.xml','',''),(72,3,0,'Spanish CO','','pkg_es-CO','package','',0,'3.9.1.1','','https://update.joomla.org/language/details3/es-CO_details.xml','',''),(73,3,0,'German CH','','pkg_de-CH','package','',0,'3.9.2.1','','https://update.joomla.org/language/details3/de-CH_details.xml','',''),(74,3,0,'German AT','','pkg_de-AT','package','',0,'3.9.2.1','','https://update.joomla.org/language/details3/de-AT_details.xml','',''),(75,3,0,'German LI','','pkg_de-LI','package','',0,'3.9.2.1','','https://update.joomla.org/language/details3/de-LI_details.xml','',''),(76,3,0,'German LU','','pkg_de-LU','package','',0,'3.9.2.1','','https://update.joomla.org/language/details3/de-LU_details.xml','',''),(77,3,0,'English NZ','','pkg_en-NZ','package','',0,'3.9.1.1','','https://update.joomla.org/language/details3/en-NZ_details.xml','',''),(78,11,10025,'J-BusinessDirectory','J-BusinessDirectory','com_jbusinessdirectory','component','',1,'4.9.7','','http://updates.cmsjunkie.com/directory/j-businessdirectory3.xml','http://www.cmsjunkie.com/blog/cat/news-joomla-business-directory/',''),(79,12,10026,'Slideshow CK','Show your images with a nice effect','mod_slideshowck','module','',0,'1.4.61','','http://update.joomlack.fr/mod_slideshowck_update.xml','https://www.joomlack.fr/extensions-joomla/slideshow-ck',''),(80,13,10028,'Maximenu CK','Module Maximenu CK to display a mega menu dropdown','mod_maximenuck','module','',0,'8.2.19','','http://update.joomlack.fr/mod_maximenuck_update.xml','https://www.joomlack.fr/extensions-joomla/maximenu-ck',''),(81,14,10029,'Cinch Menu','Cinch menu is a responsive vertical or horizontal menu with many options.','mod_cinch_menu','module','',0,'1.8','','http://www.pixelpointcreative.com/autoupdates/cinchmenu.xml','','');

--
-- Table structure for table `jos_user_notes`
--

CREATE TABLE `jos_user_notes` (
  `id` int(10) unsigned NOT NULL AUTO_INCREMENT,
  `user_id` int(10) unsigned NOT NULL DEFAULT '0',
  `catid` int(10) unsigned NOT NULL DEFAULT '0',
  `subject` varchar(100) NOT NULL DEFAULT '',
  `body` text NOT NULL,
  `state` tinyint(3) NOT NULL DEFAULT '0',
  `checked_out` int(10) unsigned NOT NULL DEFAULT '0',
  `checked_out_time` datetime NOT NULL DEFAULT '0000-00-00 00:00:00',
  `created_user_id` int(10) unsigned NOT NULL DEFAULT '0',
  `created_time` datetime NOT NULL DEFAULT '0000-00-00 00:00:00',
  `modified_user_id` int(10) unsigned NOT NULL,
  `modified_time` datetime NOT NULL DEFAULT '0000-00-00 00:00:00',
  `review_time` datetime NOT NULL DEFAULT '0000-00-00 00:00:00',
  `publish_up` datetime NOT NULL DEFAULT '0000-00-00 00:00:00',
  `publish_down` datetime NOT NULL DEFAULT '0000-00-00 00:00:00',
  PRIMARY KEY (`id`),
  KEY `idx_user_id` (`user_id`),
  KEY `idx_category_id` (`catid`)
) ENGINE=InnoDB DEFAULT CHARSET=utf8;

--
-- Dumping data for table `jos_user_notes`
--


--
-- Table structure for table `jos_user_profiles`
--

CREATE TABLE `jos_user_profiles` (
  `user_id` int(11) NOT NULL,
  `profile_key` varchar(100) NOT NULL,
  `profile_value` varchar(255) NOT NULL,
  `ordering` int(11) NOT NULL DEFAULT '0',
  UNIQUE KEY `idx_user_id_profile_key` (`user_id`,`profile_key`)
) ENGINE=InnoDB DEFAULT CHARSET=utf8 COMMENT='Simple user profile storage table';

--
-- Dumping data for table `jos_user_profiles`
--


--
-- Table structure for table `jos_user_usergroup_map`
--

CREATE TABLE `jos_user_usergroup_map` (
  `user_id` int(10) unsigned NOT NULL DEFAULT '0' COMMENT 'Foreign Key to #__users.id',
  `group_id` int(10) unsigned NOT NULL DEFAULT '0' COMMENT 'Foreign Key to #__usergroups.id',
  PRIMARY KEY (`user_id`,`group_id`)
) ENGINE=InnoDB DEFAULT CHARSET=utf8;

--
-- Dumping data for table `jos_user_usergroup_map`
--

INSERT INTO `jos_user_usergroup_map` VALUES (430,8),(823,2),(823,7),(824,7),(825,2),(825,7),(826,2),(827,2),(828,2),(829,2),(830,2),(831,2),(832,2),(833,2),(834,2),(835,2),(835,6),(836,2),(837,2),(838,2),(839,2),(840,2),(841,2),(842,2),(843,2),(844,2),(845,2),(846,2),(847,2),(848,2),(849,2),(851,2),(852,2),(853,2),(854,2),(855,2),(856,2),(857,2),(858,2),(859,2),(860,2),(861,2),(862,2),(863,2),(864,2),(865,2),(866,2),(867,2),(868,2),(869,2),(870,2),(871,2),(872,2),(873,2),(874,2);

--
-- Table structure for table `jos_usergroups`
--

CREATE TABLE `jos_usergroups` (
  `id` int(10) unsigned NOT NULL AUTO_INCREMENT COMMENT 'Primary Key',
  `parent_id` int(10) unsigned NOT NULL DEFAULT '0' COMMENT 'Adjacency List Reference Id',
  `lft` int(11) NOT NULL DEFAULT '0' COMMENT 'Nested set lft.',
  `rgt` int(11) NOT NULL DEFAULT '0' COMMENT 'Nested set rgt.',
  `title` varchar(100) NOT NULL DEFAULT '',
  PRIMARY KEY (`id`),
  UNIQUE KEY `idx_usergroup_parent_title_lookup` (`parent_id`,`title`),
  KEY `idx_usergroup_title_lookup` (`title`),
  KEY `idx_usergroup_adjacency_lookup` (`parent_id`),
  KEY `idx_usergroup_nested_set_lookup` (`lft`,`rgt`) USING BTREE
) ENGINE=InnoDB AUTO_INCREMENT=10 DEFAULT CHARSET=utf8;

--
-- Dumping data for table `jos_usergroups`
--

INSERT INTO `jos_usergroups` VALUES (1,0,1,18,'Public'),(2,1,8,15,'Registered'),(3,2,9,14,'Author'),(4,3,10,13,'Editor'),(5,4,11,12,'Publisher'),(6,1,4,7,'Manager'),(7,6,5,6,'Administrator'),(8,1,16,17,'Super Users'),(9,1,2,3,'Guest');

--
-- Table structure for table `jos_viewlevels`
--

CREATE TABLE `jos_viewlevels` (
  `id` int(10) unsigned NOT NULL AUTO_INCREMENT COMMENT 'Primary Key',
  `title` varchar(100) NOT NULL DEFAULT '',
  `ordering` int(11) NOT NULL DEFAULT '0',
  `rules` varchar(5120) NOT NULL COMMENT 'JSON encoded access control.',
  PRIMARY KEY (`id`),
  UNIQUE KEY `idx_assetgroup_title_lookup` (`title`)
) ENGINE=InnoDB AUTO_INCREMENT=7 DEFAULT CHARSET=utf8;

--
-- Dumping data for table `jos_viewlevels`
--

INSERT INTO `jos_viewlevels` VALUES (1,'Public',0,'[1]'),(2,'Registered',1,'[6,2,8]'),(3,'Special',2,'[6,3,8]'),(5,'Guest',0,'[9]'),(6,'Super Users',0,'[8]');

--
-- Table structure for table `jos_webfonts`
--

CREATE TABLE `jos_webfonts` (
  `id` int(11) NOT NULL AUTO_INCREMENT,
  `selector` varchar(300) NOT NULL COMMENT 'css selector',
  `fallBack` varchar(150) NOT NULL COMMENT 'Fall back fontstack',
  `vendor` varchar(60) NOT NULL,
  `fontId` int(11) NOT NULL,
  PRIMARY KEY (`id`)
) ENGINE=MyISAM DEFAULT CHARSET=latin1;

--
-- Dumping data for table `jos_webfonts`
--


--
-- Table structure for table `jos_webfonts_fontscom`
--

CREATE TABLE `jos_webfonts_fontscom` (
  `id` int(11) NOT NULL AUTO_INCREMENT,
  `ProjectID` varchar(150) NOT NULL,
  `FontID` int(11) NOT NULL,
  `name` varchar(100) CHARACTER SET utf8 COLLATE utf8_unicode_ci NOT NULL,
  `family` varchar(100) CHARACTER SET utf8 COLLATE utf8_unicode_ci NOT NULL,
  `preview` varchar(120) CHARACTER SET utf8 COLLATE utf8_unicode_ci NOT NULL,
  PRIMARY KEY (`id`)
) ENGINE=MyISAM DEFAULT CHARSET=utf8;

--
-- Dumping data for table `jos_webfonts_fontscom`
--


--
-- Table structure for table `jos_webfonts_google`
--

CREATE TABLE `jos_webfonts_google` (
  `id` int(11) NOT NULL AUTO_INCREMENT,
  `kind` varchar(150) CHARACTER SET utf8 COLLATE utf8_unicode_ci NOT NULL,
  `family` varchar(200) CHARACTER SET utf8 COLLATE utf8_unicode_ci NOT NULL,
  PRIMARY KEY (`id`)
) ENGINE=MyISAM DEFAULT CHARSET=latin1;

--
-- Dumping data for table `jos_webfonts_google`
--


--
-- Table structure for table `jos_webfonts_google_mutant`
--

CREATE TABLE `jos_webfonts_google_mutant` (
  `id` int(11) NOT NULL AUTO_INCREMENT,
  `fk_fontId` int(11) NOT NULL,
  `mutant` varchar(150) CHARACTER SET utf8 COLLATE utf8_unicode_ci NOT NULL,
  `type` varchar(30) NOT NULL,
  `inUse` tinyint(1) NOT NULL DEFAULT '0',
  PRIMARY KEY (`id`)
) ENGINE=MyISAM DEFAULT CHARSET=utf8;

--
-- Dumping data for table `jos_webfonts_google_mutant`
--


--
-- Table structure for table `jos_webfonts_vendor`
--

CREATE TABLE `jos_webfonts_vendor` (
  `id` int(11) NOT NULL AUTO_INCREMENT,
  `name` varchar(100) NOT NULL,
  `properties` text COMMENT 'vendor specific properties',
  PRIMARY KEY (`id`)
) ENGINE=MyISAM AUTO_INCREMENT=3 DEFAULT CHARSET=latin1;

--
-- Dumping data for table `jos_webfonts_vendor`
--

INSERT INTO `jos_webfonts_vendor` VALUES (1,'Fonts.com','{\"account\":{\"email\":\"\",\"firstName\":\"\",\"lastName\":\"\"},\"key\":\"\",\"designers\":{},\"foundries\":{},\"classifications\":{},\"languages\":{},\"wfspid\":\"\", \"published\":\"0\"}'),(2,'Google Web Fonts','{\"hash\":\"\",\"updated\":\"\"}');

--
-- Table structure for table `jos_weblinks`
--

CREATE TABLE `jos_weblinks` (
  `id` int(10) unsigned NOT NULL AUTO_INCREMENT,
  `catid` int(11) NOT NULL DEFAULT '0',
  `title` varchar(250) NOT NULL DEFAULT '',
  `alias` varchar(255) CHARACTER SET utf8 COLLATE utf8_bin NOT NULL DEFAULT '',
  `url` varchar(250) NOT NULL DEFAULT '',
  `description` text NOT NULL,
  `hits` int(11) NOT NULL DEFAULT '0',
  `state` tinyint(1) NOT NULL DEFAULT '0',
  `checked_out` int(11) NOT NULL DEFAULT '0',
  `checked_out_time` datetime NOT NULL DEFAULT '0000-00-00 00:00:00',
  `ordering` int(11) NOT NULL DEFAULT '0',
  `access` int(11) NOT NULL DEFAULT '1',
  `params` text NOT NULL,
  `language` char(7) NOT NULL DEFAULT '',
  `created` datetime NOT NULL DEFAULT '0000-00-00 00:00:00',
  `created_by` int(10) unsigned NOT NULL DEFAULT '0',
  `created_by_alias` varchar(255) NOT NULL DEFAULT '',
  `modified` datetime NOT NULL DEFAULT '0000-00-00 00:00:00',
  `modified_by` int(10) unsigned NOT NULL DEFAULT '0',
  `metakey` text NOT NULL,
  `metadesc` text NOT NULL,
  `metadata` text NOT NULL,
  `featured` tinyint(3) unsigned NOT NULL DEFAULT '0' COMMENT 'Set if link is featured.',
  `xreference` varchar(50) NOT NULL COMMENT 'A reference to enable linkages to external data sets.',
  `publish_up` datetime NOT NULL DEFAULT '0000-00-00 00:00:00',
  `publish_down` datetime NOT NULL DEFAULT '0000-00-00 00:00:00',
  `version` int(10) unsigned NOT NULL DEFAULT '1',
  `images` text NOT NULL,
  PRIMARY KEY (`id`),
  KEY `idx_access` (`access`),
  KEY `idx_checkout` (`checked_out`),
  KEY `idx_state` (`state`),
  KEY `idx_catid` (`catid`),
  KEY `idx_createdby` (`created_by`),
  KEY `idx_featured_catid` (`featured`,`catid`),
  KEY `idx_language` (`language`),
  KEY `idx_xreference` (`xreference`)
) ENGINE=InnoDB DEFAULT CHARSET=utf8;

--
-- Dumping data for table `jos_weblinks`
--



