--
-- Host: localhost    Database: sixsigma_6sigma
-- ------------------------------------------------------


--
-- Table structure for table `wp_bp_activity`
--

CREATE TABLE `wp_bp_activity` (
  `id` bigint(20) NOT NULL AUTO_INCREMENT,
  `user_id` bigint(20) NOT NULL,
  `component` varchar(75) COLLATE utf8mb4_unicode_520_ci NOT NULL,
  `type` varchar(75) COLLATE utf8mb4_unicode_520_ci NOT NULL,
  `action` text COLLATE utf8mb4_unicode_520_ci NOT NULL,
  `content` longtext COLLATE utf8mb4_unicode_520_ci NOT NULL,
  `primary_link` text COLLATE utf8mb4_unicode_520_ci NOT NULL,
  `item_id` bigint(20) NOT NULL,
  `secondary_item_id` bigint(20) DEFAULT NULL,
  `date_recorded` datetime NOT NULL,
  `hide_sitewide` tinyint(1) DEFAULT '0',
  `mptt_left` int(11) NOT NULL DEFAULT '0',
  `mptt_right` int(11) NOT NULL DEFAULT '0',
  `is_spam` tinyint(1) NOT NULL DEFAULT '0',
  PRIMARY KEY (`id`),
  KEY `date_recorded` (`date_recorded`),
  KEY `user_id` (`user_id`),
  KEY `item_id` (`item_id`),
  KEY `secondary_item_id` (`secondary_item_id`),
  KEY `component` (`component`),
  KEY `type` (`type`),
  KEY `mptt_left` (`mptt_left`),
  KEY `mptt_right` (`mptt_right`),
  KEY `hide_sitewide` (`hide_sitewide`),
  KEY `is_spam` (`is_spam`)
) ENGINE=MyISAM AUTO_INCREMENT=45 DEFAULT CHARSET=utf8mb4 COLLATE=utf8mb4_unicode_520_ci;

--
-- Dumping data for table `wp_bp_activity`
--

INSERT INTO `wp_bp_activity` VALUES (1,1,'members','last_activity','','','',0,NULL,'2019-09-24 02:38:07',0,0,0,0),(10,11,'members','last_activity','','','',0,NULL,'2019-03-04 23:33:53',0,0,0,0),(11,12,'members','last_activity','','','',0,NULL,'2019-06-09 21:53:51',0,0,0,0),(12,12,'profile','new_avatar','<a href=\"https://6sigma.academy/elearning/members/sachin/\">Sachin Singh</a> changed their profile picture','','https://6sigma.academy/elearning/members/sachin/',0,0,'2019-02-23 05:37:12',0,0,0,0),(13,15,'members','last_activity','','','',0,NULL,'2019-02-26 21:03:55',0,0,0,0),(14,13,'members','last_activity','','','',0,NULL,'2019-02-26 23:45:25',0,0,0,0),(15,20,'members','last_activity','','','',0,NULL,'2019-02-27 03:26:37',0,0,0,0),(16,21,'members','last_activity','','','',0,NULL,'2019-03-01 04:00:52',0,0,0,0),(17,24,'members','last_activity','','','',0,NULL,'2019-05-30 22:54:05',0,0,0,0),(18,25,'members','last_activity','','','',0,NULL,'2019-03-11 04:08:21',0,0,0,0),(19,14,'members','last_activity','','','',0,NULL,'2019-03-19 06:28:38',0,0,0,0),(20,27,'members','last_activity','','','',0,NULL,'2019-04-05 23:37:12',0,0,0,0),(21,30,'members','last_activity','','','',0,NULL,'2019-03-25 20:35:17',0,0,0,0),(22,31,'members','last_activity','','','',0,NULL,'2019-03-09 04:45:21',0,0,0,0),(23,32,'members','last_activity','','','',0,NULL,'2019-07-26 03:35:52',0,0,0,0),(24,36,'members','last_activity','','','',0,NULL,'2019-04-14 20:24:12',0,0,0,0),(25,42,'members','last_activity','','','',0,NULL,'2019-04-28 09:04:01',0,0,0,0),(26,41,'members','last_activity','','','',0,NULL,'2019-09-05 06:51:31',0,0,0,0),(27,43,'members','last_activity','','','',0,NULL,'2019-05-01 03:55:54',0,0,0,0),(28,49,'members','last_activity','','','',0,NULL,'2019-05-06 07:56:46',0,0,0,0),(29,29,'members','last_activity','','','',0,NULL,'2019-06-24 19:14:28',0,0,0,0),(30,54,'members','last_activity','','','',0,NULL,'2019-05-22 04:25:56',0,0,0,0),(32,56,'members','last_activity','','','',0,NULL,'2019-06-09 22:28:39',0,0,0,0),(33,57,'members','last_activity','','','',0,NULL,'2019-06-20 17:08:19',0,0,0,0),(34,58,'members','last_activity','','','',0,NULL,'2019-06-19 03:52:09',0,0,0,0),(35,59,'members','last_activity','','','',0,NULL,'2019-06-20 17:37:29',0,0,0,0),(36,60,'members','last_activity','','','',0,NULL,'2019-06-18 21:56:17',0,0,0,0),(37,61,'members','last_activity','','','',0,NULL,'2019-06-16 20:52:06',0,0,0,0),(38,63,'members','last_activity','','','',0,NULL,'2019-06-19 17:59:29',0,0,0,0),(39,64,'members','last_activity','','','',0,NULL,'2019-06-19 07:25:44',0,0,0,0),(40,68,'members','last_activity','','','',0,NULL,'2019-06-25 04:29:09',0,0,0,0),(41,70,'members','last_activity','','','',0,NULL,'2019-06-30 21:13:00',0,0,0,0),(42,74,'members','last_activity','','','',0,NULL,'2019-08-26 21:49:06',0,0,0,0),(43,81,'members','last_activity','','','',0,NULL,'2019-08-12 03:30:22',0,0,0,0),(44,85,'members','last_activity','','','',0,NULL,'2019-09-25 03:11:03',0,0,0,0);

--
-- Table structure for table `wp_bp_activity_meta`
--

CREATE TABLE `wp_bp_activity_meta` (
  `id` bigint(20) NOT NULL AUTO_INCREMENT,
  `activity_id` bigint(20) NOT NULL,
  `meta_key` varchar(255) COLLATE utf8mb4_unicode_520_ci DEFAULT NULL,
  `meta_value` longtext COLLATE utf8mb4_unicode_520_ci,
  PRIMARY KEY (`id`),
  KEY `activity_id` (`activity_id`),
  KEY `meta_key` (`meta_key`(191))
) ENGINE=MyISAM DEFAULT CHARSET=utf8mb4 COLLATE=utf8mb4_unicode_520_ci;

--
-- Dumping data for table `wp_bp_activity_meta`
--


--
-- Table structure for table `wp_bp_friends`
--

CREATE TABLE `wp_bp_friends` (
  `id` bigint(20) NOT NULL AUTO_INCREMENT,
  `initiator_user_id` bigint(20) NOT NULL,
  `friend_user_id` bigint(20) NOT NULL,
  `is_confirmed` tinyint(1) DEFAULT '0',
  `is_limited` tinyint(1) DEFAULT '0',
  `date_created` datetime NOT NULL,
  PRIMARY KEY (`id`),
  KEY `initiator_user_id` (`initiator_user_id`),
  KEY `friend_user_id` (`friend_user_id`)
) ENGINE=MyISAM DEFAULT CHARSET=utf8mb4 COLLATE=utf8mb4_unicode_520_ci;

--
-- Dumping data for table `wp_bp_friends`
--


--
-- Table structure for table `wp_bp_groups`
--

CREATE TABLE `wp_bp_groups` (
  `id` bigint(20) NOT NULL AUTO_INCREMENT,
  `creator_id` bigint(20) NOT NULL,
  `name` varchar(100) COLLATE utf8mb4_unicode_520_ci NOT NULL,
  `slug` varchar(200) COLLATE utf8mb4_unicode_520_ci NOT NULL,
  `description` longtext COLLATE utf8mb4_unicode_520_ci NOT NULL,
  `status` varchar(10) COLLATE utf8mb4_unicode_520_ci NOT NULL DEFAULT 'public',
  `parent_id` bigint(20) NOT NULL DEFAULT '0',
  `enable_forum` tinyint(1) NOT NULL DEFAULT '1',
  `date_created` datetime NOT NULL,
  PRIMARY KEY (`id`),
  KEY `creator_id` (`creator_id`),
  KEY `status` (`status`),
  KEY `parent_id` (`parent_id`)
) ENGINE=MyISAM DEFAULT CHARSET=utf8mb4 COLLATE=utf8mb4_unicode_520_ci;

--
-- Dumping data for table `wp_bp_groups`
--


--
-- Table structure for table `wp_bp_groups_groupmeta`
--

CREATE TABLE `wp_bp_groups_groupmeta` (
  `id` bigint(20) NOT NULL AUTO_INCREMENT,
  `group_id` bigint(20) NOT NULL,
  `meta_key` varchar(255) COLLATE utf8mb4_unicode_520_ci DEFAULT NULL,
  `meta_value` longtext COLLATE utf8mb4_unicode_520_ci,
  PRIMARY KEY (`id`),
  KEY `group_id` (`group_id`),
  KEY `meta_key` (`meta_key`(191))
) ENGINE=MyISAM DEFAULT CHARSET=utf8mb4 COLLATE=utf8mb4_unicode_520_ci;

--
-- Dumping data for table `wp_bp_groups_groupmeta`
--


--
-- Table structure for table `wp_bp_groups_members`
--

CREATE TABLE `wp_bp_groups_members` (
  `id` bigint(20) NOT NULL AUTO_INCREMENT,
  `group_id` bigint(20) NOT NULL,
  `user_id` bigint(20) NOT NULL,
  `inviter_id` bigint(20) NOT NULL,
  `is_admin` tinyint(1) NOT NULL DEFAULT '0',
  `is_mod` tinyint(1) NOT NULL DEFAULT '0',
  `user_title` varchar(100) COLLATE utf8mb4_unicode_520_ci NOT NULL,
  `date_modified` datetime NOT NULL,
  `comments` longtext COLLATE utf8mb4_unicode_520_ci NOT NULL,
  `is_confirmed` tinyint(1) NOT NULL DEFAULT '0',
  `is_banned` tinyint(1) NOT NULL DEFAULT '0',
  `invite_sent` tinyint(1) NOT NULL DEFAULT '0',
  PRIMARY KEY (`id`),
  KEY `group_id` (`group_id`),
  KEY `is_admin` (`is_admin`),
  KEY `is_mod` (`is_mod`),
  KEY `user_id` (`user_id`),
  KEY `inviter_id` (`inviter_id`),
  KEY `is_confirmed` (`is_confirmed`)
) ENGINE=MyISAM DEFAULT CHARSET=utf8mb4 COLLATE=utf8mb4_unicode_520_ci;

--
-- Dumping data for table `wp_bp_groups_members`
--


--
-- Table structure for table `wp_bp_messages_messages`
--

CREATE TABLE `wp_bp_messages_messages` (
  `id` bigint(20) NOT NULL AUTO_INCREMENT,
  `thread_id` bigint(20) NOT NULL,
  `sender_id` bigint(20) NOT NULL,
  `subject` varchar(200) COLLATE utf8mb4_unicode_520_ci NOT NULL,
  `message` longtext COLLATE utf8mb4_unicode_520_ci NOT NULL,
  `date_sent` datetime NOT NULL,
  PRIMARY KEY (`id`),
  KEY `sender_id` (`sender_id`),
  KEY `thread_id` (`thread_id`)
) ENGINE=MyISAM DEFAULT CHARSET=utf8mb4 COLLATE=utf8mb4_unicode_520_ci;

--
-- Dumping data for table `wp_bp_messages_messages`
--


--
-- Table structure for table `wp_bp_messages_meta`
--

CREATE TABLE `wp_bp_messages_meta` (
  `id` bigint(20) NOT NULL AUTO_INCREMENT,
  `message_id` bigint(20) NOT NULL,
  `meta_key` varchar(255) COLLATE utf8mb4_unicode_520_ci DEFAULT NULL,
  `meta_value` longtext COLLATE utf8mb4_unicode_520_ci,
  PRIMARY KEY (`id`),
  KEY `message_id` (`message_id`),
  KEY `meta_key` (`meta_key`(191))
) ENGINE=MyISAM DEFAULT CHARSET=utf8mb4 COLLATE=utf8mb4_unicode_520_ci;

--
-- Dumping data for table `wp_bp_messages_meta`
--


--
-- Table structure for table `wp_bp_messages_notices`
--

CREATE TABLE `wp_bp_messages_notices` (
  `id` bigint(20) NOT NULL AUTO_INCREMENT,
  `subject` varchar(200) COLLATE utf8mb4_unicode_520_ci NOT NULL,
  `message` longtext COLLATE utf8mb4_unicode_520_ci NOT NULL,
  `date_sent` datetime NOT NULL,
  `is_active` tinyint(1) NOT NULL DEFAULT '0',
  PRIMARY KEY (`id`),
  KEY `is_active` (`is_active`)
) ENGINE=MyISAM DEFAULT CHARSET=utf8mb4 COLLATE=utf8mb4_unicode_520_ci;

--
-- Dumping data for table `wp_bp_messages_notices`
--


--
-- Table structure for table `wp_bp_messages_recipients`
--

CREATE TABLE `wp_bp_messages_recipients` (
  `id` bigint(20) NOT NULL AUTO_INCREMENT,
  `user_id` bigint(20) NOT NULL,
  `thread_id` bigint(20) NOT NULL,
  `unread_count` int(10) NOT NULL DEFAULT '0',
  `sender_only` tinyint(1) NOT NULL DEFAULT '0',
  `is_deleted` tinyint(1) NOT NULL DEFAULT '0',
  PRIMARY KEY (`id`),
  KEY `user_id` (`user_id`),
  KEY `thread_id` (`thread_id`),
  KEY `is_deleted` (`is_deleted`),
  KEY `sender_only` (`sender_only`),
  KEY `unread_count` (`unread_count`)
) ENGINE=MyISAM DEFAULT CHARSET=utf8mb4 COLLATE=utf8mb4_unicode_520_ci;

--
-- Dumping data for table `wp_bp_messages_recipients`
--


--
-- Table structure for table `wp_bp_notifications`
--

CREATE TABLE `wp_bp_notifications` (
  `id` bigint(20) NOT NULL AUTO_INCREMENT,
  `user_id` bigint(20) NOT NULL,
  `item_id` bigint(20) NOT NULL,
  `secondary_item_id` bigint(20) DEFAULT NULL,
  `component_name` varchar(75) COLLATE utf8mb4_unicode_520_ci NOT NULL,
  `component_action` varchar(75) COLLATE utf8mb4_unicode_520_ci NOT NULL,
  `date_notified` datetime NOT NULL,
  `is_new` tinyint(1) NOT NULL DEFAULT '0',
  PRIMARY KEY (`id`),
  KEY `item_id` (`item_id`),
  KEY `secondary_item_id` (`secondary_item_id`),
  KEY `user_id` (`user_id`),
  KEY `is_new` (`is_new`),
  KEY `component_name` (`component_name`),
  KEY `component_action` (`component_action`),
  KEY `useritem` (`user_id`,`is_new`)
) ENGINE=MyISAM DEFAULT CHARSET=utf8mb4 COLLATE=utf8mb4_unicode_520_ci;

--
-- Dumping data for table `wp_bp_notifications`
--


--
-- Table structure for table `wp_bp_notifications_meta`
--

CREATE TABLE `wp_bp_notifications_meta` (
  `id` bigint(20) NOT NULL AUTO_INCREMENT,
  `notification_id` bigint(20) NOT NULL,
  `meta_key` varchar(255) COLLATE utf8mb4_unicode_520_ci DEFAULT NULL,
  `meta_value` longtext COLLATE utf8mb4_unicode_520_ci,
  PRIMARY KEY (`id`),
  KEY `notification_id` (`notification_id`),
  KEY `meta_key` (`meta_key`(191))
) ENGINE=MyISAM DEFAULT CHARSET=utf8mb4 COLLATE=utf8mb4_unicode_520_ci;

--
-- Dumping data for table `wp_bp_notifications_meta`
--


--
-- Table structure for table `wp_bp_user_blogs`
--

CREATE TABLE `wp_bp_user_blogs` (
  `id` bigint(20) NOT NULL AUTO_INCREMENT,
  `user_id` bigint(20) NOT NULL,
  `blog_id` bigint(20) NOT NULL,
  PRIMARY KEY (`id`),
  KEY `user_id` (`user_id`),
  KEY `blog_id` (`blog_id`)
) ENGINE=MyISAM AUTO_INCREMENT=3 DEFAULT CHARSET=utf8mb4 COLLATE=utf8mb4_unicode_520_ci;

--
-- Dumping data for table `wp_bp_user_blogs`
--

INSERT INTO `wp_bp_user_blogs` VALUES (1,1,1),(2,12,1);

--
-- Table structure for table `wp_bp_user_blogs_blogmeta`
--

CREATE TABLE `wp_bp_user_blogs_blogmeta` (
  `id` bigint(20) NOT NULL AUTO_INCREMENT,
  `blog_id` bigint(20) NOT NULL,
  `meta_key` varchar(255) COLLATE utf8mb4_unicode_520_ci DEFAULT NULL,
  `meta_value` longtext COLLATE utf8mb4_unicode_520_ci,
  PRIMARY KEY (`id`),
  KEY `blog_id` (`blog_id`),
  KEY `meta_key` (`meta_key`(191))
) ENGINE=MyISAM AUTO_INCREMENT=9 DEFAULT CHARSET=utf8mb4 COLLATE=utf8mb4_unicode_520_ci;

--
-- Dumping data for table `wp_bp_user_blogs_blogmeta`
--

INSERT INTO `wp_bp_user_blogs_blogmeta` VALUES (1,1,'url','https://6sigma.academy/elearning'),(2,1,'name','Six Sigma Academy'),(3,1,'description','South Pacific&#039;s Voice for Quality'),(4,1,'last_activity','2019-04-12 07:01:48'),(5,1,'close_comments_for_old_posts','0'),(6,1,'close_comments_days_old','14'),(7,1,'thread_comments_depth','5'),(8,1,'comment_moderation','0');

--
-- Table structure for table `wp_bp_xprofile_data`
--

CREATE TABLE `wp_bp_xprofile_data` (
  `id` bigint(20) unsigned NOT NULL AUTO_INCREMENT,
  `field_id` bigint(20) unsigned NOT NULL,
  `user_id` bigint(20) unsigned NOT NULL,
  `value` longtext COLLATE utf8mb4_unicode_520_ci NOT NULL,
  `last_updated` datetime NOT NULL,
  PRIMARY KEY (`id`),
  KEY `field_id` (`field_id`),
  KEY `user_id` (`user_id`)
) ENGINE=MyISAM AUTO_INCREMENT=47 DEFAULT CHARSET=utf8mb4 COLLATE=utf8mb4_unicode_520_ci;

--
-- Dumping data for table `wp_bp_xprofile_data`
--

INSERT INTO `wp_bp_xprofile_data` VALUES (8,1,12,'Sachin Singh','2019-04-12 07:01:48'),(9,1,15,'vishwa','2019-02-26 05:49:22'),(10,1,13,'Aniruddha Kolekar','2019-02-26 06:01:33'),(11,1,14,'Cema','2019-03-05 03:49:31'),(12,1,25,'Avinesh krishna','2019-03-09 02:09:05'),(13,1,26,'Usaia Tagia','2019-03-05 01:11:59'),(14,1,27,'Tevita Nakali','2019-03-05 01:19:13'),(15,1,28,'Pratibha Dutt','2019-03-05 01:20:19'),(16,1,30,'Uraia Mocelekau','2019-03-05 01:24:12'),(17,1,31,'Timoci Qionidavari','2019-03-05 01:27:06'),(18,1,24,'teststudent','2019-04-11 03:48:51'),(19,1,40,'Dave69','2019-04-30 04:36:36'),(20,1,41,'Salend','2019-08-12 03:22:27'),(21,1,43,'rdeo','2019-05-01 02:09:04'),(22,1,44,'Ebusiness','2019-05-01 04:28:43'),(31,1,56,'Umesh','2019-05-29 21:14:51'),(26,1,49,'Shafina Sarah Dean','2019-05-06 07:48:13'),(27,1,51,'Tutonu Bruce','2019-05-18 09:33:57'),(28,1,52,'kiranniyogi','2019-05-21 14:14:05'),(29,1,54,'rkumar1','2019-05-22 04:24:30'),(32,1,57,'Ilyaz','2019-05-29 21:32:40'),(33,1,58,'Ana','2019-05-30 04:00:26'),(34,1,59,'Sanil','2019-05-30 04:07:54'),(35,1,60,'Bibi','2019-05-30 04:12:34'),(36,1,61,'emeleen','2019-05-30 04:17:38'),(37,1,63,'Mesake','2019-06-03 22:59:58'),(38,1,64,'Shalvin','2019-06-03 22:58:58'),(39,1,70,'reema','2019-06-23 21:52:22'),(40,1,73,'Melinanawa','2019-07-20 00:01:52'),(41,1,74,'Aman','2019-07-20 21:26:40'),(42,1,80,'CPouget','2019-08-11 14:26:19'),(43,1,81,'Pradeep Mendis','2019-08-12 03:28:04'),(44,1,82,'Petmuge','2019-08-20 16:50:51'),(45,1,83,'Dijana','2019-08-27 16:02:44'),(46,1,84,'Trevoy','2019-09-08 10:14:10');

--
-- Table structure for table `wp_bp_xprofile_fields`
--

CREATE TABLE `wp_bp_xprofile_fields` (
  `id` bigint(20) unsigned NOT NULL AUTO_INCREMENT,
  `group_id` bigint(20) unsigned NOT NULL,
  `parent_id` bigint(20) unsigned NOT NULL,
  `type` varchar(150) COLLATE utf8mb4_unicode_520_ci NOT NULL,
  `name` varchar(150) COLLATE utf8mb4_unicode_520_ci NOT NULL,
  `description` longtext COLLATE utf8mb4_unicode_520_ci NOT NULL,
  `is_required` tinyint(1) NOT NULL DEFAULT '0',
  `is_default_option` tinyint(1) NOT NULL DEFAULT '0',
  `field_order` bigint(20) NOT NULL DEFAULT '0',
  `option_order` bigint(20) NOT NULL DEFAULT '0',
  `order_by` varchar(15) COLLATE utf8mb4_unicode_520_ci NOT NULL DEFAULT '',
  `can_delete` tinyint(1) NOT NULL DEFAULT '1',
  PRIMARY KEY (`id`),
  KEY `group_id` (`group_id`),
  KEY `parent_id` (`parent_id`),
  KEY `field_order` (`field_order`),
  KEY `can_delete` (`can_delete`),
  KEY `is_required` (`is_required`)
) ENGINE=MyISAM AUTO_INCREMENT=2 DEFAULT CHARSET=utf8mb4 COLLATE=utf8mb4_unicode_520_ci;

--
-- Dumping data for table `wp_bp_xprofile_fields`
--

INSERT INTO `wp_bp_xprofile_fields` VALUES (1,1,0,'textbox','Name','',1,0,0,0,'',0);

--
-- Table structure for table `wp_bp_xprofile_groups`
--

CREATE TABLE `wp_bp_xprofile_groups` (
  `id` bigint(20) unsigned NOT NULL AUTO_INCREMENT,
  `name` varchar(150) COLLATE utf8mb4_unicode_520_ci NOT NULL,
  `description` mediumtext COLLATE utf8mb4_unicode_520_ci NOT NULL,
  `group_order` bigint(20) NOT NULL DEFAULT '0',
  `can_delete` tinyint(1) NOT NULL,
  PRIMARY KEY (`id`),
  KEY `can_delete` (`can_delete`)
) ENGINE=MyISAM AUTO_INCREMENT=2 DEFAULT CHARSET=utf8mb4 COLLATE=utf8mb4_unicode_520_ci;

--
-- Dumping data for table `wp_bp_xprofile_groups`
--

INSERT INTO `wp_bp_xprofile_groups` VALUES (1,'Base','',0,0);

--
-- Table structure for table `wp_bp_xprofile_meta`
--

CREATE TABLE `wp_bp_xprofile_meta` (
  `id` bigint(20) NOT NULL AUTO_INCREMENT,
  `object_id` bigint(20) NOT NULL,
  `object_type` varchar(150) COLLATE utf8mb4_unicode_520_ci NOT NULL,
  `meta_key` varchar(255) COLLATE utf8mb4_unicode_520_ci DEFAULT NULL,
  `meta_value` longtext COLLATE utf8mb4_unicode_520_ci,
  PRIMARY KEY (`id`),
  KEY `object_id` (`object_id`),
  KEY `meta_key` (`meta_key`(191))
) ENGINE=MyISAM DEFAULT CHARSET=utf8mb4 COLLATE=utf8mb4_unicode_520_ci;

--
-- Dumping data for table `wp_bp_xprofile_meta`
--


--
-- Table structure for table `wp_commentmeta`
--

CREATE TABLE `wp_commentmeta` (
  `meta_id` bigint(20) unsigned NOT NULL AUTO_INCREMENT,
  `comment_id` bigint(20) unsigned NOT NULL DEFAULT '0',
  `meta_key` varchar(255) COLLATE utf8mb4_unicode_520_ci DEFAULT NULL,
  `meta_value` longtext COLLATE utf8mb4_unicode_520_ci,
  PRIMARY KEY (`meta_id`),
  KEY `comment_id` (`comment_id`),
  KEY `meta_key` (`meta_key`(191))
) ENGINE=MyISAM AUTO_INCREMENT=16 DEFAULT CHARSET=utf8mb4 COLLATE=utf8mb4_unicode_520_ci;

--
-- Dumping data for table `wp_commentmeta`
--


--
-- Table structure for table `wp_comments`
--

CREATE TABLE `wp_comments` (
  `comment_ID` bigint(20) unsigned NOT NULL AUTO_INCREMENT,
  `comment_post_ID` bigint(20) unsigned NOT NULL DEFAULT '0',
  `comment_author` tinytext COLLATE utf8mb4_unicode_520_ci NOT NULL,
  `comment_author_email` varchar(100) COLLATE utf8mb4_unicode_520_ci NOT NULL DEFAULT '',
  `comment_author_url` varchar(200) COLLATE utf8mb4_unicode_520_ci NOT NULL DEFAULT '',
  `comment_author_IP` varchar(100) COLLATE utf8mb4_unicode_520_ci NOT NULL DEFAULT '',
  `comment_date` datetime NOT NULL DEFAULT '0000-00-00 00:00:00',
  `comment_date_gmt` datetime NOT NULL DEFAULT '0000-00-00 00:00:00',
  `comment_content` text COLLATE utf8mb4_unicode_520_ci NOT NULL,
  `comment_karma` int(11) NOT NULL DEFAULT '0',
  `comment_approved` varchar(20) COLLATE utf8mb4_unicode_520_ci NOT NULL DEFAULT '1',
  `comment_agent` varchar(255) COLLATE utf8mb4_unicode_520_ci NOT NULL DEFAULT '',
  `comment_type` varchar(20) COLLATE utf8mb4_unicode_520_ci NOT NULL DEFAULT '',
  `comment_parent` bigint(20) unsigned NOT NULL DEFAULT '0',
  `user_id` bigint(20) unsigned NOT NULL DEFAULT '0',
  PRIMARY KEY (`comment_ID`),
  KEY `comment_post_ID` (`comment_post_ID`),
  KEY `comment_approved_date_gmt` (`comment_approved`,`comment_date_gmt`),
  KEY `comment_date_gmt` (`comment_date_gmt`),
  KEY `comment_parent` (`comment_parent`),
  KEY `comment_author_email` (`comment_author_email`(10)),
  KEY `woo_idx_comment_type` (`comment_type`)
) ENGINE=MyISAM AUTO_INCREMENT=3564 DEFAULT CHARSET=utf8mb4 COLLATE=utf8mb4_unicode_520_ci;

--
-- Dumping data for table `wp_comments`
--

INSERT INTO `wp_comments` VALUES (5,11579,'WooCommerce','woocommerce@6sigma.academy','','','2019-03-05 00:03:14','2019-03-05 00:03:14','Awaiting BACS payment Order status changed from Pending payment to On hold.',0,'1','WooCommerce','order_note',0,0),(7,11631,'WooCommerce','woocommerce@6sigma.academy','','','2019-04-11 02:50:56','2019-04-11 02:50:56','Awaiting BACS payment Order status changed from Pending payment to On hold.',0,'1','WooCommerce','order_note',0,0),(8,11640,'WooCommerce','woocommerce@6sigma.academy','','','2019-04-11 22:51:15','2019-04-11 22:51:15','Unpaid order cancelled - time limit reached. Order status changed from Pending payment to Cancelled.',0,'1','WooCommerce','order_note',0,0),(9,11994,'WooCommerce','woocommerce@6sigma.academy','','','2019-05-01 02:17:45','2019-05-01 02:17:45','Awaiting BACS payment Order status changed from Pending payment to On hold.',0,'1','WooCommerce','order_note',0,0),(2913,13026,'ActionScheduler','','','','2019-09-06 12:21:11','2019-09-06 12:21:11','action created',0,'1','ActionScheduler','action_log',0,0),(2982,13048,'ActionScheduler','','','','2019-09-08 14:50:49','2019-09-08 14:50:49','action complete',0,'1','ActionScheduler','action_log',0,0),(2983,13049,'ActionScheduler','','','','2019-09-08 14:50:49','2019-09-08 14:50:49','action created',0,'1','ActionScheduler','action_log',0,0),(2992,13052,'ActionScheduler','','','','2019-09-08 21:33:44','2019-09-08 21:33:44','action created',0,'1','ActionScheduler','action_log',0,0),(2991,13051,'ActionScheduler','','','','2019-09-08 21:33:44','2019-09-08 21:33:44','action complete',0,'1','ActionScheduler','action_log',0,0),(2904,13023,'ActionScheduler','','','','2019-09-06 02:12:43','2019-09-06 02:12:43','action created',0,'1','ActionScheduler','action_log',0,0),(3322,13162,'ActionScheduler','','','','2019-09-19 06:26:40','2019-09-19 06:26:40','action created',0,'1','ActionScheduler','action_log',0,0),(3321,13161,'ActionScheduler','','','','2019-09-19 06:26:40','2019-09-19 06:26:40','action complete',0,'1','ActionScheduler','action_log',0,0),(3320,13161,'ActionScheduler','','','','2019-09-19 06:26:40','2019-09-19 06:26:40','action started',0,'1','ActionScheduler','action_log',0,0),(116,12074,'WooCommerce','woocommerce@6sigma.academy','','','2019-06-03 22:26:51','2019-06-03 22:26:51','Awaiting BACS payment Order status changed from Pending payment to On hold.',0,'1','WooCommerce','order_note',0,0),(111,12057,'admin','production@ebusinesspacific.com','','','2019-06-03 22:11:31','2019-06-03 22:11:31','Order status changed by bulk edit: Order status changed from On hold to Completed.',0,'1','WooCommerce','order_note',0,0),(107,11994,'admin','production@ebusinesspacific.com','','','2019-06-03 22:11:31','2019-06-03 22:11:31','Order status changed by bulk edit: Order status changed from On hold to Completed.',0,'1','WooCommerce','order_note',0,0),(108,12049,'admin','production@ebusinesspacific.com','','','2019-06-03 22:11:31','2019-06-03 22:11:31','Order status changed by bulk edit: Order status changed from On hold to Completed.',0,'1','WooCommerce','order_note',0,0),(2981,13048,'ActionScheduler','','','','2019-09-08 14:50:49','2019-09-08 14:50:49','action started',0,'1','ActionScheduler','action_log',0,0),(2995,13053,'ActionScheduler','','','','2019-09-09 01:07:47','2019-09-09 01:07:47','action created',0,'1','ActionScheduler','action_log',0,0),(2910,13025,'ActionScheduler','','','','2019-09-06 07:41:41','2019-09-06 07:41:41','action created',0,'1','ActionScheduler','action_log',0,0),(2914,13026,'ActionScheduler','','','','2019-09-06 13:35:24','2019-09-06 13:35:24','action started',0,'1','ActionScheduler','action_log',0,0),(2903,13022,'ActionScheduler','','','','2019-09-06 02:12:43','2019-09-06 02:12:43','action complete',0,'1','ActionScheduler','action_log',0,0),(2901,13022,'ActionScheduler','','','','2019-09-06 00:11:47','2019-09-06 00:11:47','action created',0,'1','ActionScheduler','action_log',0,0),(2900,13021,'ActionScheduler','','','','2019-09-06 00:11:47','2019-09-06 00:11:47','action complete',0,'1','ActionScheduler','action_log',0,0),(2902,13022,'ActionScheduler','','','','2019-09-06 02:12:43','2019-09-06 02:12:43','action started',0,'1','ActionScheduler','action_log',0,0),(2990,13051,'ActionScheduler','','','','2019-09-08 21:33:44','2019-09-08 21:33:44','action started',0,'1','ActionScheduler','action_log',0,0),(3361,13175,'ActionScheduler','','','','2019-09-20 11:50:54','2019-09-20 11:50:54','action created',0,'1','ActionScheduler','action_log',0,0),(115,12072,'admin','production@ebusinesspacific.com','','','2019-06-03 22:11:32','2019-06-03 22:11:32','Order status changed by bulk edit: Order status changed from On hold to Completed.',0,'1','WooCommerce','order_note',0,0),(105,11579,'admin','production@ebusinesspacific.com','','','2019-06-03 22:11:31','2019-06-03 22:11:31','Order status changed by bulk edit: Order status changed from On hold to Completed.',0,'1','WooCommerce','order_note',0,0),(3319,13161,'ActionScheduler','','','','2019-09-19 03:06:21','2019-09-19 03:06:21','action created',0,'1','ActionScheduler','action_log',0,0),(3318,13160,'ActionScheduler','','','','2019-09-19 03:06:21','2019-09-19 03:06:21','action complete',0,'1','ActionScheduler','action_log',0,0),(3057,13073,'ActionScheduler','','','','2019-09-10 22:21:31','2019-09-10 22:21:31','action complete',0,'1','ActionScheduler','action_log',0,0),(3058,13074,'ActionScheduler','','','','2019-09-10 22:21:31','2019-09-10 22:21:31','action created',0,'1','ActionScheduler','action_log',0,0),(2907,13024,'ActionScheduler','','','','2019-09-06 04:00:31','2019-09-06 04:00:31','action created',0,'1','ActionScheduler','action_log',0,0),(2906,13023,'ActionScheduler','','','','2019-09-06 04:00:31','2019-09-06 04:00:31','action complete',0,'1','ActionScheduler','action_log',0,0),(2899,13021,'ActionScheduler','','','','2019-09-06 00:11:47','2019-09-06 00:11:47','action started',0,'1','ActionScheduler','action_log',0,0),(3013,13059,'ActionScheduler','','','','2019-09-09 14:08:36','2019-09-09 14:08:36','action created',0,'1','ActionScheduler','action_log',0,0),(3049,13071,'ActionScheduler','','','','2019-09-10 18:54:59','2019-09-10 18:54:59','action created',0,'1','ActionScheduler','action_log',0,0),(2889,13018,'ActionScheduler','','','','2019-09-05 17:48:19','2019-09-05 17:48:19','action created',0,'1','ActionScheduler','action_log',0,0),(2883,13016,'ActionScheduler','','','','2019-09-05 14:24:10','2019-09-05 14:24:10','action created',0,'1','ActionScheduler','action_log',0,0),(2882,13015,'ActionScheduler','','','','2019-09-05 14:24:10','2019-09-05 14:24:10','action complete',0,'1','ActionScheduler','action_log',0,0),(2905,13023,'ActionScheduler','','','','2019-09-06 04:00:31','2019-09-06 04:00:31','action started',0,'1','ActionScheduler','action_log',0,0),(2892,13019,'ActionScheduler','','','','2019-09-05 19:12:26','2019-09-05 19:12:26','action created',0,'1','ActionScheduler','action_log',0,0),(2891,13018,'ActionScheduler','','','','2019-09-05 19:12:26','2019-09-05 19:12:26','action complete',0,'1','ActionScheduler','action_log',0,0),(2890,13018,'ActionScheduler','','','','2019-09-05 19:12:26','2019-09-05 19:12:26','action started',0,'1','ActionScheduler','action_log',0,0),(2888,13017,'ActionScheduler','','','','2019-09-05 17:48:19','2019-09-05 17:48:19','action complete',0,'1','ActionScheduler','action_log',0,0),(2887,13017,'ActionScheduler','','','','2019-09-05 17:48:19','2019-09-05 17:48:19','action started',0,'1','ActionScheduler','action_log',0,0),(3073,13079,'ActionScheduler','','','','2019-09-11 06:34:10','2019-09-11 06:34:10','action created',0,'1','ActionScheduler','action_log',0,0),(2868,13010,'ActionScheduler','','','','2019-09-05 05:01:45','2019-09-05 05:01:45','action created',0,'1','ActionScheduler','action_log',0,0),(2869,13010,'ActionScheduler','','','','2019-09-05 06:02:32','2019-09-05 06:02:32','action started',0,'1','ActionScheduler','action_log',0,0),(3072,13078,'ActionScheduler','','','','2019-09-11 06:34:10','2019-09-11 06:34:10','action complete',0,'1','ActionScheduler','action_log',0,0),(3362,13175,'ActionScheduler','','','','2019-09-20 13:28:50','2019-09-20 13:28:50','action started',0,'1','ActionScheduler','action_log',0,0),(3358,13174,'ActionScheduler','','','','2019-09-20 10:24:19','2019-09-20 10:24:19','action created',0,'1','ActionScheduler','action_log',0,0),(3355,13173,'ActionScheduler','','','','2019-09-20 08:05:52','2019-09-20 08:05:52','action created',0,'1','ActionScheduler','action_log',0,0),(117,12074,'admin','production@ebusinesspacific.com','','','2019-06-03 22:27:33','2019-06-03 22:27:33','Order status changed by bulk edit: Order status changed from On hold to Completed.',0,'1','WooCommerce','order_note',0,0),(114,12063,'admin','production@ebusinesspacific.com','','','2019-06-03 22:11:31','2019-06-03 22:11:31','Order status changed by bulk edit: Order status changed from On hold to Completed.',0,'1','WooCommerce','order_note',0,0),(113,12061,'admin','production@ebusinesspacific.com','','','2019-06-03 22:11:31','2019-06-03 22:11:31','Order status changed by bulk edit: Order status changed from On hold to Completed.',0,'1','WooCommerce','order_note',0,0),(112,12059,'admin','production@ebusinesspacific.com','','','2019-06-03 22:11:31','2019-06-03 22:11:31','Order status changed by bulk edit: Order status changed from On hold to Completed.',0,'1','WooCommerce','order_note',0,0),(110,12054,'admin','production@ebusinesspacific.com','','','2019-06-03 22:11:31','2019-06-03 22:11:31','Order status changed by bulk edit: Order status changed from On hold to Completed.',0,'1','WooCommerce','order_note',0,0),(109,12052,'admin','production@ebusinesspacific.com','','','2019-06-03 22:11:31','2019-06-03 22:11:31','Order status changed by bulk edit: Order status changed from On hold to Completed.',0,'1','WooCommerce','order_note',0,0),(106,11631,'admin','production@ebusinesspacific.com','','','2019-06-03 22:11:31','2019-06-03 22:11:31','Order status changed by bulk edit: Order status changed from On hold to Completed.',0,'1','WooCommerce','order_note',0,0),(104,12072,'WooCommerce','woocommerce@6sigma.academy','','','2019-06-03 22:10:14','2019-06-03 22:10:14','Awaiting BACS payment Order status changed from Pending payment to On hold.',0,'1','WooCommerce','order_note',0,0),(94,12049,'WooCommerce','woocommerce@6sigma.academy','','','2019-05-29 20:52:12','2019-05-29 20:52:12','Awaiting BACS payment Order status changed from Pending payment to On hold.',0,'1','WooCommerce','order_note',0,0),(2721,12961,'ActionScheduler','','','','2019-08-31 20:05:31','2019-08-31 20:05:31','action created',0,'1','ActionScheduler','action_log',0,0),(2703,12955,'ActionScheduler','','','','2019-08-31 02:10:34','2019-08-31 02:10:34','action created',0,'1','ActionScheduler','action_log',0,0),(2700,12954,'ActionScheduler','','','','2019-08-31 00:38:51','2019-08-31 00:38:51','action created',0,'1','ActionScheduler','action_log',0,0),(98,12052,'WooCommerce','woocommerce@6sigma.academy','','','2019-05-29 21:19:41','2019-05-29 21:19:41','Awaiting BACS payment Order status changed from Pending payment to On hold.',0,'1','WooCommerce','order_note',0,0),(99,12054,'WooCommerce','woocommerce@6sigma.academy','','','2019-05-29 21:35:09','2019-05-29 21:35:09','Awaiting BACS payment Order status changed from Pending payment to On hold.',0,'1','WooCommerce','order_note',0,0),(100,12057,'WooCommerce','woocommerce@6sigma.academy','','','2019-05-30 04:02:43','2019-05-30 04:02:43','Awaiting BACS payment Order status changed from Pending payment to On hold.',0,'1','WooCommerce','order_note',0,0),(101,12059,'WooCommerce','woocommerce@6sigma.academy','','','2019-05-30 04:09:35','2019-05-30 04:09:35','Awaiting BACS payment Order status changed from Pending payment to On hold.',0,'1','WooCommerce','order_note',0,0),(102,12061,'WooCommerce','woocommerce@6sigma.academy','','','2019-05-30 04:15:02','2019-05-30 04:15:02','Awaiting BACS payment Order status changed from Pending payment to On hold.',0,'1','WooCommerce','order_note',0,0),(103,12063,'WooCommerce','woocommerce@6sigma.academy','','','2019-05-30 04:19:13','2019-05-30 04:19:13','Awaiting BACS payment Order status changed from Pending payment to On hold.',0,'1','WooCommerce','order_note',0,0),(2916,13027,'ActionScheduler','','','','2019-09-06 13:35:24','2019-09-06 13:35:24','action created',0,'1','ActionScheduler','action_log',0,0),(2915,13026,'ActionScheduler','','','','2019-09-06 13:35:24','2019-09-06 13:35:24','action complete',0,'1','ActionScheduler','action_log',0,0),(3007,13057,'ActionScheduler','','','','2019-09-09 09:36:14','2019-09-09 09:36:14','action created',0,'1','ActionScheduler','action_log',0,0),(2980,13048,'ActionScheduler','','','','2019-09-08 13:18:39','2019-09-08 13:18:39','action created',0,'1','ActionScheduler','action_log',0,0),(2976,13046,'ActionScheduler','','','','2019-09-08 09:50:14','2019-09-08 09:50:14','action complete',0,'1','ActionScheduler','action_log',0,0),(2984,13049,'ActionScheduler','','','','2019-09-08 15:51:28','2019-09-08 15:51:28','action started',0,'1','ActionScheduler','action_log',0,0),(2956,13040,'ActionScheduler','','','','2019-09-07 19:33:22','2019-09-07 19:33:22','action created',0,'1','ActionScheduler','action_log',0,0),(2955,13039,'ActionScheduler','','','','2019-09-07 19:33:22','2019-09-07 19:33:22','action complete',0,'1','ActionScheduler','action_log',0,0),(2944,13036,'ActionScheduler','','','','2019-09-07 11:23:58','2019-09-07 11:23:58','action created',0,'1','ActionScheduler','action_log',0,0),(2909,13024,'ActionScheduler','','','','2019-09-06 07:41:41','2019-09-06 07:41:41','action complete',0,'1','ActionScheduler','action_log',0,0),(2908,13024,'ActionScheduler','','','','2019-09-06 07:41:41','2019-09-06 07:41:41','action started',0,'1','ActionScheduler','action_log',0,0),(2925,13030,'ActionScheduler','','','','2019-09-06 17:22:22','2019-09-06 17:22:22','action created',0,'1','ActionScheduler','action_log',0,0),(2938,13034,'ActionScheduler','','','','2019-09-07 04:17:58','2019-09-07 04:17:58','action created',0,'1','ActionScheduler','action_log',0,0),(2912,13025,'ActionScheduler','','','','2019-09-06 12:21:11','2019-09-06 12:21:11','action complete',0,'1','ActionScheduler','action_log',0,0),(2911,13025,'ActionScheduler','','','','2019-09-06 12:21:11','2019-09-06 12:21:11','action started',0,'1','ActionScheduler','action_log',0,0),(2926,13030,'ActionScheduler','','','','2019-09-06 20:52:14','2019-09-06 20:52:14','action started',0,'1','ActionScheduler','action_log',0,0),(2931,13032,'ActionScheduler','','','','2019-09-06 23:08:40','2019-09-06 23:08:40','action created',0,'1','ActionScheduler','action_log',0,0),(2936,13033,'ActionScheduler','','','','2019-09-07 04:17:58','2019-09-07 04:17:58','action started',0,'1','ActionScheduler','action_log',0,0),(2928,13031,'ActionScheduler','','','','2019-09-06 20:52:14','2019-09-06 20:52:14','action created',0,'1','ActionScheduler','action_log',0,0),(2927,13030,'ActionScheduler','','','','2019-09-06 20:52:14','2019-09-06 20:52:14','action complete',0,'1','ActionScheduler','action_log',0,0),(2937,13033,'ActionScheduler','','','','2019-09-07 04:17:58','2019-09-07 04:17:58','action complete',0,'1','ActionScheduler','action_log',0,0),(2924,13029,'ActionScheduler','','','','2019-09-06 17:22:22','2019-09-06 17:22:22','action complete',0,'1','ActionScheduler','action_log',0,0),(2923,13029,'ActionScheduler','','','','2019-09-06 17:22:22','2019-09-06 17:22:22','action started',0,'1','ActionScheduler','action_log',0,0),(2954,13039,'ActionScheduler','','','','2019-09-07 19:33:22','2019-09-07 19:33:22','action started',0,'1','ActionScheduler','action_log',0,0),(2960,13041,'ActionScheduler','','','','2019-09-07 23:00:25','2019-09-07 23:00:25','action started',0,'1','ActionScheduler','action_log',0,0),(2959,13041,'ActionScheduler','','','','2019-09-07 21:00:00','2019-09-07 21:00:00','action created',0,'1','ActionScheduler','action_log',0,0),(2935,11675,'Reed Somerset','noreply@thewordpressclub3075.shop','http://NA','66.84.95.99','2019-09-07 02:49:29','2019-09-07 02:49:29','Hi,\r\n\r\nAre you currently operating Wordpress/Woocommerce or do you project to implement it as time goes on ? We offer over 2500 premium plugins along with themes absolutely free to get : http://linkl.xyz/NvCpv\r\n\r\nThanks,\r\n\r\nReed',0,'0','Mozilla/5.0 (Windows NT 10.0; WOW64; rv:52.0) Gecko/20100101 Firefox/52.0; Firefox 52.7.3 - 111512-1801120036-1.44','',0,0),(3009,13057,'ActionScheduler','','','','2019-09-09 11:42:52','2019-09-09 11:42:52','action complete',0,'1','ActionScheduler','action_log',0,0),(2932,13032,'ActionScheduler','','','','2019-09-07 02:40:31','2019-09-07 02:40:31','action started',0,'1','ActionScheduler','action_log',0,0),(2933,13032,'ActionScheduler','','','','2019-09-07 02:40:31','2019-09-07 02:40:31','action complete',0,'1','ActionScheduler','action_log',0,0),(2934,13033,'ActionScheduler','','','','2019-09-07 02:40:31','2019-09-07 02:40:31','action created',0,'1','ActionScheduler','action_log',0,0),(2930,13031,'ActionScheduler','','','','2019-09-06 23:08:40','2019-09-06 23:08:40','action complete',0,'1','ActionScheduler','action_log',0,0),(2929,13031,'ActionScheduler','','','','2019-09-06 23:08:40','2019-09-06 23:08:40','action started',0,'1','ActionScheduler','action_log',0,0),(2985,13049,'ActionScheduler','','','','2019-09-08 15:51:28','2019-09-08 15:51:28','action complete',0,'1','ActionScheduler','action_log',0,0),(2971,13045,'ActionScheduler','','','','2019-09-08 05:42:28','2019-09-08 05:42:28','action created',0,'1','ActionScheduler','action_log',0,0),(2965,13043,'ActionScheduler','','','','2019-09-08 01:21:41','2019-09-08 01:21:41','action created',0,'1','ActionScheduler','action_log',0,0),(3010,13058,'ActionScheduler','','','','2019-09-09 11:42:52','2019-09-09 11:42:52','action created',0,'1','ActionScheduler','action_log',0,0),(2950,13038,'ActionScheduler','','','','2019-09-07 15:39:00','2019-09-07 15:39:00','action created',0,'1','ActionScheduler','action_log',0,0),(2957,13040,'ActionScheduler','','','','2019-09-07 21:00:00','2019-09-07 21:00:00','action started',0,'1','ActionScheduler','action_log',0,0),(2958,13040,'ActionScheduler','','','','2019-09-07 21:00:00','2019-09-07 21:00:00','action complete',0,'1','ActionScheduler','action_log',0,0),(2943,13035,'ActionScheduler','','','','2019-09-07 11:23:58','2019-09-07 11:23:58','action complete',0,'1','ActionScheduler','action_log',0,0),(2942,13035,'ActionScheduler','','','','2019-09-07 11:23:58','2019-09-07 11:23:58','action started',0,'1','ActionScheduler','action_log',0,0),(2949,13037,'ActionScheduler','','','','2019-09-07 15:39:00','2019-09-07 15:39:00','action complete',0,'1','ActionScheduler','action_log',0,0),(2948,13037,'ActionScheduler','','','','2019-09-07 15:39:00','2019-09-07 15:39:00','action started',0,'1','ActionScheduler','action_log',0,0),(2986,13050,'ActionScheduler','','','','2019-09-08 15:51:28','2019-09-08 15:51:28','action created',0,'1','ActionScheduler','action_log',0,0),(2962,13042,'ActionScheduler','','','','2019-09-07 23:00:25','2019-09-07 23:00:25','action created',0,'1','ActionScheduler','action_log',0,0),(2961,13041,'ActionScheduler','','','','2019-09-07 23:00:25','2019-09-07 23:00:25','action complete',0,'1','ActionScheduler','action_log',0,0),(3004,13056,'ActionScheduler','','','','2019-09-09 07:45:50','2019-09-09 07:45:50','action created',0,'1','ActionScheduler','action_log',0,0),(2974,13046,'ActionScheduler','','','','2019-09-08 07:48:00','2019-09-08 07:48:00','action created',0,'1','ActionScheduler','action_log',0,0),(2970,13044,'ActionScheduler','','','','2019-09-08 05:42:28','2019-09-08 05:42:28','action complete',0,'1','ActionScheduler','action_log',0,0),(2967,13043,'ActionScheduler','','','','2019-09-08 02:49:03','2019-09-08 02:49:03','action complete',0,'1','ActionScheduler','action_log',0,0),(2968,13044,'ActionScheduler','','','','2019-09-08 02:49:03','2019-09-08 02:49:03','action created',0,'1','ActionScheduler','action_log',0,0),(2969,13044,'ActionScheduler','','','','2019-09-08 05:42:28','2019-09-08 05:42:28','action started',0,'1','ActionScheduler','action_log',0,0),(2966,13043,'ActionScheduler','','','','2019-09-08 02:49:03','2019-09-08 02:49:03','action started',0,'1','ActionScheduler','action_log',0,0),(2964,13042,'ActionScheduler','','','','2019-09-08 01:21:41','2019-09-08 01:21:41','action complete',0,'1','ActionScheduler','action_log',0,0),(2963,13042,'ActionScheduler','','','','2019-09-08 01:21:41','2019-09-08 01:21:41','action started',0,'1','ActionScheduler','action_log',0,0),(2977,13047,'ActionScheduler','','','','2019-09-08 09:50:14','2019-09-08 09:50:14','action created',0,'1','ActionScheduler','action_log',0,0),(2975,13046,'ActionScheduler','','','','2019-09-08 09:50:14','2019-09-08 09:50:14','action started',0,'1','ActionScheduler','action_log',0,0),(3005,13056,'ActionScheduler','','','','2019-09-09 09:36:14','2019-09-09 09:36:14','action started',0,'1','ActionScheduler','action_log',0,0),(2973,13045,'ActionScheduler','','','','2019-09-08 07:48:00','2019-09-08 07:48:00','action complete',0,'1','ActionScheduler','action_log',0,0),(2972,13045,'ActionScheduler','','','','2019-09-08 07:48:00','2019-09-08 07:48:00','action started',0,'1','ActionScheduler','action_log',0,0),(2989,13051,'ActionScheduler','','','','2019-09-08 19:36:56','2019-09-08 19:36:56','action created',0,'1','ActionScheduler','action_log',0,0),(3006,13056,'ActionScheduler','','','','2019-09-09 09:36:14','2019-09-09 09:36:14','action complete',0,'1','ActionScheduler','action_log',0,0),(2979,13047,'ActionScheduler','','','','2019-09-08 13:18:39','2019-09-08 13:18:39','action complete',0,'1','ActionScheduler','action_log',0,0),(2978,13047,'ActionScheduler','','','','2019-09-08 13:18:39','2019-09-08 13:18:39','action started',0,'1','ActionScheduler','action_log',0,0),(2988,13050,'ActionScheduler','','','','2019-09-08 19:36:56','2019-09-08 19:36:56','action complete',0,'1','ActionScheduler','action_log',0,0),(2987,13050,'ActionScheduler','','','','2019-09-08 19:36:56','2019-09-08 19:36:56','action started',0,'1','ActionScheduler','action_log',0,0),(3360,13174,'ActionScheduler','','','','2019-09-20 11:50:54','2019-09-20 11:50:54','action complete',0,'1','ActionScheduler','action_log',0,0),(3359,13174,'ActionScheduler','','','','2019-09-20 11:50:54','2019-09-20 11:50:54','action started',0,'1','ActionScheduler','action_log',0,0),(3316,13160,'ActionScheduler','','','','2019-09-19 00:39:15','2019-09-19 00:39:15','action created',0,'1','ActionScheduler','action_log',0,0),(3304,13156,'ActionScheduler','','','','2019-09-18 19:06:47','2019-09-18 19:06:47','action created',0,'1','ActionScheduler','action_log',0,0),(3303,13155,'ActionScheduler','','','','2019-09-18 19:06:47','2019-09-18 19:06:47','action complete',0,'1','ActionScheduler','action_log',0,0),(3302,13155,'ActionScheduler','','','','2019-09-18 19:06:47','2019-09-18 19:06:47','action started',0,'1','ActionScheduler','action_log',0,0),(3301,13155,'ActionScheduler','','','','2019-09-18 16:56:04','2019-09-18 16:56:04','action created',0,'1','ActionScheduler','action_log',0,0),(3300,13154,'ActionScheduler','','','','2019-09-18 16:56:04','2019-09-18 16:56:04','action complete',0,'1','ActionScheduler','action_log',0,0),(3299,13154,'ActionScheduler','','','','2019-09-18 16:56:04','2019-09-18 16:56:04','action started',0,'1','ActionScheduler','action_log',0,0),(3008,13057,'ActionScheduler','','','','2019-09-09 11:42:52','2019-09-09 11:42:52','action started',0,'1','ActionScheduler','action_log',0,0),(2994,13052,'ActionScheduler','','','','2019-09-09 01:07:47','2019-09-09 01:07:47','action complete',0,'1','ActionScheduler','action_log',0,0),(2993,13052,'ActionScheduler','','','','2019-09-09 01:07:47','2019-09-09 01:07:47','action started',0,'1','ActionScheduler','action_log',0,0),(3295,13153,'ActionScheduler','','','','2019-09-18 13:55:07','2019-09-18 13:55:07','action created',0,'1','ActionScheduler','action_log',0,0),(3294,13152,'ActionScheduler','','','','2019-09-18 13:55:07','2019-09-18 13:55:07','action complete',0,'1','ActionScheduler','action_log',0,0),(3293,13152,'ActionScheduler','','','','2019-09-18 13:55:07','2019-09-18 13:55:07','action started',0,'1','ActionScheduler','action_log',0,0),(3297,13153,'ActionScheduler','','','','2019-09-18 15:36:57','2019-09-18 15:36:57','action complete',0,'1','ActionScheduler','action_log',0,0),(3289,13151,'ActionScheduler','','','','2019-09-18 08:39:45','2019-09-18 08:39:45','action created',0,'1','ActionScheduler','action_log',0,0),(3283,13149,'ActionScheduler','','','','2019-09-17 23:46:59','2019-09-17 23:46:59','action created',0,'1','ActionScheduler','action_log',0,0),(3280,13148,'ActionScheduler','','','','2019-09-17 21:56:04','2019-09-17 21:56:04','action created',0,'1','ActionScheduler','action_log',0,0),(3016,13060,'ActionScheduler','','','','2019-09-09 15:50:37','2019-09-09 15:50:37','action created',0,'1','ActionScheduler','action_log',0,0),(3003,13055,'ActionScheduler','','','','2019-09-09 07:45:50','2019-09-09 07:45:50','action complete',0,'1','ActionScheduler','action_log',0,0),(3002,13055,'ActionScheduler','','','','2019-09-09 07:45:50','2019-09-09 07:45:50','action started',0,'1','ActionScheduler','action_log',0,0),(3276,13146,'ActionScheduler','','','','2019-09-17 20:46:02','2019-09-17 20:46:02','action complete',0,'1','ActionScheduler','action_log',0,0),(3306,13156,'ActionScheduler','','','','2019-09-18 20:37:22','2019-09-18 20:37:22','action complete',0,'1','ActionScheduler','action_log',0,0),(3277,13147,'ActionScheduler','','','','2019-09-17 20:46:02','2019-09-17 20:46:02','action created',0,'1','ActionScheduler','action_log',0,0),(3275,13146,'ActionScheduler','','','','2019-09-17 20:46:02','2019-09-17 20:46:02','action started',0,'1','ActionScheduler','action_log',0,0),(3274,13146,'ActionScheduler','','','','2019-09-17 19:18:48','2019-09-17 19:18:48','action created',0,'1','ActionScheduler','action_log',0,0),(3273,13145,'ActionScheduler','','','','2019-09-17 19:18:48','2019-09-17 19:18:48','action complete',0,'1','ActionScheduler','action_log',0,0),(3412,13192,'ActionScheduler','','','','2019-09-22 16:30:22','2019-09-22 16:30:22','action created',0,'1','ActionScheduler','action_log',0,0),(3416,13193,'ActionScheduler','','','','2019-09-22 19:37:05','2019-09-22 19:37:05','action started',0,'1','ActionScheduler','action_log',0,0),(3415,13193,'ActionScheduler','','','','2019-09-22 18:35:24','2019-09-22 18:35:24','action created',0,'1','ActionScheduler','action_log',0,0),(3411,13191,'ActionScheduler','','','','2019-09-22 16:30:22','2019-09-22 16:30:22','action complete',0,'1','ActionScheduler','action_log',0,0),(3410,13191,'ActionScheduler','','','','2019-09-22 16:30:22','2019-09-22 16:30:22','action started',0,'1','ActionScheduler','action_log',0,0),(3022,13062,'ActionScheduler','','','','2019-09-09 23:18:35','2019-09-09 23:18:35','action created',0,'1','ActionScheduler','action_log',0,0),(3012,13058,'ActionScheduler','','','','2019-09-09 14:08:36','2019-09-09 14:08:36','action complete',0,'1','ActionScheduler','action_log',0,0),(3011,13058,'ActionScheduler','','','','2019-09-09 14:08:36','2019-09-09 14:08:36','action started',0,'1','ActionScheduler','action_log',0,0),(3421,13195,'ActionScheduler','','','','2019-09-22 21:40:25','2019-09-22 21:40:25','action created',0,'1','ActionScheduler','action_log',0,0),(3040,13068,'ActionScheduler','','','','2019-09-10 10:12:48','2019-09-10 10:12:48','action created',0,'1','ActionScheduler','action_log',0,0),(3060,13075,'ActionScheduler','','','','2019-09-10 22:24:07','2019-09-10 22:24:07','action started',0,'1','ActionScheduler','action_log',0,0),(3019,13061,'ActionScheduler','','','','2019-09-09 20:40:02','2019-09-09 20:40:02','action created',0,'1','ActionScheduler','action_log',0,0),(3015,13059,'ActionScheduler','','','','2019-09-09 15:50:37','2019-09-09 15:50:37','action complete',0,'1','ActionScheduler','action_log',0,0),(3014,13059,'ActionScheduler','','','','2019-09-09 15:50:37','2019-09-09 15:50:37','action started',0,'1','ActionScheduler','action_log',0,0),(3025,13063,'ActionScheduler','','','','2019-09-10 01:41:47','2019-09-10 01:41:47','action created',0,'1','ActionScheduler','action_log',0,0),(3021,13061,'ActionScheduler','','','','2019-09-09 23:18:35','2019-09-09 23:18:35','action complete',0,'1','ActionScheduler','action_log',0,0),(3020,13061,'ActionScheduler','','','','2019-09-09 23:18:35','2019-09-09 23:18:35','action started',0,'1','ActionScheduler','action_log',0,0),(3034,13066,'ActionScheduler','','','','2019-09-10 07:23:48','2019-09-10 07:23:48','action created',0,'1','ActionScheduler','action_log',0,0),(3028,13064,'ActionScheduler','','','','2019-09-10 04:30:45','2019-09-10 04:30:45','action created',0,'1','ActionScheduler','action_log',0,0),(3018,13060,'ActionScheduler','','','','2019-09-09 20:40:02','2019-09-09 20:40:02','action complete',0,'1','ActionScheduler','action_log',0,0),(3017,13060,'ActionScheduler','','','','2019-09-09 20:40:02','2019-09-09 20:40:02','action started',0,'1','ActionScheduler','action_log',0,0),(3059,13075,'ActionScheduler','','','','2019-09-10 22:21:31','2019-09-10 22:21:31','action created',0,'1','ActionScheduler','action_log',0,0),(3024,13062,'ActionScheduler','','','','2019-09-10 01:41:47','2019-09-10 01:41:47','action complete',0,'1','ActionScheduler','action_log',0,0),(3023,13062,'ActionScheduler','','','','2019-09-10 01:41:47','2019-09-10 01:41:47','action started',0,'1','ActionScheduler','action_log',0,0),(3027,13063,'ActionScheduler','','','','2019-09-10 04:30:45','2019-09-10 04:30:45','action complete',0,'1','ActionScheduler','action_log',0,0),(3026,13063,'ActionScheduler','','','','2019-09-10 04:30:45','2019-09-10 04:30:45','action started',0,'1','ActionScheduler','action_log',0,0),(3496,13222,'ActionScheduler','','','','2019-09-25 09:03:17','2019-09-25 09:03:17','action complete',0,'1','ActionScheduler','action_log',0,0),(3418,13194,'ActionScheduler','','','','2019-09-22 19:37:05','2019-09-22 19:37:05','action created',0,'1','ActionScheduler','action_log',0,0),(3046,13070,'ActionScheduler','','','','2019-09-10 17:33:49','2019-09-10 17:33:49','action created',0,'1','ActionScheduler','action_log',0,0),(3047,13070,'ActionScheduler','','','','2019-09-10 18:54:59','2019-09-10 18:54:59','action started',0,'1','ActionScheduler','action_log',0,0),(3042,13068,'ActionScheduler','','','','2019-09-10 13:11:14','2019-09-10 13:11:14','action complete',0,'1','ActionScheduler','action_log',0,0),(3043,13069,'ActionScheduler','','','','2019-09-10 13:11:14','2019-09-10 13:11:14','action created',0,'1','ActionScheduler','action_log',0,0),(3033,13065,'ActionScheduler','','','','2019-09-10 07:23:48','2019-09-10 07:23:48','action complete',0,'1','ActionScheduler','action_log',0,0),(3032,13065,'ActionScheduler','','','','2019-09-10 07:23:48','2019-09-10 07:23:48','action started',0,'1','ActionScheduler','action_log',0,0),(3041,13068,'ActionScheduler','','','','2019-09-10 13:11:14','2019-09-10 13:11:14','action started',0,'1','ActionScheduler','action_log',0,0),(3039,13067,'ActionScheduler','','','','2019-09-10 10:12:48','2019-09-10 10:12:48','action complete',0,'1','ActionScheduler','action_log',0,0),(3038,13067,'ActionScheduler','','','','2019-09-10 10:12:48','2019-09-10 10:12:48','action started',0,'1','ActionScheduler','action_log',0,0),(3052,13072,'ActionScheduler','','','','2019-09-10 20:13:28','2019-09-10 20:13:28','action created',0,'1','ActionScheduler','action_log',0,0),(3048,13070,'ActionScheduler','','','','2019-09-10 18:54:59','2019-09-10 18:54:59','action complete',0,'1','ActionScheduler','action_log',0,0),(3055,13073,'ActionScheduler','','','','2019-09-10 21:14:07','2019-09-10 21:14:07','action created',0,'1','ActionScheduler','action_log',0,0),(3045,13069,'ActionScheduler','','','','2019-09-10 17:33:49','2019-09-10 17:33:49','action complete',0,'1','ActionScheduler','action_log',0,0),(3044,13069,'ActionScheduler','','','','2019-09-10 17:33:49','2019-09-10 17:33:49','action started',0,'1','ActionScheduler','action_log',0,0),(3056,13073,'ActionScheduler','','','','2019-09-10 22:21:31','2019-09-10 22:21:31','action started',0,'1','ActionScheduler','action_log',0,0),(3051,13071,'ActionScheduler','','','','2019-09-10 20:13:28','2019-09-10 20:13:28','action complete',0,'1','ActionScheduler','action_log',0,0),(3050,13071,'ActionScheduler','','','','2019-09-10 20:13:28','2019-09-10 20:13:28','action started',0,'1','ActionScheduler','action_log',0,0),(3076,13080,'ActionScheduler','','','','2019-09-11 08:09:21','2019-09-11 08:09:21','action created',0,'1','ActionScheduler','action_log',0,0),(3054,13072,'ActionScheduler','','','','2019-09-10 21:14:07','2019-09-10 21:14:07','action complete',0,'1','ActionScheduler','action_log',0,0),(3053,13072,'ActionScheduler','','','','2019-09-10 21:14:07','2019-09-10 21:14:07','action started',0,'1','ActionScheduler','action_log',0,0),(3234,13132,'ActionScheduler','','','','2019-09-16 13:06:04','2019-09-16 13:06:04','action complete',0,'1','ActionScheduler','action_log',0,0),(3079,13081,'ActionScheduler','','','','2019-09-11 11:06:03','2019-09-11 11:06:03','action created',0,'1','ActionScheduler','action_log',0,0),(3088,13084,'ActionScheduler','','','','2019-09-11 17:47:16','2019-09-11 17:47:16','action created',0,'1','ActionScheduler','action_log',0,0),(3087,13083,'ActionScheduler','','','','2019-09-11 17:47:16','2019-09-11 17:47:16','action complete',0,'1','ActionScheduler','action_log',0,0),(3067,13077,'ActionScheduler','','','','2019-09-11 03:33:38','2019-09-11 03:33:38','action created',0,'1','ActionScheduler','action_log',0,0),(3066,13076,'ActionScheduler','','','','2019-09-11 03:33:38','2019-09-11 03:33:38','action complete',0,'1','ActionScheduler','action_log',0,0),(3311,13158,'ActionScheduler','','','','2019-09-18 22:54:04','2019-09-18 22:54:04','action started',0,'1','ActionScheduler','action_log',0,0),(3235,13133,'ActionScheduler','','','','2019-09-16 13:06:04','2019-09-16 13:06:04','action created',0,'1','ActionScheduler','action_log',0,0),(3100,13088,'ActionScheduler','','','','2019-09-12 05:57:40','2019-09-12 05:57:40','action created',0,'1','ActionScheduler','action_log',0,0),(3086,13083,'ActionScheduler','','','','2019-09-11 17:47:16','2019-09-11 17:47:16','action started',0,'1','ActionScheduler','action_log',0,0),(3082,13082,'ActionScheduler','','','','2019-09-11 13:59:05','2019-09-11 13:59:05','action created',0,'1','ActionScheduler','action_log',0,0),(3081,13081,'ActionScheduler','','','','2019-09-11 13:59:05','2019-09-11 13:59:05','action complete',0,'1','ActionScheduler','action_log',0,0),(3075,13079,'ActionScheduler','','','','2019-09-11 08:09:21','2019-09-11 08:09:21','action complete',0,'1','ActionScheduler','action_log',0,0),(3074,13079,'ActionScheduler','','','','2019-09-11 08:09:21','2019-09-11 08:09:21','action started',0,'1','ActionScheduler','action_log',0,0),(3080,13081,'ActionScheduler','','','','2019-09-11 13:59:05','2019-09-11 13:59:05','action started',0,'1','ActionScheduler','action_log',0,0),(3078,13080,'ActionScheduler','','','','2019-09-11 11:06:03','2019-09-11 11:06:03','action complete',0,'1','ActionScheduler','action_log',0,0),(3077,13080,'ActionScheduler','','','','2019-09-11 11:06:03','2019-09-11 11:06:03','action started',0,'1','ActionScheduler','action_log',0,0),(3272,13145,'ActionScheduler','','','','2019-09-17 19:18:48','2019-09-17 19:18:48','action started',0,'1','ActionScheduler','action_log',0,0),(3268,13144,'ActionScheduler','','','','2019-09-17 16:03:34','2019-09-17 16:03:34','action created',0,'1','ActionScheduler','action_log',0,0),(3267,13143,'ActionScheduler','','','','2019-09-17 16:03:34','2019-09-17 16:03:34','action complete',0,'1','ActionScheduler','action_log',0,0),(3266,13143,'ActionScheduler','','','','2019-09-17 16:03:34','2019-09-17 16:03:34','action started',0,'1','ActionScheduler','action_log',0,0),(3265,13143,'ActionScheduler','','','','2019-09-17 14:23:38','2019-09-17 14:23:38','action created',0,'1','ActionScheduler','action_log',0,0),(3264,13142,'ActionScheduler','','','','2019-09-17 14:23:38','2019-09-17 14:23:38','action complete',0,'1','ActionScheduler','action_log',0,0),(3259,13141,'ActionScheduler','','','','2019-09-17 11:19:26','2019-09-17 11:19:26','action created',0,'1','ActionScheduler','action_log',0,0),(3260,13141,'ActionScheduler','','','','2019-09-17 12:37:48','2019-09-17 12:37:48','action started',0,'1','ActionScheduler','action_log',0,0),(3255,13139,'ActionScheduler','','','','2019-09-17 09:43:02','2019-09-17 09:43:02','action complete',0,'1','ActionScheduler','action_log',0,0),(3256,13140,'ActionScheduler','','','','2019-09-17 09:43:02','2019-09-17 09:43:02','action created',0,'1','ActionScheduler','action_log',0,0),(3261,13141,'ActionScheduler','','','','2019-09-17 12:37:48','2019-09-17 12:37:48','action complete',0,'1','ActionScheduler','action_log',0,0),(3262,13142,'ActionScheduler','','','','2019-09-17 12:37:48','2019-09-17 12:37:48','action created',0,'1','ActionScheduler','action_log',0,0),(3244,13136,'ActionScheduler','','','','2019-09-16 23:43:43','2019-09-16 23:43:43','action created',0,'1','ActionScheduler','action_log',0,0),(3309,13157,'ActionScheduler','','','','2019-09-18 21:42:08','2019-09-18 21:42:08','action complete',0,'1','ActionScheduler','action_log',0,0),(3236,13133,'ActionScheduler','','','','2019-09-16 18:50:44','2019-09-16 18:50:44','action started',0,'1','ActionScheduler','action_log',0,0),(3237,13133,'ActionScheduler','','','','2019-09-16 18:50:44','2019-09-16 18:50:44','action complete',0,'1','ActionScheduler','action_log',0,0),(3238,13134,'ActionScheduler','','','','2019-09-16 18:50:44','2019-09-16 18:50:44','action created',0,'1','ActionScheduler','action_log',0,0),(3245,13136,'ActionScheduler','','','','2019-09-17 00:51:26','2019-09-17 00:51:26','action started',0,'1','ActionScheduler','action_log',0,0),(3246,13136,'ActionScheduler','','','','2019-09-17 00:51:26','2019-09-17 00:51:26','action complete',0,'1','ActionScheduler','action_log',0,0),(3157,13107,'ActionScheduler','','','','2019-09-14 02:36:29','2019-09-14 02:36:29','action created',0,'1','ActionScheduler','action_log',0,0),(3161,13108,'ActionScheduler','','','','2019-09-14 06:01:39','2019-09-14 06:01:39','action started',0,'1','ActionScheduler','action_log',0,0),(3162,13108,'ActionScheduler','','','','2019-09-14 06:01:39','2019-09-14 06:01:39','action complete',0,'1','ActionScheduler','action_log',0,0),(3251,13138,'ActionScheduler','','','','2019-09-17 06:56:00','2019-09-17 06:56:00','action started',0,'1','ActionScheduler','action_log',0,0),(3224,13129,'ActionScheduler','','','','2019-09-16 07:13:41','2019-09-16 07:13:41','action started',0,'1','ActionScheduler','action_log',0,0),(3223,13129,'ActionScheduler','','','','2019-09-16 05:43:44','2019-09-16 05:43:44','action created',0,'1','ActionScheduler','action_log',0,0),(3222,13128,'ActionScheduler','','','','2019-09-16 05:43:44','2019-09-16 05:43:44','action complete',0,'1','ActionScheduler','action_log',0,0),(3226,13130,'ActionScheduler','','','','2019-09-16 07:13:41','2019-09-16 07:13:41','action created',0,'1','ActionScheduler','action_log',0,0),(3225,13129,'ActionScheduler','','','','2019-09-16 07:13:41','2019-09-16 07:13:41','action complete',0,'1','ActionScheduler','action_log',0,0),(3221,13128,'ActionScheduler','','','','2019-09-16 05:43:44','2019-09-16 05:43:44','action started',0,'1','ActionScheduler','action_log',0,0),(3217,13127,'ActionScheduler','','','','2019-09-15 23:21:12','2019-09-15 23:21:12','action created',0,'1','ActionScheduler','action_log',0,0),(3127,13097,'ActionScheduler','','','','2019-09-13 05:37:49','2019-09-13 05:37:49','action created',0,'1','ActionScheduler','action_log',0,0),(3106,13090,'ActionScheduler','','','','2019-09-12 09:46:14','2019-09-12 09:46:14','action created',0,'1','ActionScheduler','action_log',0,0),(3105,13089,'ActionScheduler','','','','2019-09-12 09:46:14','2019-09-12 09:46:14','action complete',0,'1','ActionScheduler','action_log',0,0),(3126,13096,'ActionScheduler','','','','2019-09-13 05:37:49','2019-09-13 05:37:49','action complete',0,'1','ActionScheduler','action_log',0,0),(3121,13095,'ActionScheduler','','','','2019-09-12 23:14:54','2019-09-12 23:14:54','action created',0,'1','ActionScheduler','action_log',0,0),(3125,13096,'ActionScheduler','','','','2019-09-13 05:37:49','2019-09-13 05:37:49','action started',0,'1','ActionScheduler','action_log',0,0),(3115,13093,'ActionScheduler','','','','2019-09-12 19:38:43','2019-09-12 19:38:43','action created',0,'1','ActionScheduler','action_log',0,0),(3114,13092,'ActionScheduler','','','','2019-09-12 19:38:43','2019-09-12 19:38:43','action complete',0,'1','ActionScheduler','action_log',0,0),(3208,13124,'ActionScheduler','','','','2019-09-15 18:58:10','2019-09-15 18:58:10','action created',0,'1','ActionScheduler','action_log',0,0),(3148,13104,'ActionScheduler','','','','2019-09-13 18:49:19','2019-09-13 18:49:19','action created',0,'1','ActionScheduler','action_log',0,0),(3120,13094,'ActionScheduler','','','','2019-09-12 23:14:54','2019-09-12 23:14:54','action complete',0,'1','ActionScheduler','action_log',0,0),(3119,13094,'ActionScheduler','','','','2019-09-12 23:14:54','2019-09-12 23:14:54','action started',0,'1','ActionScheduler','action_log',0,0),(3479,13217,'ActionScheduler','','','','2019-09-24 23:39:11','2019-09-24 23:39:11','action created',0,'1','ActionScheduler','action_log',0,0),(3202,13122,'ActionScheduler','','','','2019-09-15 13:15:52','2019-09-15 13:15:52','action created',0,'1','ActionScheduler','action_log',0,0),(3190,13118,'ActionScheduler','','','','2019-09-15 06:24:34','2019-09-15 06:24:34','action created',0,'1','ActionScheduler','action_log',0,0),(3191,13118,'ActionScheduler','','','','2019-09-15 07:42:40','2019-09-15 07:42:40','action started',0,'1','ActionScheduler','action_log',0,0),(3192,13118,'ActionScheduler','','','','2019-09-15 07:42:40','2019-09-15 07:42:40','action complete',0,'1','ActionScheduler','action_log',0,0),(3193,13119,'ActionScheduler','','','','2019-09-15 07:42:40','2019-09-15 07:42:40','action created',0,'1','ActionScheduler','action_log',0,0),(3194,13119,'ActionScheduler','','','','2019-09-15 11:04:16','2019-09-15 11:04:16','action started',0,'1','ActionScheduler','action_log',0,0),(3187,13117,'ActionScheduler','','','','2019-09-15 00:19:25','2019-09-15 00:19:25','action created',0,'1','ActionScheduler','action_log',0,0),(3184,13116,'ActionScheduler','','','','2019-09-14 22:34:15','2019-09-14 22:34:15','action created',0,'1','ActionScheduler','action_log',0,0),(3172,13112,'ActionScheduler','','','','2019-09-14 13:57:46','2019-09-14 13:57:46','action created',0,'1','ActionScheduler','action_log',0,0),(3197,13120,'ActionScheduler','','','','2019-09-15 12:11:02','2019-09-15 12:11:02','action started',0,'1','ActionScheduler','action_log',0,0),(3154,13106,'ActionScheduler','','','','2019-09-14 01:21:21','2019-09-14 01:21:21','action created',0,'1','ActionScheduler','action_log',0,0),(3155,13106,'ActionScheduler','','','','2019-09-14 02:36:29','2019-09-14 02:36:29','action started',0,'1','ActionScheduler','action_log',0,0),(3144,13102,'ActionScheduler','','','','2019-09-13 16:33:03','2019-09-13 16:33:03','action complete',0,'1','ActionScheduler','action_log',0,0),(3145,13103,'ActionScheduler','','','','2019-09-13 16:33:03','2019-09-13 16:33:03','action created',0,'1','ActionScheduler','action_log',0,0),(3147,13103,'ActionScheduler','','','','2019-09-13 18:49:19','2019-09-13 18:49:19','action complete',0,'1','ActionScheduler','action_log',0,0),(3146,13103,'ActionScheduler','','','','2019-09-13 18:49:19','2019-09-13 18:49:19','action started',0,'1','ActionScheduler','action_log',0,0),(3160,13108,'ActionScheduler','','','','2019-09-14 04:25:26','2019-09-14 04:25:26','action created',0,'1','ActionScheduler','action_log',0,0),(3159,13107,'ActionScheduler','','','','2019-09-14 04:25:26','2019-09-14 04:25:26','action complete',0,'1','ActionScheduler','action_log',0,0),(3168,13110,'ActionScheduler','','','','2019-09-14 09:14:33','2019-09-14 09:14:33','action complete',0,'1','ActionScheduler','action_log',0,0),(3169,13111,'ActionScheduler','','','','2019-09-14 09:14:33','2019-09-14 09:14:33','action created',0,'1','ActionScheduler','action_log',0,0),(3198,13120,'ActionScheduler','','','','2019-09-15 12:11:02','2019-09-15 12:11:02','action complete',0,'1','ActionScheduler','action_log',0,0),(3179,13114,'ActionScheduler','','','','2019-09-14 21:33:27','2019-09-14 21:33:27','action started',0,'1','ActionScheduler','action_log',0,0),(3180,13114,'ActionScheduler','','','','2019-09-14 21:33:27','2019-09-14 21:33:27','action complete',0,'1','ActionScheduler','action_log',0,0),(3181,13115,'ActionScheduler','','','','2019-09-14 21:33:27','2019-09-14 21:33:27','action created',0,'1','ActionScheduler','action_log',0,0),(3182,13115,'ActionScheduler','','','','2019-09-14 22:34:15','2019-09-14 22:34:15','action started',0,'1','ActionScheduler','action_log',0,0),(3183,13115,'ActionScheduler','','','','2019-09-14 22:34:15','2019-09-14 22:34:15','action complete',0,'1','ActionScheduler','action_log',0,0),(3178,13114,'ActionScheduler','','','','2019-09-14 19:48:28','2019-09-14 19:48:28','action created',0,'1','ActionScheduler','action_log',0,0),(3195,13119,'ActionScheduler','','','','2019-09-15 11:04:16','2019-09-15 11:04:16','action complete',0,'1','ActionScheduler','action_log',0,0),(3164,13109,'ActionScheduler','','','','2019-09-14 07:37:30','2019-09-14 07:37:30','action started',0,'1','ActionScheduler','action_log',0,0),(3165,13109,'ActionScheduler','','','','2019-09-14 07:37:30','2019-09-14 07:37:30','action complete',0,'1','ActionScheduler','action_log',0,0),(3166,13110,'ActionScheduler','','','','2019-09-14 07:37:30','2019-09-14 07:37:30','action created',0,'1','ActionScheduler','action_log',0,0),(3167,13110,'ActionScheduler','','','','2019-09-14 09:14:33','2019-09-14 09:14:33','action started',0,'1','ActionScheduler','action_log',0,0),(3171,13111,'ActionScheduler','','','','2019-09-14 13:57:46','2019-09-14 13:57:46','action complete',0,'1','ActionScheduler','action_log',0,0),(3170,13111,'ActionScheduler','','','','2019-09-14 13:57:46','2019-09-14 13:57:46','action started',0,'1','ActionScheduler','action_log',0,0),(3196,13120,'ActionScheduler','','','','2019-09-15 11:04:16','2019-09-15 11:04:16','action created',0,'1','ActionScheduler','action_log',0,0),(3173,13112,'ActionScheduler','','','','2019-09-14 17:10:20','2019-09-14 17:10:20','action started',0,'1','ActionScheduler','action_log',0,0),(3174,13112,'ActionScheduler','','','','2019-09-14 17:10:20','2019-09-14 17:10:20','action complete',0,'1','ActionScheduler','action_log',0,0),(3175,13113,'ActionScheduler','','','','2019-09-14 17:10:20','2019-09-14 17:10:20','action created',0,'1','ActionScheduler','action_log',0,0),(3176,13113,'ActionScheduler','','','','2019-09-14 19:48:28','2019-09-14 19:48:28','action started',0,'1','ActionScheduler','action_log',0,0),(3177,13113,'ActionScheduler','','','','2019-09-14 19:48:28','2019-09-14 19:48:28','action complete',0,'1','ActionScheduler','action_log',0,0),(3186,13116,'ActionScheduler','','','','2019-09-15 00:19:25','2019-09-15 00:19:25','action complete',0,'1','ActionScheduler','action_log',0,0),(3185,13116,'ActionScheduler','','','','2019-09-15 00:19:25','2019-09-15 00:19:25','action started',0,'1','ActionScheduler','action_log',0,0),(3189,13117,'ActionScheduler','','','','2019-09-15 06:24:34','2019-09-15 06:24:34','action complete',0,'1','ActionScheduler','action_log',0,0),(3188,13117,'ActionScheduler','','','','2019-09-15 06:24:34','2019-09-15 06:24:34','action started',0,'1','ActionScheduler','action_log',0,0),(3492,13221,'ActionScheduler','','','','2019-09-25 07:35:45','2019-09-25 07:35:45','action started',0,'1','ActionScheduler','action_log',0,0),(3478,13216,'ActionScheduler','','','','2019-09-24 23:39:11','2019-09-24 23:39:11','action complete',0,'1','ActionScheduler','action_log',0,0),(3269,13144,'ActionScheduler','','','','2019-09-17 17:33:59','2019-09-17 17:33:59','action started',0,'1','ActionScheduler','action_log',0,0),(3254,13139,'ActionScheduler','','','','2019-09-17 09:43:02','2019-09-17 09:43:02','action started',0,'1','ActionScheduler','action_log',0,0),(3551,13241,'ActionScheduler','','','','2019-09-27 12:28:30','2019-09-27 12:28:30','action created',0,'1','ActionScheduler','action_log',0,0),(3497,13223,'ActionScheduler','','','','2019-09-25 09:03:17','2019-09-25 09:03:17','action created',0,'1','ActionScheduler','action_log',0,0),(3310,13158,'ActionScheduler','','','','2019-09-18 21:42:08','2019-09-18 21:42:08','action created',0,'1','ActionScheduler','action_log',0,0),(3271,13145,'ActionScheduler','','','','2019-09-17 17:33:59','2019-09-17 17:33:59','action created',0,'1','ActionScheduler','action_log',0,0),(3270,13144,'ActionScheduler','','','','2019-09-17 17:33:59','2019-09-17 17:33:59','action complete',0,'1','ActionScheduler','action_log',0,0),(3227,13130,'ActionScheduler','','','','2019-09-16 10:55:24','2019-09-16 10:55:24','action started',0,'1','ActionScheduler','action_log',0,0),(3201,13121,'ActionScheduler','','','','2019-09-15 13:15:52','2019-09-15 13:15:52','action complete',0,'1','ActionScheduler','action_log',0,0),(3200,13121,'ActionScheduler','','','','2019-09-15 13:15:52','2019-09-15 13:15:52','action started',0,'1','ActionScheduler','action_log',0,0),(3211,13125,'ActionScheduler','','','','2019-09-15 20:20:53','2019-09-15 20:20:53','action created',0,'1','ActionScheduler','action_log',0,0),(3229,13131,'ActionScheduler','','','','2019-09-16 10:55:24','2019-09-16 10:55:24','action created',0,'1','ActionScheduler','action_log',0,0),(3228,13130,'ActionScheduler','','','','2019-09-16 10:55:24','2019-09-16 10:55:24','action complete',0,'1','ActionScheduler','action_log',0,0),(3214,13126,'ActionScheduler','','','','2019-09-15 22:01:11','2019-09-15 22:01:11','action created',0,'1','ActionScheduler','action_log',0,0),(3207,13123,'ActionScheduler','','','','2019-09-15 18:58:10','2019-09-15 18:58:10','action complete',0,'1','ActionScheduler','action_log',0,0),(3206,13123,'ActionScheduler','','','','2019-09-15 18:58:10','2019-09-15 18:58:10','action started',0,'1','ActionScheduler','action_log',0,0),(3216,13126,'ActionScheduler','','','','2019-09-15 23:21:12','2019-09-15 23:21:12','action complete',0,'1','ActionScheduler','action_log',0,0),(3210,13124,'ActionScheduler','','','','2019-09-15 20:20:53','2019-09-15 20:20:53','action complete',0,'1','ActionScheduler','action_log',0,0),(3209,13124,'ActionScheduler','','','','2019-09-15 20:20:53','2019-09-15 20:20:53','action started',0,'1','ActionScheduler','action_log',0,0),(3215,13126,'ActionScheduler','','','','2019-09-15 23:21:12','2019-09-15 23:21:12','action started',0,'1','ActionScheduler','action_log',0,0),(3213,13125,'ActionScheduler','','','','2019-09-15 22:01:11','2019-09-15 22:01:11','action complete',0,'1','ActionScheduler','action_log',0,0),(3212,13125,'ActionScheduler','','','','2019-09-15 22:01:11','2019-09-15 22:01:11','action started',0,'1','ActionScheduler','action_log',0,0),(3250,13138,'ActionScheduler','','','','2019-09-17 04:42:03','2019-09-17 04:42:03','action created',0,'1','ActionScheduler','action_log',0,0),(3253,13139,'ActionScheduler','','','','2019-09-17 06:56:00','2019-09-17 06:56:00','action created',0,'1','ActionScheduler','action_log',0,0),(3252,13138,'ActionScheduler','','','','2019-09-17 06:56:00','2019-09-17 06:56:00','action complete',0,'1','ActionScheduler','action_log',0,0),(3241,13135,'ActionScheduler','','','','2019-09-16 20:38:25','2019-09-16 20:38:25','action created',0,'1','ActionScheduler','action_log',0,0),(3308,13157,'ActionScheduler','','','','2019-09-18 21:42:08','2019-09-18 21:42:08','action started',0,'1','ActionScheduler','action_log',0,0),(3247,13137,'ActionScheduler','','','','2019-09-17 00:51:26','2019-09-17 00:51:26','action created',0,'1','ActionScheduler','action_log',0,0),(3240,13134,'ActionScheduler','','','','2019-09-16 20:38:25','2019-09-16 20:38:25','action complete',0,'1','ActionScheduler','action_log',0,0),(3239,13134,'ActionScheduler','','','','2019-09-16 20:38:25','2019-09-16 20:38:25','action started',0,'1','ActionScheduler','action_log',0,0),(3307,13157,'ActionScheduler','','','','2019-09-18 20:37:22','2019-09-18 20:37:22','action created',0,'1','ActionScheduler','action_log',0,0),(3243,13135,'ActionScheduler','','','','2019-09-16 23:43:43','2019-09-16 23:43:43','action complete',0,'1','ActionScheduler','action_log',0,0),(3242,13135,'ActionScheduler','','','','2019-09-16 23:43:43','2019-09-16 23:43:43','action started',0,'1','ActionScheduler','action_log',0,0),(3249,13137,'ActionScheduler','','','','2019-09-17 04:42:03','2019-09-17 04:42:03','action complete',0,'1','ActionScheduler','action_log',0,0),(3248,13137,'ActionScheduler','','','','2019-09-17 04:42:03','2019-09-17 04:42:03','action started',0,'1','ActionScheduler','action_log',0,0),(3263,13142,'ActionScheduler','','','','2019-09-17 14:23:38','2019-09-17 14:23:38','action started',0,'1','ActionScheduler','action_log',0,0),(3258,13140,'ActionScheduler','','','','2019-09-17 11:19:26','2019-09-17 11:19:26','action complete',0,'1','ActionScheduler','action_log',0,0),(3257,13140,'ActionScheduler','','','','2019-09-17 11:19:25','2019-09-17 11:19:25','action started',0,'1','ActionScheduler','action_log',0,0),(3305,13156,'ActionScheduler','','','','2019-09-18 20:37:22','2019-09-18 20:37:22','action started',0,'1','ActionScheduler','action_log',0,0),(3279,13147,'ActionScheduler','','','','2019-09-17 21:56:04','2019-09-17 21:56:04','action complete',0,'1','ActionScheduler','action_log',0,0),(3278,13147,'ActionScheduler','','','','2019-09-17 21:56:04','2019-09-17 21:56:04','action started',0,'1','ActionScheduler','action_log',0,0),(3284,13149,'ActionScheduler','','','','2019-09-18 06:12:09','2019-09-18 06:12:09','action started',0,'1','ActionScheduler','action_log',0,0),(3298,13154,'ActionScheduler','','','','2019-09-18 15:36:57','2019-09-18 15:36:57','action created',0,'1','ActionScheduler','action_log',0,0),(3282,13148,'ActionScheduler','','','','2019-09-17 23:46:59','2019-09-17 23:46:59','action complete',0,'1','ActionScheduler','action_log',0,0),(3281,13148,'ActionScheduler','','','','2019-09-17 23:46:59','2019-09-17 23:46:59','action started',0,'1','ActionScheduler','action_log',0,0),(3288,13150,'ActionScheduler','','','','2019-09-18 08:39:45','2019-09-18 08:39:45','action complete',0,'1','ActionScheduler','action_log',0,0),(3285,13149,'ActionScheduler','','','','2019-09-18 06:12:09','2019-09-18 06:12:09','action complete',0,'1','ActionScheduler','action_log',0,0),(3286,13150,'ActionScheduler','','','','2019-09-18 06:12:09','2019-09-18 06:12:09','action created',0,'1','ActionScheduler','action_log',0,0),(3287,13150,'ActionScheduler','','','','2019-09-18 08:39:45','2019-09-18 08:39:45','action started',0,'1','ActionScheduler','action_log',0,0),(3296,13153,'ActionScheduler','','','','2019-09-18 15:36:57','2019-09-18 15:36:57','action started',0,'1','ActionScheduler','action_log',0,0),(3290,13151,'ActionScheduler','','','','2019-09-18 12:22:55','2019-09-18 12:22:55','action started',0,'1','ActionScheduler','action_log',0,0),(3291,13151,'ActionScheduler','','','','2019-09-18 12:22:55','2019-09-18 12:22:55','action complete',0,'1','ActionScheduler','action_log',0,0),(3292,13152,'ActionScheduler','','','','2019-09-18 12:22:55','2019-09-18 12:22:55','action created',0,'1','ActionScheduler','action_log',0,0),(3317,13160,'ActionScheduler','','','','2019-09-19 03:06:21','2019-09-19 03:06:21','action started',0,'1','ActionScheduler','action_log',0,0),(3315,13159,'ActionScheduler','','','','2019-09-19 00:39:15','2019-09-19 00:39:15','action complete',0,'1','ActionScheduler','action_log',0,0),(3314,13159,'ActionScheduler','','','','2019-09-19 00:39:15','2019-09-19 00:39:15','action started',0,'1','ActionScheduler','action_log',0,0),(3334,13166,'ActionScheduler','','','','2019-09-19 18:56:02','2019-09-19 18:56:02','action created',0,'1','ActionScheduler','action_log',0,0),(3335,13166,'ActionScheduler','','','','2019-09-19 21:00:45','2019-09-19 21:00:45','action started',0,'1','ActionScheduler','action_log',0,0),(3340,13168,'ActionScheduler','','','','2019-09-19 23:30:24','2019-09-19 23:30:24','action created',0,'1','ActionScheduler','action_log',0,0),(3339,13167,'ActionScheduler','','','','2019-09-19 23:30:24','2019-09-19 23:30:24','action complete',0,'1','ActionScheduler','action_log',0,0),(3346,13170,'ActionScheduler','','','','2019-09-20 02:59:55','2019-09-20 02:59:55','action created',0,'1','ActionScheduler','action_log',0,0),(3352,13172,'ActionScheduler','','','','2019-09-20 06:42:28','2019-09-20 06:42:28','action created',0,'1','ActionScheduler','action_log',0,0),(3364,13176,'ActionScheduler','','','','2019-09-20 13:28:50','2019-09-20 13:28:50','action created',0,'1','ActionScheduler','action_log',0,0),(3349,13171,'ActionScheduler','','','','2019-09-20 05:35:25','2019-09-20 05:35:25','action created',0,'1','ActionScheduler','action_log',0,0),(3350,13171,'ActionScheduler','','','','2019-09-20 06:42:27','2019-09-20 06:42:27','action started',0,'1','ActionScheduler','action_log',0,0),(3345,13169,'ActionScheduler','','','','2019-09-20 02:59:55','2019-09-20 02:59:55','action complete',0,'1','ActionScheduler','action_log',0,0),(1350,12494,'WooCommerce','woocommerce@6sigma.academy','','','2019-07-20 22:57:15','2019-07-20 22:57:15','Awaiting BACS payment Order status changed from Pending payment to On hold.',0,'1','WooCommerce','order_note',0,0),(3403,13189,'ActionScheduler','','','','2019-09-22 04:51:23','2019-09-22 04:51:23','action created',0,'1','ActionScheduler','action_log',0,0),(3356,13173,'ActionScheduler','','','','2019-09-20 10:24:19','2019-09-20 10:24:19','action started',0,'1','ActionScheduler','action_log',0,0),(3357,13173,'ActionScheduler','','','','2019-09-20 10:24:19','2019-09-20 10:24:19','action complete',0,'1','ActionScheduler','action_log',0,0),(3354,13172,'ActionScheduler','','','','2019-09-20 08:05:52','2019-09-20 08:05:52','action complete',0,'1','ActionScheduler','action_log',0,0),(3363,13175,'ActionScheduler','','','','2019-09-20 13:28:50','2019-09-20 13:28:50','action complete',0,'1','ActionScheduler','action_log',0,0),(3370,13178,'ActionScheduler','','','','2019-09-20 17:42:09','2019-09-20 17:42:09','action created',0,'1','ActionScheduler','action_log',0,0),(3369,13177,'ActionScheduler','','','','2019-09-20 17:42:09','2019-09-20 17:42:09','action complete',0,'1','ActionScheduler','action_log',0,0),(3368,13177,'ActionScheduler','','','','2019-09-20 17:42:09','2019-09-20 17:42:09','action started',0,'1','ActionScheduler','action_log',0,0),(3365,13176,'ActionScheduler','','','','2019-09-20 15:58:16','2019-09-20 15:58:16','action started',0,'1','ActionScheduler','action_log',0,0),(3366,13176,'ActionScheduler','','','','2019-09-20 15:58:16','2019-09-20 15:58:16','action complete',0,'1','ActionScheduler','action_log',0,0),(3367,13177,'ActionScheduler','','','','2019-09-20 15:58:16','2019-09-20 15:58:16','action created',0,'1','ActionScheduler','action_log',0,0),(3373,13179,'ActionScheduler','','','','2019-09-20 22:23:00','2019-09-20 22:23:00','action created',0,'1','ActionScheduler','action_log',0,0),(3382,13182,'ActionScheduler','','','','2019-09-21 06:00:49','2019-09-21 06:00:49','action created',0,'1','ActionScheduler','action_log',0,0),(3372,13178,'ActionScheduler','','','','2019-09-20 22:23:00','2019-09-20 22:23:00','action complete',0,'1','ActionScheduler','action_log',0,0),(3371,13178,'ActionScheduler','','','','2019-09-20 22:23:00','2019-09-20 22:23:00','action started',0,'1','ActionScheduler','action_log',0,0),(3376,13180,'ActionScheduler','','','','2019-09-21 03:58:33','2019-09-21 03:58:33','action created',0,'1','ActionScheduler','action_log',0,0),(3388,13184,'ActionScheduler','','','','2019-09-21 13:35:09','2019-09-21 13:35:09','action created',0,'1','ActionScheduler','action_log',0,0),(3379,13181,'ActionScheduler','','','','2019-09-21 05:00:48','2019-09-21 05:00:48','action created',0,'1','ActionScheduler','action_log',0,0),(3380,13181,'ActionScheduler','','','','2019-09-21 06:00:49','2019-09-21 06:00:49','action started',0,'1','ActionScheduler','action_log',0,0),(3381,13181,'ActionScheduler','','','','2019-09-21 06:00:49','2019-09-21 06:00:49','action complete',0,'1','ActionScheduler','action_log',0,0),(3375,13179,'ActionScheduler','','','','2019-09-21 03:58:33','2019-09-21 03:58:33','action complete',0,'1','ActionScheduler','action_log',0,0),(3374,13179,'ActionScheduler','','','','2019-09-21 03:58:33','2019-09-21 03:58:33','action started',0,'1','ActionScheduler','action_log',0,0),(3385,13183,'ActionScheduler','','','','2019-09-21 09:04:08','2019-09-21 09:04:08','action created',0,'1','ActionScheduler','action_log',0,0),(3378,13180,'ActionScheduler','','','','2019-09-21 05:00:48','2019-09-21 05:00:48','action complete',0,'1','ActionScheduler','action_log',0,0),(3377,13180,'ActionScheduler','','','','2019-09-21 05:00:48','2019-09-21 05:00:48','action started',0,'1','ActionScheduler','action_log',0,0),(3400,13188,'ActionScheduler','','','','2019-09-22 00:56:14','2019-09-22 00:56:14','action created',0,'1','ActionScheduler','action_log',0,0),(3386,13183,'ActionScheduler','','','','2019-09-21 13:35:09','2019-09-21 13:35:09','action started',0,'1','ActionScheduler','action_log',0,0),(3387,13183,'ActionScheduler','','','','2019-09-21 13:35:09','2019-09-21 13:35:09','action complete',0,'1','ActionScheduler','action_log',0,0),(3470,13214,'ActionScheduler','','','','2019-09-24 17:41:08','2019-09-24 17:41:08','action created',0,'1','ActionScheduler','action_log',0,0),(3413,13192,'ActionScheduler','','','','2019-09-22 18:35:24','2019-09-22 18:35:24','action started',0,'1','ActionScheduler','action_log',0,0),(3495,13222,'ActionScheduler','','','','2019-09-25 09:03:17','2019-09-25 09:03:17','action started',0,'1','ActionScheduler','action_log',0,0),(3397,13187,'ActionScheduler','','','','2019-09-21 22:25:33','2019-09-21 22:25:33','action created',0,'1','ActionScheduler','action_log',0,0),(3399,13187,'ActionScheduler','','','','2019-09-22 00:56:14','2019-09-22 00:56:14','action complete',0,'1','ActionScheduler','action_log',0,0),(3414,13192,'ActionScheduler','','','','2019-09-22 18:35:24','2019-09-22 18:35:24','action complete',0,'1','ActionScheduler','action_log',0,0),(3398,13187,'ActionScheduler','','','','2019-09-22 00:56:14','2019-09-22 00:56:14','action started',0,'1','ActionScheduler','action_log',0,0),(3407,13190,'ActionScheduler','','','','2019-09-22 13:45:54','2019-09-22 13:45:54','action started',0,'1','ActionScheduler','action_log',0,0),(3408,13190,'ActionScheduler','','','','2019-09-22 13:45:54','2019-09-22 13:45:54','action complete',0,'1','ActionScheduler','action_log',0,0),(3409,13191,'ActionScheduler','','','','2019-09-22 13:45:54','2019-09-22 13:45:54','action created',0,'1','ActionScheduler','action_log',0,0),(3417,13193,'ActionScheduler','','','','2019-09-22 19:37:05','2019-09-22 19:37:05','action complete',0,'1','ActionScheduler','action_log',0,0),(591,12238,'WooCommerce','woocommerce@6sigma.academy','','','2019-06-21 00:19:43','2019-06-21 00:19:43','Awaiting BACS payment Order status changed from Pending payment to On hold.',0,'1','WooCommerce','order_note',0,0),(3550,13240,'ActionScheduler','','','','2019-09-27 12:28:30','2019-09-27 12:28:30','action complete',0,'1','ActionScheduler','action_log',0,0),(3509,13227,'ActionScheduler','','','','2019-09-25 17:37:11','2019-09-25 17:37:11','action created',0,'1','ActionScheduler','action_log',0,0),(3549,13240,'ActionScheduler','','','','2019-09-27 12:28:30','2019-09-27 12:28:30','action started',0,'1','ActionScheduler','action_log',0,0),(3402,13188,'ActionScheduler','','','','2019-09-22 04:51:23','2019-09-22 04:51:23','action complete',0,'1','ActionScheduler','action_log',0,0),(3401,13188,'ActionScheduler','','','','2019-09-22 04:51:23','2019-09-22 04:51:23','action started',0,'1','ActionScheduler','action_log',0,0),(3508,13226,'ActionScheduler','','','','2019-09-25 17:37:11','2019-09-25 17:37:11','action complete',0,'1','ActionScheduler','action_log',0,0),(3404,13189,'ActionScheduler','','','','2019-09-22 10:00:22','2019-09-22 10:00:22','action started',0,'1','ActionScheduler','action_log',0,0),(3405,13189,'ActionScheduler','','','','2019-09-22 10:00:22','2019-09-22 10:00:22','action complete',0,'1','ActionScheduler','action_log',0,0),(3406,13190,'ActionScheduler','','','','2019-09-22 10:00:22','2019-09-22 10:00:22','action created',0,'1','ActionScheduler','action_log',0,0),(3493,13221,'ActionScheduler','','','','2019-09-25 07:35:45','2019-09-25 07:35:45','action complete',0,'1','ActionScheduler','action_log',0,0),(3494,13222,'ActionScheduler','','','','2019-09-25 07:35:45','2019-09-25 07:35:45','action created',0,'1','ActionScheduler','action_log',0,0),(3442,13202,'ActionScheduler','','','','2019-09-23 20:56:56','2019-09-23 20:56:56','action created',0,'1','ActionScheduler','action_log',0,0),(3430,13198,'ActionScheduler','','','','2019-09-23 12:44:32','2019-09-23 12:44:32','action created',0,'1','ActionScheduler','action_log',0,0),(3433,13199,'ActionScheduler','','','','2019-09-23 15:44:28','2019-09-23 15:44:28','action created',0,'1','ActionScheduler','action_log',0,0),(3429,13197,'ActionScheduler','','','','2019-09-23 12:44:32','2019-09-23 12:44:32','action complete',0,'1','ActionScheduler','action_log',0,0),(3428,13197,'ActionScheduler','','','','2019-09-23 12:44:32','2019-09-23 12:44:32','action started',0,'1','ActionScheduler','action_log',0,0),(3455,13209,'ActionScheduler','','','','2019-09-24 02:36:02','2019-09-24 02:36:02','action created',0,'1','ActionScheduler','action_log',0,0),(3447,13204,'WooCommerce','woocommerce@6sigma.academy','','','2019-09-24 00:33:07','2019-09-24 00:33:07','Awaiting BACS payment Order status changed from Pending payment to On hold.',0,'1','WooCommerce','order_note',0,0),(3439,13201,'ActionScheduler','','','','2019-09-23 19:40:16','2019-09-23 19:40:16','action created',0,'1','ActionScheduler','action_log',0,0),(3461,13211,'ActionScheduler','','','','2019-09-24 08:55:09','2019-09-24 08:55:09','action created',0,'1','ActionScheduler','action_log',0,0),(3460,13210,'ActionScheduler','','','','2019-09-24 08:55:09','2019-09-24 08:55:09','action complete',0,'1','ActionScheduler','action_log',0,0),(3467,13213,'ActionScheduler','','','','2019-09-24 16:21:28','2019-09-24 16:21:28','action created',0,'1','ActionScheduler','action_log',0,0),(3458,13210,'ActionScheduler','','','','2019-09-24 06:47:08','2019-09-24 06:47:08','action created',0,'1','ActionScheduler','action_log',0,0),(3457,13209,'ActionScheduler','','','','2019-09-24 06:47:08','2019-09-24 06:47:08','action complete',0,'1','ActionScheduler','action_log',0,0),(3477,13216,'ActionScheduler','','','','2019-09-24 23:39:11','2019-09-24 23:39:11','action started',0,'1','ActionScheduler','action_log',0,0),(3473,13215,'ActionScheduler','','','','2019-09-24 19:07:43','2019-09-24 19:07:43','action created',0,'1','ActionScheduler','action_log',0,0),(3474,13215,'ActionScheduler','','','','2019-09-24 20:53:36','2019-09-24 20:53:36','action started',0,'1','ActionScheduler','action_log',0,0),(3475,13215,'ActionScheduler','','','','2019-09-24 20:53:36','2019-09-24 20:53:36','action complete',0,'1','ActionScheduler','action_log',0,0),(3476,13216,'ActionScheduler','','','','2019-09-24 20:53:36','2019-09-24 20:53:36','action created',0,'1','ActionScheduler','action_log',0,0),(3518,13230,'ActionScheduler','','','','2019-09-26 07:14:38','2019-09-26 07:14:38','action created',0,'1','ActionScheduler','action_log',0,0),(3524,13232,'ActionScheduler','','','','2019-09-26 13:42:02','2019-09-26 13:42:02','action created',0,'1','ActionScheduler','action_log',0,0),(3525,13232,'ActionScheduler','','','','2019-09-26 15:27:31','2019-09-26 15:27:31','action started',0,'1','ActionScheduler','action_log',0,0),(3517,13229,'ActionScheduler','','','','2019-09-26 07:14:38','2019-09-26 07:14:38','action complete',0,'1','ActionScheduler','action_log',0,0),(3491,13221,'ActionScheduler','','','','2019-09-25 05:23:20','2019-09-25 05:23:20','action created',0,'1','ActionScheduler','action_log',0,0),(3490,13220,'ActionScheduler','','','','2019-09-25 05:23:20','2019-09-25 05:23:20','action complete',0,'1','ActionScheduler','action_log',0,0),(3515,13229,'ActionScheduler','','','','2019-09-26 02:38:38','2019-09-26 02:38:38','action created',0,'1','ActionScheduler','action_log',0,0),(3510,13227,'ActionScheduler','','','','2019-09-26 00:56:41','2019-09-26 00:56:41','action started',0,'1','ActionScheduler','action_log',0,0),(3511,13227,'ActionScheduler','','','','2019-09-26 00:56:41','2019-09-26 00:56:41','action complete',0,'1','ActionScheduler','action_log',0,0),(3512,13228,'ActionScheduler','','','','2019-09-26 00:56:41','2019-09-26 00:56:41','action created',0,'1','ActionScheduler','action_log',0,0),(3516,13229,'ActionScheduler','','','','2019-09-26 07:14:38','2019-09-26 07:14:38','action started',0,'1','ActionScheduler','action_log',0,0),(3500,13224,'ActionScheduler','','','','2019-09-25 12:01:30','2019-09-25 12:01:30','action created',0,'1','ActionScheduler','action_log',0,0),(3507,13226,'ActionScheduler','','','','2019-09-25 17:37:11','2019-09-25 17:37:11','action started',0,'1','ActionScheduler','action_log',0,0),(643,12257,'WooCommerce','woocommerce@6sigma.academy','','','2019-06-23 21:57:16','2019-06-23 21:57:16','Awaiting BACS payment Order status changed from Pending payment to On hold.',0,'1','WooCommerce','order_note',0,0),(3312,13158,'ActionScheduler','','','','2019-09-18 22:54:04','2019-09-18 22:54:04','action complete',0,'1','ActionScheduler','action_log',0,0),(3063,13074,'ActionScheduler','','','','2019-09-10 23:22:21','2019-09-10 23:22:21','action complete',0,'1','ActionScheduler','action_log',0,0),(3064,13076,'ActionScheduler','','','','2019-09-10 23:22:21','2019-09-10 23:22:21','action created',0,'1','ActionScheduler','action_log',0,0),(3313,13159,'ActionScheduler','','','','2019-09-18 22:54:04','2019-09-18 22:54:04','action created',0,'1','ActionScheduler','action_log',0,0),(650,12238,'admin','production@ebusinesspacific.com','','','2019-06-23 22:08:46','2019-06-23 22:08:46','Order status changed by bulk edit: Order status changed from On hold to Completed.',0,'1','WooCommerce','order_note',0,0),(3503,13225,'ActionScheduler','','','','2019-09-25 13:04:38','2019-09-25 13:04:38','action created',0,'1','ActionScheduler','action_log',0,0),(652,12257,'admin','production@ebusinesspacific.com','','','2019-06-23 22:08:46','2019-06-23 22:08:46','Order status changed by bulk edit: Order status changed from On hold to Completed.',0,'1','WooCommerce','order_note',0,0),(3502,13224,'ActionScheduler','','','','2019-09-25 13:04:38','2019-09-25 13:04:38','action complete',0,'1','ActionScheduler','action_log',0,0),(3506,13226,'ActionScheduler','','','','2019-09-25 15:48:07','2019-09-25 15:48:07','action created',0,'1','ActionScheduler','action_log',0,0),(3323,13162,'ActionScheduler','','','','2019-09-19 09:18:24','2019-09-19 09:18:24','action started',0,'1','ActionScheduler','action_log',0,0),(3324,13162,'ActionScheduler','','','','2019-09-19 09:18:24','2019-09-19 09:18:24','action complete',0,'1','ActionScheduler','action_log',0,0),(3325,13163,'ActionScheduler','','','','2019-09-19 09:18:24','2019-09-19 09:18:24','action created',0,'1','ActionScheduler','action_log',0,0),(3489,13220,'ActionScheduler','','','','2019-09-25 05:23:20','2019-09-25 05:23:20','action started',0,'1','ActionScheduler','action_log',0,0),(3480,13217,'ActionScheduler','','','','2019-09-25 02:08:33','2019-09-25 02:08:33','action started',0,'1','ActionScheduler','action_log',0,0),(3481,13217,'ActionScheduler','','','','2019-09-25 02:08:33','2019-09-25 02:08:33','action complete',0,'1','ActionScheduler','action_log',0,0),(3482,13218,'ActionScheduler','','','','2019-09-25 02:08:33','2019-09-25 02:08:33','action created',0,'1','ActionScheduler','action_log',0,0),(3483,13218,'ActionScheduler','','','','2019-09-25 03:11:04','2019-09-25 03:11:04','action started',0,'1','ActionScheduler','action_log',0,0),(3484,13218,'ActionScheduler','','','','2019-09-25 03:11:04','2019-09-25 03:11:04','action complete',0,'1','ActionScheduler','action_log',0,0),(3485,13219,'ActionScheduler','','','','2019-09-25 03:11:04','2019-09-25 03:11:04','action created',0,'1','ActionScheduler','action_log',0,0),(3486,13219,'ActionScheduler','','','','2019-09-25 04:21:37','2019-09-25 04:21:37','action started',0,'1','ActionScheduler','action_log',0,0),(3487,13219,'ActionScheduler','','','','2019-09-25 04:21:37','2019-09-25 04:21:37','action complete',0,'1','ActionScheduler','action_log',0,0),(3488,13220,'ActionScheduler','','','','2019-09-25 04:21:37','2019-09-25 04:21:37','action created',0,'1','ActionScheduler','action_log',0,0),(3501,13224,'ActionScheduler','','','','2019-09-25 13:04:38','2019-09-25 13:04:38','action started',0,'1','ActionScheduler','action_log',0,0),(3499,13223,'ActionScheduler','','','','2019-09-25 12:01:30','2019-09-25 12:01:30','action complete',0,'1','ActionScheduler','action_log',0,0),(3498,13223,'ActionScheduler','','','','2019-09-25 12:01:30','2019-09-25 12:01:30','action started',0,'1','ActionScheduler','action_log',0,0),(3505,13225,'ActionScheduler','','','','2019-09-25 15:48:07','2019-09-25 15:48:07','action complete',0,'1','ActionScheduler','action_log',0,0),(3504,13225,'ActionScheduler','','','','2019-09-25 15:48:07','2019-09-25 15:48:07','action started',0,'1','ActionScheduler','action_log',0,0),(3548,13240,'ActionScheduler','','','','2019-09-27 11:22:24','2019-09-27 11:22:24','action created',0,'1','ActionScheduler','action_log',0,0),(3526,13232,'ActionScheduler','','','','2019-09-26 15:27:31','2019-09-26 15:27:31','action complete',0,'1','ActionScheduler','action_log',0,0),(3527,13233,'ActionScheduler','','','','2019-09-26 15:27:31','2019-09-26 15:27:31','action created',0,'1','ActionScheduler','action_log',0,0),(3037,13067,'ActionScheduler','','','','2019-09-10 08:50:46','2019-09-10 08:50:46','action created',0,'1','ActionScheduler','action_log',0,0),(3061,13075,'ActionScheduler','','','','2019-09-10 22:24:07','2019-09-10 22:24:07','action complete',0,'1','ActionScheduler','action_log',0,0),(3062,13074,'ActionScheduler','','','','2019-09-10 23:22:21','2019-09-10 23:22:21','action started',0,'1','ActionScheduler','action_log',0,0),(3514,13228,'ActionScheduler','','','','2019-09-26 02:38:38','2019-09-26 02:38:38','action complete',0,'1','ActionScheduler','action_log',0,0),(3547,13239,'ActionScheduler','','','','2019-09-27 11:22:24','2019-09-27 11:22:24','action complete',0,'1','ActionScheduler','action_log',0,0),(3521,13231,'ActionScheduler','','','','2019-09-26 10:16:01','2019-09-26 10:16:01','action created',0,'1','ActionScheduler','action_log',0,0),(3522,13231,'ActionScheduler','','','','2019-09-26 13:42:02','2019-09-26 13:42:02','action started',0,'1','ActionScheduler','action_log',0,0),(3031,13065,'ActionScheduler','','','','2019-09-10 05:42:40','2019-09-10 05:42:40','action created',0,'1','ActionScheduler','action_log',0,0),(3520,13230,'ActionScheduler','','','','2019-09-26 10:16:01','2019-09-26 10:16:01','action complete',0,'1','ActionScheduler','action_log',0,0),(3519,13230,'ActionScheduler','','','','2019-09-26 10:16:01','2019-09-26 10:16:01','action started',0,'1','ActionScheduler','action_log',0,0),(3029,13064,'ActionScheduler','','','','2019-09-10 05:42:40','2019-09-10 05:42:40','action started',0,'1','ActionScheduler','action_log',0,0),(3030,13064,'ActionScheduler','','','','2019-09-10 05:42:40','2019-09-10 05:42:40','action complete',0,'1','ActionScheduler','action_log',0,0),(2999,13054,'ActionScheduler','','','','2019-09-09 05:13:28','2019-09-09 05:13:28','action started',0,'1','ActionScheduler','action_log',0,0),(3000,13054,'ActionScheduler','','','','2019-09-09 05:13:28','2019-09-09 05:13:28','action complete',0,'1','ActionScheduler','action_log',0,0),(3001,13055,'ActionScheduler','','','','2019-09-09 05:13:28','2019-09-09 05:13:28','action created',0,'1','ActionScheduler','action_log',0,0),(3530,13234,'ActionScheduler','','','','2019-09-26 20:49:41','2019-09-26 20:49:41','action created',0,'1','ActionScheduler','action_log',0,0),(2953,13039,'ActionScheduler','','','','2019-09-07 16:51:30','2019-09-07 16:51:30','action created',0,'1','ActionScheduler','action_log',0,0),(3533,13235,'ActionScheduler','','','','2019-09-26 23:39:35','2019-09-26 23:39:35','action created',0,'1','ActionScheduler','action_log',0,0),(3540,13237,'ActionScheduler','','','','2019-09-27 08:51:13','2019-09-27 08:51:13','action started',0,'1','ActionScheduler','action_log',0,0),(3541,13237,'ActionScheduler','','','','2019-09-27 08:51:13','2019-09-27 08:51:13','action complete',0,'1','ActionScheduler','action_log',0,0),(3539,13237,'ActionScheduler','','','','2019-09-27 07:04:49','2019-09-27 07:04:49','action created',0,'1','ActionScheduler','action_log',0,0),(3536,13236,'ActionScheduler','','','','2019-09-27 02:29:11','2019-09-27 02:29:11','action created',0,'1','ActionScheduler','action_log',0,0),(3532,13234,'ActionScheduler','','','','2019-09-26 23:39:35','2019-09-26 23:39:35','action complete',0,'1','ActionScheduler','action_log',0,0),(2946,13036,'ActionScheduler','','','','2019-09-07 12:55:40','2019-09-07 12:55:40','action complete',0,'1','ActionScheduler','action_log',0,0),(3545,13239,'ActionScheduler','','','','2019-09-27 10:06:55','2019-09-27 10:06:55','action created',0,'1','ActionScheduler','action_log',0,0),(3538,13236,'ActionScheduler','','','','2019-09-27 07:04:49','2019-09-27 07:04:49','action complete',0,'1','ActionScheduler','action_log',0,0),(3557,13243,'ActionScheduler','','','','2019-09-27 19:38:05','2019-09-27 19:38:05','action created',0,'1','ActionScheduler','action_log',0,0),(3554,13242,'ActionScheduler','','','','2019-09-27 14:11:05','2019-09-27 14:11:05','action created',0,'1','ActionScheduler','action_log',0,0),(3553,13241,'ActionScheduler','','','','2019-09-27 14:11:05','2019-09-27 14:11:05','action complete',0,'1','ActionScheduler','action_log',0,0),(2920,13028,'ActionScheduler','','','','2019-09-06 16:06:05','2019-09-06 16:06:05','action started',0,'1','ActionScheduler','action_log',0,0),(2667,12942,'ActionScheduler','','','','2019-08-29 21:14:35','2019-08-29 21:14:35','action created',0,'1','ActionScheduler','action_log',0,0),(2674,12944,'ActionScheduler','','','','2019-08-30 01:21:06','2019-08-30 01:21:06','action started',0,'1','ActionScheduler','action_log',0,0),(2675,12944,'ActionScheduler','','','','2019-08-30 01:21:06','2019-08-30 01:21:06','action complete',0,'1','ActionScheduler','action_log',0,0),(2676,12945,'ActionScheduler','','','','2019-08-30 01:21:06','2019-08-30 01:21:06','action created',0,'1','ActionScheduler','action_log',0,0),(2679,12946,'ActionScheduler','','','','2019-08-30 03:01:48','2019-08-30 03:01:48','action created',0,'1','ActionScheduler','action_log',0,0),(2673,12944,'ActionScheduler','','','','2019-08-29 23:56:26','2019-08-29 23:56:26','action created',0,'1','ActionScheduler','action_log',0,0),(2672,12943,'ActionScheduler','','','','2019-08-29 23:56:26','2019-08-29 23:56:26','action complete',0,'1','ActionScheduler','action_log',0,0),(2682,12947,'ActionScheduler','','','','2019-08-30 09:02:46','2019-08-30 09:02:46','action created',0,'1','ActionScheduler','action_log',0,0),(2704,12955,'ActionScheduler','','','','2019-08-31 04:06:55','2019-08-31 04:06:55','action started',0,'1','ActionScheduler','action_log',0,0),(2688,12949,'ActionScheduler','','','','2019-08-30 15:54:56','2019-08-30 15:54:56','action created',0,'1','ActionScheduler','action_log',0,0),(2689,12949,'ActionScheduler','','','','2019-08-30 17:46:29','2019-08-30 17:46:29','action started',0,'1','ActionScheduler','action_log',0,0),(2690,12949,'ActionScheduler','','','','2019-08-30 17:46:29','2019-08-30 17:46:29','action complete',0,'1','ActionScheduler','action_log',0,0),(2691,12950,'ActionScheduler','','','','2019-08-30 17:46:29','2019-08-30 17:46:29','action created',0,'1','ActionScheduler','action_log',0,0),(2685,12948,'ActionScheduler','','','','2019-08-30 11:35:32','2019-08-30 11:35:32','action created',0,'1','ActionScheduler','action_log',0,0),(2684,12947,'ActionScheduler','','','','2019-08-30 11:35:32','2019-08-30 11:35:32','action complete',0,'1','ActionScheduler','action_log',0,0),(2697,12953,'ActionScheduler','','','','2019-08-30 21:41:17','2019-08-30 21:41:17','action created',0,'1','ActionScheduler','action_log',0,0),(2694,12951,'ActionScheduler','','','','2019-08-30 20:38:48','2019-08-30 20:38:48','action created',0,'1','ActionScheduler','action_log',0,0),(2693,12950,'ActionScheduler','','','','2019-08-30 20:38:48','2019-08-30 20:38:48','action complete',0,'1','ActionScheduler','action_log',0,0),(2699,12953,'ActionScheduler','','','','2019-08-31 00:38:51','2019-08-31 00:38:51','action complete',0,'1','ActionScheduler','action_log',0,0),(2696,12951,'ActionScheduler','','','','2019-08-30 21:41:17','2019-08-30 21:41:17','action complete',0,'1','ActionScheduler','action_log',0,0),(2695,12951,'ActionScheduler','','','','2019-08-30 21:41:17','2019-08-30 21:41:17','action started',0,'1','ActionScheduler','action_log',0,0),(2698,12953,'ActionScheduler','','','','2019-08-31 00:38:51','2019-08-31 00:38:51','action started',0,'1','ActionScheduler','action_log',0,0),(2742,12968,'ActionScheduler','','','','2019-09-01 08:14:59','2019-09-01 08:14:59','action created',0,'1','ActionScheduler','action_log',0,0),(2741,12967,'ActionScheduler','','','','2019-09-01 08:14:59','2019-09-01 08:14:59','action complete',0,'1','ActionScheduler','action_log',0,0),(2712,12958,'ActionScheduler','','','','2019-08-31 11:27:01','2019-08-31 11:27:01','action created',0,'1','ActionScheduler','action_log',0,0),(2709,12957,'ActionScheduler','','','','2019-08-31 09:32:18','2019-08-31 09:32:18','action created',0,'1','ActionScheduler','action_log',0,0),(2708,12956,'ActionScheduler','','','','2019-08-31 09:32:18','2019-08-31 09:32:18','action complete',0,'1','ActionScheduler','action_log',0,0),(2898,13021,'ActionScheduler','','','','2019-09-05 21:29:13','2019-09-05 21:29:13','action created',0,'1','ActionScheduler','action_log',0,0),(2711,12957,'ActionScheduler','','','','2019-08-31 11:27:01','2019-08-31 11:27:01','action complete',0,'1','ActionScheduler','action_log',0,0),(2710,12957,'ActionScheduler','','','','2019-08-31 11:27:01','2019-08-31 11:27:01','action started',0,'1','ActionScheduler','action_log',0,0),(2740,12967,'ActionScheduler','','','','2019-09-01 08:14:59','2019-09-01 08:14:59','action started',0,'1','ActionScheduler','action_log',0,0),(2715,12959,'ActionScheduler','','','','2019-08-31 16:50:35','2019-08-31 16:50:35','action created',0,'1','ActionScheduler','action_log',0,0),(2719,12960,'ActionScheduler','','','','2019-08-31 20:05:31','2019-08-31 20:05:31','action started',0,'1','ActionScheduler','action_log',0,0),(2720,12960,'ActionScheduler','','','','2019-08-31 20:05:31','2019-08-31 20:05:31','action complete',0,'1','ActionScheduler','action_log',0,0),(2718,12960,'ActionScheduler','','','','2019-08-31 18:53:24','2019-08-31 18:53:24','action created',0,'1','ActionScheduler','action_log',0,0),(2714,12958,'ActionScheduler','','','','2019-08-31 16:50:35','2019-08-31 16:50:35','action complete',0,'1','ActionScheduler','action_log',0,0),(2713,12958,'ActionScheduler','','','','2019-08-31 16:50:35','2019-08-31 16:50:35','action started',0,'1','ActionScheduler','action_log',0,0),(2733,12965,'ActionScheduler','','','','2019-09-01 04:33:20','2019-09-01 04:33:20','action created',0,'1','ActionScheduler','action_log',0,0),(2717,12959,'ActionScheduler','','','','2019-08-31 18:53:24','2019-08-31 18:53:24','action complete',0,'1','ActionScheduler','action_log',0,0),(2716,12959,'ActionScheduler','','','','2019-08-31 18:53:24','2019-08-31 18:53:24','action started',0,'1','ActionScheduler','action_log',0,0),(2730,12964,'ActionScheduler','','','','2019-09-01 03:26:02','2019-09-01 03:26:02','action created',0,'1','ActionScheduler','action_log',0,0),(2727,12963,'ActionScheduler','','','','2019-09-01 00:51:02','2019-09-01 00:51:02','action created',0,'1','ActionScheduler','action_log',0,0),(2726,12962,'ActionScheduler','','','','2019-09-01 00:51:02','2019-09-01 00:51:02','action complete',0,'1','ActionScheduler','action_log',0,0),(2724,12962,'ActionScheduler','','','','2019-08-31 22:08:51','2019-08-31 22:08:51','action created',0,'1','ActionScheduler','action_log',0,0),(2731,12964,'ActionScheduler','','','','2019-09-01 04:33:20','2019-09-01 04:33:20','action started',0,'1','ActionScheduler','action_log',0,0),(2732,12964,'ActionScheduler','','','','2019-09-01 04:33:20','2019-09-01 04:33:20','action complete',0,'1','ActionScheduler','action_log',0,0),(2725,12962,'ActionScheduler','','','','2019-09-01 00:51:02','2019-09-01 00:51:02','action started',0,'1','ActionScheduler','action_log',0,0),(2723,12961,'ActionScheduler','','','','2019-08-31 22:08:51','2019-08-31 22:08:51','action complete',0,'1','ActionScheduler','action_log',0,0),(2722,12961,'ActionScheduler','','','','2019-08-31 22:08:51','2019-08-31 22:08:51','action started',0,'1','ActionScheduler','action_log',0,0),(2736,12966,'ActionScheduler','','','','2019-09-01 06:03:32','2019-09-01 06:03:32','action created',0,'1','ActionScheduler','action_log',0,0),(2729,12963,'ActionScheduler','','','','2019-09-01 03:26:02','2019-09-01 03:26:02','action complete',0,'1','ActionScheduler','action_log',0,0),(2728,12963,'ActionScheduler','','','','2019-09-01 03:26:02','2019-09-01 03:26:02','action started',0,'1','ActionScheduler','action_log',0,0),(2858,13006,'ActionScheduler','','','','2019-09-04 19:46:40','2019-09-04 19:46:40','action complete',0,'1','ActionScheduler','action_log',0,0),(2859,13007,'ActionScheduler','','','','2019-09-04 19:46:40','2019-09-04 19:46:40','action created',0,'1','ActionScheduler','action_log',0,0),(2739,12967,'ActionScheduler','','','','2019-09-01 07:04:26','2019-09-01 07:04:26','action created',0,'1','ActionScheduler','action_log',0,0),(2735,12965,'ActionScheduler','','','','2019-09-01 06:03:32','2019-09-01 06:03:32','action complete',0,'1','ActionScheduler','action_log',0,0),(2734,12965,'ActionScheduler','','','','2019-09-01 06:03:32','2019-09-01 06:03:32','action started',0,'1','ActionScheduler','action_log',0,0),(2897,13020,'ActionScheduler','','','','2019-09-05 21:29:13','2019-09-05 21:29:13','action complete',0,'1','ActionScheduler','action_log',0,0),(2738,12966,'ActionScheduler','','','','2019-09-01 07:04:26','2019-09-01 07:04:26','action complete',0,'1','ActionScheduler','action_log',0,0),(2737,12966,'ActionScheduler','','','','2019-09-01 07:04:26','2019-09-01 07:04:26','action started',0,'1','ActionScheduler','action_log',0,0),(2829,12997,'ActionScheduler','','','','2019-09-04 01:33:42','2019-09-04 01:33:42','action created',0,'1','ActionScheduler','action_log',0,0),(2850,13004,'ActionScheduler','','','','2019-09-04 13:39:04','2019-09-04 13:39:04','action created',0,'1','ActionScheduler','action_log',0,0),(2857,13006,'ActionScheduler','','','','2019-09-04 19:46:40','2019-09-04 19:46:40','action started',0,'1','ActionScheduler','action_log',0,0),(2791,12984,'ActionScheduler','','','','2019-09-02 21:23:39','2019-09-02 21:23:39','action started',0,'1','ActionScheduler','action_log',0,0),(2748,12970,'ActionScheduler','','','','2019-09-01 12:36:06','2019-09-01 12:36:06','action created',0,'1','ActionScheduler','action_log',0,0),(2747,12969,'ActionScheduler','','','','2019-09-01 12:36:06','2019-09-01 12:36:06','action complete',0,'1','ActionScheduler','action_log',0,0),(2766,12976,'ActionScheduler','','','','2019-09-02 00:36:28','2019-09-02 00:36:28','action created',0,'1','ActionScheduler','action_log',0,0),(2760,12974,'ActionScheduler','','','','2019-09-01 22:11:36','2019-09-01 22:11:36','action created',0,'1','ActionScheduler','action_log',0,0),(2759,12973,'ActionScheduler','','','','2019-09-01 22:11:36','2019-09-01 22:11:36','action complete',0,'1','ActionScheduler','action_log',0,0),(2780,12980,'ActionScheduler','','','','2019-09-02 11:09:50','2019-09-02 11:09:50','action complete',0,'1','ActionScheduler','action_log',0,0),(2765,12975,'ActionScheduler','','','','2019-09-02 00:36:28','2019-09-02 00:36:28','action complete',0,'1','ActionScheduler','action_log',0,0),(2764,12975,'ActionScheduler','','','','2019-09-02 00:36:28','2019-09-02 00:36:28','action started',0,'1','ActionScheduler','action_log',0,0),(2775,12979,'ActionScheduler','','','','2019-09-02 08:37:33','2019-09-02 08:37:33','action created',0,'1','ActionScheduler','action_log',0,0),(2779,12980,'ActionScheduler','','','','2019-09-02 11:09:50','2019-09-02 11:09:50','action started',0,'1','ActionScheduler','action_log',0,0),(2769,12977,'ActionScheduler','','','','2019-09-02 04:06:36','2019-09-02 04:06:36','action created',0,'1','ActionScheduler','action_log',0,0),(2773,12978,'ActionScheduler','','','','2019-09-02 08:37:33','2019-09-02 08:37:33','action started',0,'1','ActionScheduler','action_log',0,0),(2774,12978,'ActionScheduler','','','','2019-09-02 08:37:33','2019-09-02 08:37:33','action complete',0,'1','ActionScheduler','action_log',0,0),(2786,12982,'ActionScheduler','','','','2019-09-02 19:04:43','2019-09-02 19:04:43','action complete',0,'1','ActionScheduler','action_log',0,0),(2778,12980,'ActionScheduler','','','','2019-09-02 09:38:54','2019-09-02 09:38:54','action created',0,'1','ActionScheduler','action_log',0,0),(2777,12979,'ActionScheduler','','','','2019-09-02 09:38:54','2019-09-02 09:38:54','action complete',0,'1','ActionScheduler','action_log',0,0),(2790,12984,'ActionScheduler','','','','2019-09-02 20:15:19','2019-09-02 20:15:19','action created',0,'1','ActionScheduler','action_log',0,0),(2785,12982,'ActionScheduler','','','','2019-09-02 19:04:43','2019-09-02 19:04:43','action started',0,'1','ActionScheduler','action_log',0,0),(2782,12981,'ActionScheduler','','','','2019-09-02 17:20:58','2019-09-02 17:20:58','action started',0,'1','ActionScheduler','action_log',0,0),(2783,12981,'ActionScheduler','','','','2019-09-02 17:20:58','2019-09-02 17:20:58','action complete',0,'1','ActionScheduler','action_log',0,0),(2784,12982,'ActionScheduler','','','','2019-09-02 17:20:58','2019-09-02 17:20:58','action created',0,'1','ActionScheduler','action_log',0,0),(2874,13013,'ActionScheduler','','','','2019-09-05 07:47:35','2019-09-05 07:47:35','action created',0,'1','ActionScheduler','action_log',0,0),(2867,13009,'ActionScheduler','','','','2019-09-05 05:01:45','2019-09-05 05:01:45','action complete',0,'1','ActionScheduler','action_log',0,0),(2866,13009,'ActionScheduler','','','','2019-09-05 05:01:45','2019-09-05 05:01:45','action started',0,'1','ActionScheduler','action_log',0,0),(2796,12986,'ActionScheduler','','','','2019-09-02 23:48:36','2019-09-02 23:48:36','action created',0,'1','ActionScheduler','action_log',0,0),(2789,12983,'ActionScheduler','','','','2019-09-02 20:15:19','2019-09-02 20:15:19','action complete',0,'1','ActionScheduler','action_log',0,0),(2788,12983,'ActionScheduler','','','','2019-09-02 20:15:19','2019-09-02 20:15:19','action started',0,'1','ActionScheduler','action_log',0,0),(2871,13012,'ActionScheduler','','','','2019-09-05 06:02:32','2019-09-05 06:02:32','action created',0,'1','ActionScheduler','action_log',0,0),(2893,13019,'ActionScheduler','','','','2019-09-05 20:24:00','2019-09-05 20:24:00','action started',0,'1','ActionScheduler','action_log',0,0),(2894,13019,'ActionScheduler','','','','2019-09-05 20:24:00','2019-09-05 20:24:00','action complete',0,'1','ActionScheduler','action_log',0,0),(2799,12987,'ActionScheduler','','','','2019-09-03 04:30:40','2019-09-03 04:30:40','action created',0,'1','ActionScheduler','action_log',0,0),(2795,12985,'ActionScheduler','','','','2019-09-02 23:48:36','2019-09-02 23:48:36','action complete',0,'1','ActionScheduler','action_log',0,0),(2794,12985,'ActionScheduler','','','','2019-09-02 23:48:36','2019-09-02 23:48:36','action started',0,'1','ActionScheduler','action_log',0,0),(2808,12990,'ActionScheduler','','','','2019-09-03 08:34:28','2019-09-03 08:34:28','action created',0,'1','ActionScheduler','action_log',0,0),(2798,12986,'ActionScheduler','','','','2019-09-03 04:30:40','2019-09-03 04:30:40','action complete',0,'1','ActionScheduler','action_log',0,0),(2797,12986,'ActionScheduler','','','','2019-09-03 04:30:40','2019-09-03 04:30:40','action started',0,'1','ActionScheduler','action_log',0,0),(2862,13008,'ActionScheduler','','','','2019-09-04 21:19:51','2019-09-04 21:19:51','action created',0,'1','ActionScheduler','action_log',0,0),(2856,13006,'ActionScheduler','','','','2019-09-04 18:17:42','2019-09-04 18:17:42','action created',0,'1','ActionScheduler','action_log',0,0),(2855,13005,'ActionScheduler','','','','2019-09-04 18:17:42','2019-09-04 18:17:42','action complete',0,'1','ActionScheduler','action_log',0,0),(2811,12991,'ActionScheduler','','','','2019-09-03 11:12:34','2019-09-03 11:12:34','action created',0,'1','ActionScheduler','action_log',0,0),(2807,12989,'ActionScheduler','','','','2019-09-03 08:34:28','2019-09-03 08:34:28','action complete',0,'1','ActionScheduler','action_log',0,0),(2806,12989,'ActionScheduler','','','','2019-09-03 08:34:28','2019-09-03 08:34:28','action started',0,'1','ActionScheduler','action_log',0,0),(2817,12993,'ActionScheduler','','','','2019-09-03 15:36:33','2019-09-03 15:36:33','action created',0,'1','ActionScheduler','action_log',0,0),(2810,12990,'ActionScheduler','','','','2019-09-03 11:12:34','2019-09-03 11:12:34','action complete',0,'1','ActionScheduler','action_log',0,0),(2809,12990,'ActionScheduler','','','','2019-09-03 11:12:34','2019-09-03 11:12:34','action started',0,'1','ActionScheduler','action_log',0,0),(2814,12992,'ActionScheduler','','','','2019-09-03 14:12:52','2019-09-03 14:12:52','action created',0,'1','ActionScheduler','action_log',0,0),(2815,12992,'ActionScheduler','','','','2019-09-03 15:36:33','2019-09-03 15:36:33','action started',0,'1','ActionScheduler','action_log',0,0),(2816,12992,'ActionScheduler','','','','2019-09-03 15:36:33','2019-09-03 15:36:33','action complete',0,'1','ActionScheduler','action_log',0,0),(2820,12994,'ActionScheduler','','','','2019-09-03 17:35:37','2019-09-03 17:35:37','action created',0,'1','ActionScheduler','action_log',0,0),(2813,12991,'ActionScheduler','','','','2019-09-03 14:12:52','2019-09-03 14:12:52','action complete',0,'1','ActionScheduler','action_log',0,0),(2812,12991,'ActionScheduler','','','','2019-09-03 14:12:52','2019-09-03 14:12:52','action started',0,'1','ActionScheduler','action_log',0,0),(2853,13005,'ActionScheduler','','','','2019-09-04 14:46:59','2019-09-04 14:46:59','action created',0,'1','ActionScheduler','action_log',0,0),(2847,13003,'ActionScheduler','','','','2019-09-04 12:34:42','2019-09-04 12:34:42','action created',0,'1','ActionScheduler','action_log',0,0),(2846,13002,'ActionScheduler','','','','2019-09-04 12:34:42','2019-09-04 12:34:42','action complete',0,'1','ActionScheduler','action_log',0,0),(2823,12995,'ActionScheduler','','','','2019-09-03 20:00:01','2019-09-03 20:00:01','action created',0,'1','ActionScheduler','action_log',0,0),(2819,12993,'ActionScheduler','','','','2019-09-03 17:35:37','2019-09-03 17:35:37','action complete',0,'1','ActionScheduler','action_log',0,0),(2818,12993,'ActionScheduler','','','','2019-09-03 17:35:37','2019-09-03 17:35:37','action started',0,'1','ActionScheduler','action_log',0,0),(2826,12996,'ActionScheduler','','','','2019-09-03 23:29:45','2019-09-03 23:29:45','action created',0,'1','ActionScheduler','action_log',0,0),(2822,12994,'ActionScheduler','','','','2019-09-03 20:00:01','2019-09-03 20:00:01','action complete',0,'1','ActionScheduler','action_log',0,0),(2821,12994,'ActionScheduler','','','','2019-09-03 20:00:01','2019-09-03 20:00:01','action started',0,'1','ActionScheduler','action_log',0,0),(2849,13003,'ActionScheduler','','','','2019-09-04 13:39:04','2019-09-04 13:39:04','action complete',0,'1','ActionScheduler','action_log',0,0),(2825,12995,'ActionScheduler','','','','2019-09-03 23:29:45','2019-09-03 23:29:45','action complete',0,'1','ActionScheduler','action_log',0,0),(2824,12995,'ActionScheduler','','','','2019-09-03 23:29:45','2019-09-03 23:29:45','action started',0,'1','ActionScheduler','action_log',0,0),(2835,12999,'ActionScheduler','','','','2019-09-04 06:49:26','2019-09-04 06:49:26','action created',0,'1','ActionScheduler','action_log',0,0),(2848,13003,'ActionScheduler','','','','2019-09-04 13:39:04','2019-09-04 13:39:04','action started',0,'1','ActionScheduler','action_log',0,0),(2830,12997,'ActionScheduler','','','','2019-09-04 04:13:03','2019-09-04 04:13:03','action started',0,'1','ActionScheduler','action_log',0,0),(2831,12997,'ActionScheduler','','','','2019-09-04 04:13:03','2019-09-04 04:13:03','action complete',0,'1','ActionScheduler','action_log',0,0),(2832,12998,'ActionScheduler','','','','2019-09-04 04:13:03','2019-09-04 04:13:03','action created',0,'1','ActionScheduler','action_log',0,0),(2838,13000,'ActionScheduler','','','','2019-09-04 09:25:24','2019-09-04 09:25:24','action created',0,'1','ActionScheduler','action_log',0,0),(2834,12998,'ActionScheduler','','','','2019-09-04 06:49:25','2019-09-04 06:49:25','action complete',0,'1','ActionScheduler','action_log',0,0),(2833,12998,'ActionScheduler','','','','2019-09-04 06:49:25','2019-09-04 06:49:25','action started',0,'1','ActionScheduler','action_log',0,0),(2845,13002,'ActionScheduler','','','','2019-09-04 12:34:42','2019-09-04 12:34:42','action started',0,'1','ActionScheduler','action_log',0,0),(2844,13002,'ActionScheduler','','','','2019-09-04 11:30:38','2019-09-04 11:30:38','action created',0,'1','ActionScheduler','action_log',0,0),(2843,13001,'ActionScheduler','','','','2019-09-04 11:30:38','2019-09-04 11:30:38','action complete',0,'1','ActionScheduler','action_log',0,0),(2841,13001,'ActionScheduler','','','','2019-09-04 10:26:28','2019-09-04 10:26:28','action created',0,'1','ActionScheduler','action_log',0,0),(2837,12999,'ActionScheduler','','','','2019-09-04 09:25:24','2019-09-04 09:25:24','action complete',0,'1','ActionScheduler','action_log',0,0),(2836,12999,'ActionScheduler','','','','2019-09-04 09:25:24','2019-09-04 09:25:24','action started',0,'1','ActionScheduler','action_log',0,0),(2842,13001,'ActionScheduler','','','','2019-09-04 11:30:38','2019-09-04 11:30:38','action started',0,'1','ActionScheduler','action_log',0,0),(2840,13000,'ActionScheduler','','','','2019-09-04 10:26:28','2019-09-04 10:26:28','action complete',0,'1','ActionScheduler','action_log',0,0),(2839,13000,'ActionScheduler','','','','2019-09-04 10:26:28','2019-09-04 10:26:28','action started',0,'1','ActionScheduler','action_log',0,0),(2854,13005,'ActionScheduler','','','','2019-09-04 18:17:42','2019-09-04 18:17:42','action started',0,'1','ActionScheduler','action_log',0,0),(2852,13004,'ActionScheduler','','','','2019-09-04 14:46:59','2019-09-04 14:46:59','action complete',0,'1','ActionScheduler','action_log',0,0),(2851,13004,'ActionScheduler','','','','2019-09-04 14:46:59','2019-09-04 14:46:59','action started',0,'1','ActionScheduler','action_log',0,0),(2895,13020,'ActionScheduler','','','','2019-09-05 20:24:00','2019-09-05 20:24:00','action created',0,'1','ActionScheduler','action_log',0,0),(2896,13020,'ActionScheduler','','','','2019-09-05 21:29:13','2019-09-05 21:29:13','action started',0,'1','ActionScheduler','action_log',0,0),(2861,13007,'ActionScheduler','','','','2019-09-04 21:19:51','2019-09-04 21:19:51','action complete',0,'1','ActionScheduler','action_log',0,0),(2860,13007,'ActionScheduler','','','','2019-09-04 21:19:51','2019-09-04 21:19:51','action started',0,'1','ActionScheduler','action_log',0,0),(2863,13008,'ActionScheduler','','','','2019-09-05 00:10:17','2019-09-05 00:10:17','action started',0,'1','ActionScheduler','action_log',0,0),(2864,13008,'ActionScheduler','','','','2019-09-05 00:10:17','2019-09-05 00:10:17','action complete',0,'1','ActionScheduler','action_log',0,0),(2865,13009,'ActionScheduler','','','','2019-09-05 00:10:17','2019-09-05 00:10:17','action created',0,'1','ActionScheduler','action_log',0,0),(2870,13010,'ActionScheduler','','','','2019-09-05 06:02:32','2019-09-05 06:02:32','action complete',0,'1','ActionScheduler','action_log',0,0),(3328,13164,'ActionScheduler','','','','2019-09-19 11:38:13','2019-09-19 11:38:13','action created',0,'1','ActionScheduler','action_log',0,0),(3337,13167,'ActionScheduler','','','','2019-09-19 21:00:45','2019-09-19 21:00:45','action created',0,'1','ActionScheduler','action_log',0,0),(3331,13165,'ActionScheduler','','','','2019-09-19 14:29:40','2019-09-19 14:29:40','action created',0,'1','ActionScheduler','action_log',0,0),(3327,13163,'ActionScheduler','','','','2019-09-19 11:38:13','2019-09-19 11:38:13','action complete',0,'1','ActionScheduler','action_log',0,0),(3326,13163,'ActionScheduler','','','','2019-09-19 11:38:13','2019-09-19 11:38:13','action started',0,'1','ActionScheduler','action_log',0,0),(3330,13164,'ActionScheduler','','','','2019-09-19 14:29:40','2019-09-19 14:29:40','action complete',0,'1','ActionScheduler','action_log',0,0),(3329,13164,'ActionScheduler','','','','2019-09-19 14:29:40','2019-09-19 14:29:40','action started',0,'1','ActionScheduler','action_log',0,0),(3336,13166,'ActionScheduler','','','','2019-09-19 21:00:45','2019-09-19 21:00:45','action complete',0,'1','ActionScheduler','action_log',0,0),(3333,13165,'ActionScheduler','','','','2019-09-19 18:56:02','2019-09-19 18:56:02','action complete',0,'1','ActionScheduler','action_log',0,0),(3332,13165,'ActionScheduler','','','','2019-09-19 18:56:02','2019-09-19 18:56:02','action started',0,'1','ActionScheduler','action_log',0,0),(3348,13170,'ActionScheduler','','','','2019-09-20 05:35:25','2019-09-20 05:35:25','action complete',0,'1','ActionScheduler','action_log',0,0),(3347,13170,'ActionScheduler','','','','2019-09-20 05:35:25','2019-09-20 05:35:25','action started',0,'1','ActionScheduler','action_log',0,0),(3343,13169,'ActionScheduler','','','','2019-09-20 01:01:04','2019-09-20 01:01:04','action created',0,'1','ActionScheduler','action_log',0,0),(3338,13167,'ActionScheduler','','','','2019-09-19 23:30:24','2019-09-19 23:30:24','action started',0,'1','ActionScheduler','action_log',0,0),(3342,13168,'ActionScheduler','','','','2019-09-20 01:01:04','2019-09-20 01:01:04','action complete',0,'1','ActionScheduler','action_log',0,0),(3341,13168,'ActionScheduler','','','','2019-09-20 01:01:04','2019-09-20 01:01:04','action started',0,'1','ActionScheduler','action_log',0,0),(3344,13169,'ActionScheduler','','','','2019-09-20 02:59:55','2019-09-20 02:59:55','action started',0,'1','ActionScheduler','action_log',0,0),(3351,13171,'ActionScheduler','','','','2019-09-20 06:42:27','2019-09-20 06:42:27','action complete',0,'1','ActionScheduler','action_log',0,0),(3353,13172,'ActionScheduler','','','','2019-09-20 08:05:52','2019-09-20 08:05:52','action started',0,'1','ActionScheduler','action_log',0,0),(3391,13185,'ActionScheduler','','','','2019-09-21 16:26:45','2019-09-21 16:26:45','action created',0,'1','ActionScheduler','action_log',0,0),(3384,13182,'ActionScheduler','','','','2019-09-21 09:04:08','2019-09-21 09:04:08','action complete',0,'1','ActionScheduler','action_log',0,0),(3383,13182,'ActionScheduler','','','','2019-09-21 09:04:08','2019-09-21 09:04:08','action started',0,'1','ActionScheduler','action_log',0,0),(3396,13186,'ActionScheduler','','','','2019-09-21 22:25:33','2019-09-21 22:25:33','action complete',0,'1','ActionScheduler','action_log',0,0),(3395,13186,'ActionScheduler','','','','2019-09-21 22:25:33','2019-09-21 22:25:33','action started',0,'1','ActionScheduler','action_log',0,0),(3393,13185,'ActionScheduler','','','','2019-09-21 20:09:34','2019-09-21 20:09:34','action complete',0,'1','ActionScheduler','action_log',0,0),(3394,13186,'ActionScheduler','','','','2019-09-21 20:09:34','2019-09-21 20:09:34','action created',0,'1','ActionScheduler','action_log',0,0),(3390,13184,'ActionScheduler','','','','2019-09-21 16:26:45','2019-09-21 16:26:45','action complete',0,'1','ActionScheduler','action_log',0,0),(3389,13184,'ActionScheduler','','','','2019-09-21 16:26:45','2019-09-21 16:26:45','action started',0,'1','ActionScheduler','action_log',0,0),(3392,13185,'ActionScheduler','','','','2019-09-21 20:09:34','2019-09-21 20:09:34','action started',0,'1','ActionScheduler','action_log',0,0),(3468,13213,'ActionScheduler','','','','2019-09-24 17:41:08','2019-09-24 17:41:08','action started',0,'1','ActionScheduler','action_log',0,0),(3469,13213,'ActionScheduler','','','','2019-09-24 17:41:08','2019-09-24 17:41:08','action complete',0,'1','ActionScheduler','action_log',0,0),(3420,13194,'ActionScheduler','','','','2019-09-22 21:40:25','2019-09-22 21:40:25','action complete',0,'1','ActionScheduler','action_log',0,0),(3419,13194,'ActionScheduler','','','','2019-09-22 21:40:25','2019-09-22 21:40:25','action started',0,'1','ActionScheduler','action_log',0,0),(3424,13196,'ActionScheduler','','','','2019-09-23 05:42:10','2019-09-23 05:42:10','action created',0,'1','ActionScheduler','action_log',0,0),(3449,13205,'ActionScheduler','','','','2019-09-24 00:34:43','2019-09-24 00:34:43','action complete',0,'1','ActionScheduler','action_log',0,0),(3450,13203,'ActionScheduler','','','','2019-09-24 01:33:20','2019-09-24 01:33:20','action started',0,'1','ActionScheduler','action_log',0,0),(3451,13203,'ActionScheduler','','','','2019-09-24 01:33:20','2019-09-24 01:33:20','action complete',0,'1','ActionScheduler','action_log',0,0),(3452,13208,'ActionScheduler','','','','2019-09-24 01:33:20','2019-09-24 01:33:20','action created',0,'1','ActionScheduler','action_log',0,0),(3448,13205,'ActionScheduler','','','','2019-09-24 00:34:43','2019-09-24 00:34:43','action started',0,'1','ActionScheduler','action_log',0,0),(3423,13195,'ActionScheduler','','','','2019-09-23 05:42:10','2019-09-23 05:42:10','action complete',0,'1','ActionScheduler','action_log',0,0),(3422,13195,'ActionScheduler','','','','2019-09-23 05:42:10','2019-09-23 05:42:10','action started',0,'1','ActionScheduler','action_log',0,0),(3466,13212,'ActionScheduler','','','','2019-09-24 16:21:28','2019-09-24 16:21:28','action complete',0,'1','ActionScheduler','action_log',0,0),(3465,13212,'ActionScheduler','','','','2019-09-24 16:21:28','2019-09-24 16:21:28','action started',0,'1','ActionScheduler','action_log',0,0),(3463,13211,'ActionScheduler','','','','2019-09-24 11:38:30','2019-09-24 11:38:30','action complete',0,'1','ActionScheduler','action_log',0,0),(3426,13196,'ActionScheduler','','','','2019-09-23 10:06:38','2019-09-23 10:06:38','action complete',0,'1','ActionScheduler','action_log',0,0),(3427,13197,'ActionScheduler','','','','2019-09-23 10:06:38','2019-09-23 10:06:38','action created',0,'1','ActionScheduler','action_log',0,0),(3425,13196,'ActionScheduler','','','','2019-09-23 10:06:38','2019-09-23 10:06:38','action started',0,'1','ActionScheduler','action_log',0,0),(3441,13201,'ActionScheduler','','','','2019-09-23 20:56:56','2019-09-23 20:56:56','action complete',0,'1','ActionScheduler','action_log',0,0),(3440,13201,'ActionScheduler','','','','2019-09-23 20:56:56','2019-09-23 20:56:56','action started',0,'1','ActionScheduler','action_log',0,0),(3436,13200,'ActionScheduler','','','','2019-09-23 16:56:48','2019-09-23 16:56:48','action created',0,'1','ActionScheduler','action_log',0,0),(3432,13198,'ActionScheduler','','','','2019-09-23 15:44:28','2019-09-23 15:44:28','action complete',0,'1','ActionScheduler','action_log',0,0),(3431,13198,'ActionScheduler','','','','2019-09-23 15:44:28','2019-09-23 15:44:28','action started',0,'1','ActionScheduler','action_log',0,0),(3438,13200,'ActionScheduler','','','','2019-09-23 19:40:16','2019-09-23 19:40:16','action complete',0,'1','ActionScheduler','action_log',0,0),(3435,13199,'ActionScheduler','','','','2019-09-23 16:56:48','2019-09-23 16:56:48','action complete',0,'1','ActionScheduler','action_log',0,0),(3434,13199,'ActionScheduler','','','','2019-09-23 16:56:48','2019-09-23 16:56:48','action started',0,'1','ActionScheduler','action_log',0,0),(3437,13200,'ActionScheduler','','','','2019-09-23 19:40:16','2019-09-23 19:40:16','action started',0,'1','ActionScheduler','action_log',0,0),(3446,13205,'ActionScheduler','','','','2019-09-24 00:33:06','2019-09-24 00:33:06','action created',0,'1','ActionScheduler','action_log',0,0),(3443,13202,'ActionScheduler','','','','2019-09-24 00:24:56','2019-09-24 00:24:56','action started',0,'1','ActionScheduler','action_log',0,0),(3444,13202,'ActionScheduler','','','','2019-09-24 00:24:56','2019-09-24 00:24:56','action complete',0,'1','ActionScheduler','action_log',0,0),(3445,13203,'ActionScheduler','','','','2019-09-24 00:24:56','2019-09-24 00:24:56','action created',0,'1','ActionScheduler','action_log',0,0),(3456,13209,'ActionScheduler','','','','2019-09-24 06:47:08','2019-09-24 06:47:08','action started',0,'1','ActionScheduler','action_log',0,0),(3454,13208,'ActionScheduler','','','','2019-09-24 02:36:02','2019-09-24 02:36:02','action complete',0,'1','ActionScheduler','action_log',0,0),(3453,13208,'ActionScheduler','','','','2019-09-24 02:36:02','2019-09-24 02:36:02','action started',0,'1','ActionScheduler','action_log',0,0),(3459,13210,'ActionScheduler','','','','2019-09-24 08:55:09','2019-09-24 08:55:09','action started',0,'1','ActionScheduler','action_log',0,0),(3464,13212,'ActionScheduler','','','','2019-09-24 11:38:30','2019-09-24 11:38:30','action created',0,'1','ActionScheduler','action_log',0,0),(3472,13214,'ActionScheduler','','','','2019-09-24 19:07:43','2019-09-24 19:07:43','action complete',0,'1','ActionScheduler','action_log',0,0),(3471,13214,'ActionScheduler','','','','2019-09-24 19:07:43','2019-09-24 19:07:43','action started',0,'1','ActionScheduler','action_log',0,0),(3462,13211,'ActionScheduler','','','','2019-09-24 11:38:30','2019-09-24 11:38:30','action started',0,'1','ActionScheduler','action_log',0,0),(3513,13228,'ActionScheduler','','','','2019-09-26 02:38:38','2019-09-26 02:38:38','action started',0,'1','ActionScheduler','action_log',0,0),(3036,13066,'ActionScheduler','','','','2019-09-10 08:50:45','2019-09-10 08:50:45','action complete',0,'1','ActionScheduler','action_log',0,0),(3035,13066,'ActionScheduler','','','','2019-09-10 08:50:45','2019-09-10 08:50:45','action started',0,'1','ActionScheduler','action_log',0,0),(3523,13231,'ActionScheduler','','','','2019-09-26 13:42:02','2019-09-26 13:42:02','action complete',0,'1','ActionScheduler','action_log',0,0),(2998,13054,'ActionScheduler','','','','2019-09-09 02:43:04','2019-09-09 02:43:04','action created',0,'1','ActionScheduler','action_log',0,0),(2997,13053,'ActionScheduler','','','','2019-09-09 02:43:04','2019-09-09 02:43:04','action complete',0,'1','ActionScheduler','action_log',0,0),(2996,13053,'ActionScheduler','','','','2019-09-09 02:43:04','2019-09-09 02:43:04','action started',0,'1','ActionScheduler','action_log',0,0),(3546,13239,'ActionScheduler','','','','2019-09-27 11:22:24','2019-09-27 11:22:24','action started',0,'1','ActionScheduler','action_log',0,0),(3542,13238,'ActionScheduler','','','','2019-09-27 08:51:13','2019-09-27 08:51:13','action created',0,'1','ActionScheduler','action_log',0,0),(3529,13233,'ActionScheduler','','','','2019-09-26 20:49:41','2019-09-26 20:49:41','action complete',0,'1','ActionScheduler','action_log',0,0),(3528,13233,'ActionScheduler','','','','2019-09-26 20:49:41','2019-09-26 20:49:41','action started',0,'1','ActionScheduler','action_log',0,0),(3531,13234,'ActionScheduler','','','','2019-09-26 23:39:35','2019-09-26 23:39:35','action started',0,'1','ActionScheduler','action_log',0,0),(3535,13235,'ActionScheduler','','','','2019-09-27 02:29:11','2019-09-27 02:29:11','action complete',0,'1','ActionScheduler','action_log',0,0),(3534,13235,'ActionScheduler','','','','2019-09-27 02:29:11','2019-09-27 02:29:11','action started',0,'1','ActionScheduler','action_log',0,0),(2952,13038,'ActionScheduler','','','','2019-09-07 16:51:30','2019-09-07 16:51:30','action complete',0,'1','ActionScheduler','action_log',0,0),(2951,13038,'ActionScheduler','','','','2019-09-07 16:51:30','2019-09-07 16:51:30','action started',0,'1','ActionScheduler','action_log',0,0),(2947,13037,'ActionScheduler','','','','2019-09-07 12:55:40','2019-09-07 12:55:40','action created',0,'1','ActionScheduler','action_log',0,0),(3537,13236,'ActionScheduler','','','','2019-09-27 07:04:49','2019-09-27 07:04:49','action started',0,'1','ActionScheduler','action_log',0,0),(2945,13036,'ActionScheduler','','','','2019-09-07 12:55:40','2019-09-07 12:55:40','action started',0,'1','ActionScheduler','action_log',0,0),(2941,13035,'ActionScheduler','','','','2019-09-07 09:33:55','2019-09-07 09:33:55','action created',0,'1','ActionScheduler','action_log',0,0),(2940,13034,'ActionScheduler','','','','2019-09-07 09:33:55','2019-09-07 09:33:55','action complete',0,'1','ActionScheduler','action_log',0,0),(3552,13241,'ActionScheduler','','','','2019-09-27 14:11:05','2019-09-27 14:11:05','action started',0,'1','ActionScheduler','action_log',0,0),(3544,13238,'ActionScheduler','','','','2019-09-27 10:06:55','2019-09-27 10:06:55','action complete',0,'1','ActionScheduler','action_log',0,0),(3543,13238,'ActionScheduler','','','','2019-09-27 10:06:55','2019-09-27 10:06:55','action started',0,'1','ActionScheduler','action_log',0,0),(1609,11486,'larolesa','elunul@dfasdf.namnerbca.com','http://mewkid.net/order-amoxicillin/','37.115.206.78','2019-07-27 16:09:08','2019-07-27 16:09:08','http://mewkid.net/order-amoxicillin/ - Amoxicillin 500mg Capsules <a href=\"http://mewkid.net/order-amoxicillin/\" rel=\"nofollow\">Amoxicillin</a> byc.jfxk.6sigma.academy.nej.uq http://mewkid.net/order-amoxicillin/',0,'spam','Mozilla/5.0 (Windows NT 10.0; Win64; x64) AppleWebKit/537.36 (KHTML, like Gecko) Chrome/68.0.3440.106 Safari/537.36','',0,0),(3556,13242,'ActionScheduler','','','','2019-09-27 19:38:05','2019-09-27 19:38:05','action complete',0,'1','ActionScheduler','action_log',0,0),(3555,13242,'ActionScheduler','','','','2019-09-27 19:38:05','2019-09-27 19:38:05','action started',0,'1','ActionScheduler','action_log',0,0),(3558,13243,'ActionScheduler','','','','2019-09-27 22:33:30','2019-09-27 22:33:30','action started',0,'1','ActionScheduler','action_log',0,0),(3559,13243,'ActionScheduler','','','','2019-09-27 22:33:30','2019-09-27 22:33:30','action complete',0,'1','ActionScheduler','action_log',0,0),(3560,13244,'ActionScheduler','','','','2019-09-27 22:33:30','2019-09-27 22:33:30','action created',0,'1','ActionScheduler','action_log',0,0),(2939,13034,'ActionScheduler','','','','2019-09-07 09:33:55','2019-09-07 09:33:55','action started',0,'1','ActionScheduler','action_log',0,0),(2922,13029,'ActionScheduler','','','','2019-09-06 16:06:05','2019-09-06 16:06:05','action created',0,'1','ActionScheduler','action_log',0,0),(2921,13028,'ActionScheduler','','','','2019-09-06 16:06:05','2019-09-06 16:06:05','action complete',0,'1','ActionScheduler','action_log',0,0),(2919,13028,'ActionScheduler','','','','2019-09-06 15:00:07','2019-09-06 15:00:07','action created',0,'1','ActionScheduler','action_log',0,0),(2918,13027,'ActionScheduler','','','','2019-09-06 15:00:07','2019-09-06 15:00:07','action complete',0,'1','ActionScheduler','action_log',0,0),(3563,13245,'ActionScheduler','','','','2019-09-29 20:58:33','2019-09-29 20:58:33','action created',0,'1','ActionScheduler','action_log',0,0),(2917,13027,'ActionScheduler','','','','2019-09-06 15:00:07','2019-09-06 15:00:07','action started',0,'1','ActionScheduler','action_log',0,0),(2706,12956,'ActionScheduler','','','','2019-08-31 04:06:55','2019-08-31 04:06:55','action created',0,'1','ActionScheduler','action_log',0,0),(3562,13244,'ActionScheduler','','','','2019-09-29 20:58:33','2019-09-29 20:58:33','action complete',0,'1','ActionScheduler','action_log',0,0),(3561,13244,'ActionScheduler','','','','2019-09-29 20:58:33','2019-09-29 20:58:33','action started',0,'1','ActionScheduler','action_log',0,0),(2670,12943,'ActionScheduler','','','','2019-08-29 22:45:32','2019-08-29 22:45:32','action created',0,'1','ActionScheduler','action_log',0,0),(2669,12942,'ActionScheduler','','','','2019-08-29 22:45:32','2019-08-29 22:45:32','action complete',0,'1','ActionScheduler','action_log',0,0),(2668,12942,'ActionScheduler','','','','2019-08-29 22:45:32','2019-08-29 22:45:32','action started',0,'1','ActionScheduler','action_log',0,0),(2671,12943,'ActionScheduler','','','','2019-08-29 23:56:26','2019-08-29 23:56:26','action started',0,'1','ActionScheduler','action_log',0,0),(2678,12945,'ActionScheduler','','','','2019-08-30 03:01:48','2019-08-30 03:01:48','action complete',0,'1','ActionScheduler','action_log',0,0),(2677,12945,'ActionScheduler','','','','2019-08-30 03:01:48','2019-08-30 03:01:48','action started',0,'1','ActionScheduler','action_log',0,0),(2705,12955,'ActionScheduler','','','','2019-08-31 04:06:55','2019-08-31 04:06:55','action complete',0,'1','ActionScheduler','action_log',0,0),(2681,12946,'ActionScheduler','','','','2019-08-30 09:02:46','2019-08-30 09:02:46','action complete',0,'1','ActionScheduler','action_log',0,0),(2680,12946,'ActionScheduler','','','','2019-08-30 09:02:46','2019-08-30 09:02:46','action started',0,'1','ActionScheduler','action_log',0,0),(2683,12947,'ActionScheduler','','','','2019-08-30 11:35:32','2019-08-30 11:35:32','action started',0,'1','ActionScheduler','action_log',0,0),(2687,12948,'ActionScheduler','','','','2019-08-30 15:54:56','2019-08-30 15:54:56','action complete',0,'1','ActionScheduler','action_log',0,0),(2686,12948,'ActionScheduler','','','','2019-08-30 15:54:56','2019-08-30 15:54:56','action started',0,'1','ActionScheduler','action_log',0,0),(2692,12950,'ActionScheduler','','','','2019-08-30 20:38:48','2019-08-30 20:38:48','action started',0,'1','ActionScheduler','action_log',0,0),(2702,12954,'ActionScheduler','','','','2019-08-31 02:10:34','2019-08-31 02:10:34','action complete',0,'1','ActionScheduler','action_log',0,0),(2701,12954,'ActionScheduler','','','','2019-08-31 02:10:34','2019-08-31 02:10:34','action started',0,'1','ActionScheduler','action_log',0,0),(2707,12956,'ActionScheduler','','','','2019-08-31 09:32:18','2019-08-31 09:32:18','action started',0,'1','ActionScheduler','action_log',0,0),(2828,12996,'ActionScheduler','','','','2019-09-04 01:33:42','2019-09-04 01:33:42','action complete',0,'1','ActionScheduler','action_log',0,0),(2827,12996,'ActionScheduler','','','','2019-09-04 01:33:42','2019-09-04 01:33:42','action started',0,'1','ActionScheduler','action_log',0,0),(2805,12989,'ActionScheduler','','','','2019-09-03 06:49:00','2019-09-03 06:49:00','action created',0,'1','ActionScheduler','action_log',0,0),(2804,12988,'ActionScheduler','','','','2019-09-03 06:49:00','2019-09-03 06:49:00','action complete',0,'1','ActionScheduler','action_log',0,0),(2803,12988,'ActionScheduler','','','','2019-09-03 06:49:00','2019-09-03 06:49:00','action started',0,'1','ActionScheduler','action_log',0,0),(2802,12988,'ActionScheduler','','','','2019-09-03 05:36:55','2019-09-03 05:36:55','action created',0,'1','ActionScheduler','action_log',0,0),(2801,12987,'ActionScheduler','','','','2019-09-03 05:36:55','2019-09-03 05:36:55','action complete',0,'1','ActionScheduler','action_log',0,0),(2800,12987,'ActionScheduler','','','','2019-09-03 05:36:55','2019-09-03 05:36:55','action started',0,'1','ActionScheduler','action_log',0,0),(2793,12985,'ActionScheduler','','','','2019-09-02 21:23:39','2019-09-02 21:23:39','action created',0,'1','ActionScheduler','action_log',0,0),(2792,12984,'ActionScheduler','','','','2019-09-02 21:23:39','2019-09-02 21:23:39','action complete',0,'1','ActionScheduler','action_log',0,0),(2751,12971,'ActionScheduler','','','','2019-09-01 13:36:55','2019-09-01 13:36:55','action created',0,'1','ActionScheduler','action_log',0,0),(2750,12970,'ActionScheduler','','','','2019-09-01 13:36:55','2019-09-01 13:36:55','action complete',0,'1','ActionScheduler','action_log',0,0),(2749,12970,'ActionScheduler','','','','2019-09-01 13:36:55','2019-09-01 13:36:55','action started',0,'1','ActionScheduler','action_log',0,0),(2745,12969,'ActionScheduler','','','','2019-09-01 10:49:18','2019-09-01 10:49:18','action created',0,'1','ActionScheduler','action_log',0,0),(2744,12968,'ActionScheduler','','','','2019-09-01 10:49:18','2019-09-01 10:49:18','action complete',0,'1','ActionScheduler','action_log',0,0),(2743,12968,'ActionScheduler','','','','2019-09-01 10:49:18','2019-09-01 10:49:18','action started',0,'1','ActionScheduler','action_log',0,0),(2746,12969,'ActionScheduler','','','','2019-09-01 12:36:06','2019-09-01 12:36:06','action started',0,'1','ActionScheduler','action_log',0,0),(2787,12983,'ActionScheduler','','','','2019-09-02 19:04:43','2019-09-02 19:04:43','action created',0,'1','ActionScheduler','action_log',0,0),(2781,12981,'ActionScheduler','','','','2019-09-02 11:09:50','2019-09-02 11:09:50','action created',0,'1','ActionScheduler','action_log',0,0),(2763,12975,'ActionScheduler','','','','2019-09-01 23:24:32','2019-09-01 23:24:32','action created',0,'1','ActionScheduler','action_log',0,0),(2762,12974,'ActionScheduler','','','','2019-09-01 23:24:32','2019-09-01 23:24:32','action complete',0,'1','ActionScheduler','action_log',0,0),(2761,12974,'ActionScheduler','','','','2019-09-01 23:24:32','2019-09-01 23:24:32','action started',0,'1','ActionScheduler','action_log',0,0),(2757,12973,'ActionScheduler','','','','2019-09-01 20:31:55','2019-09-01 20:31:55','action created',0,'1','ActionScheduler','action_log',0,0),(2756,12972,'ActionScheduler','','','','2019-09-01 20:31:55','2019-09-01 20:31:55','action complete',0,'1','ActionScheduler','action_log',0,0),(2755,12972,'ActionScheduler','','','','2019-09-01 20:31:55','2019-09-01 20:31:55','action started',0,'1','ActionScheduler','action_log',0,0),(2754,12972,'ActionScheduler','','','','2019-09-01 19:00:01','2019-09-01 19:00:01','action created',0,'1','ActionScheduler','action_log',0,0),(2753,12971,'ActionScheduler','','','','2019-09-01 19:00:01','2019-09-01 19:00:01','action complete',0,'1','ActionScheduler','action_log',0,0),(2752,12971,'ActionScheduler','','','','2019-09-01 19:00:01','2019-09-01 19:00:01','action started',0,'1','ActionScheduler','action_log',0,0),(2758,12973,'ActionScheduler','','','','2019-09-01 22:11:36','2019-09-01 22:11:36','action started',0,'1','ActionScheduler','action_log',0,0),(2768,12976,'ActionScheduler','','','','2019-09-02 04:06:36','2019-09-02 04:06:36','action complete',0,'1','ActionScheduler','action_log',0,0),(2767,12976,'ActionScheduler','','','','2019-09-02 04:06:36','2019-09-02 04:06:36','action started',0,'1','ActionScheduler','action_log',0,0),(2772,12978,'ActionScheduler','','','','2019-09-02 05:28:54','2019-09-02 05:28:54','action created',0,'1','ActionScheduler','action_log',0,0),(2771,12977,'ActionScheduler','','','','2019-09-02 05:28:54','2019-09-02 05:28:54','action complete',0,'1','ActionScheduler','action_log',0,0),(2770,12977,'ActionScheduler','','','','2019-09-02 05:28:54','2019-09-02 05:28:54','action started',0,'1','ActionScheduler','action_log',0,0),(2776,12979,'ActionScheduler','','','','2019-09-02 09:38:54','2019-09-02 09:38:54','action started',0,'1','ActionScheduler','action_log',0,0),(2873,13012,'ActionScheduler','','','','2019-09-05 07:47:35','2019-09-05 07:47:35','action complete',0,'1','ActionScheduler','action_log',0,0),(2872,13012,'ActionScheduler','','','','2019-09-05 07:47:35','2019-09-05 07:47:35','action started',0,'1','ActionScheduler','action_log',0,0),(2877,13014,'ActionScheduler','','','','2019-09-05 09:59:51','2019-09-05 09:59:51','action created',0,'1','ActionScheduler','action_log',0,0),(2876,13013,'ActionScheduler','','','','2019-09-05 09:59:51','2019-09-05 09:59:51','action complete',0,'1','ActionScheduler','action_log',0,0),(2875,13013,'ActionScheduler','','','','2019-09-05 09:59:51','2019-09-05 09:59:51','action started',0,'1','ActionScheduler','action_log',0,0),(2886,13017,'ActionScheduler','','','','2019-09-05 16:47:39','2019-09-05 16:47:39','action created',0,'1','ActionScheduler','action_log',0,0),(2885,13016,'ActionScheduler','','','','2019-09-05 16:47:39','2019-09-05 16:47:39','action complete',0,'1','ActionScheduler','action_log',0,0),(2884,13016,'ActionScheduler','','','','2019-09-05 16:47:39','2019-09-05 16:47:39','action started',0,'1','ActionScheduler','action_log',0,0),(2880,13015,'ActionScheduler','','','','2019-09-05 13:03:31','2019-09-05 13:03:31','action created',0,'1','ActionScheduler','action_log',0,0),(2879,13014,'ActionScheduler','','','','2019-09-05 13:03:31','2019-09-05 13:03:31','action complete',0,'1','ActionScheduler','action_log',0,0),(2878,13014,'ActionScheduler','','','','2019-09-05 13:03:31','2019-09-05 13:03:31','action started',0,'1','ActionScheduler','action_log',0,0),(2881,13015,'ActionScheduler','','','','2019-09-05 14:24:10','2019-09-05 14:24:10','action started',0,'1','ActionScheduler','action_log',0,0),(3071,13078,'ActionScheduler','','','','2019-09-11 06:34:10','2019-09-11 06:34:10','action started',0,'1','ActionScheduler','action_log',0,0),(3070,13078,'ActionScheduler','','','','2019-09-11 05:31:20','2019-09-11 05:31:20','action created',0,'1','ActionScheduler','action_log',0,0),(3069,13077,'ActionScheduler','','','','2019-09-11 05:31:20','2019-09-11 05:31:20','action complete',0,'1','ActionScheduler','action_log',0,0),(3068,13077,'ActionScheduler','','','','2019-09-11 05:31:20','2019-09-11 05:31:20','action started',0,'1','ActionScheduler','action_log',0,0),(3065,13076,'ActionScheduler','','','','2019-09-11 03:33:38','2019-09-11 03:33:38','action started',0,'1','ActionScheduler','action_log',0,0),(3085,13083,'ActionScheduler','','','','2019-09-11 16:19:12','2019-09-11 16:19:12','action created',0,'1','ActionScheduler','action_log',0,0),(3084,13082,'ActionScheduler','','','','2019-09-11 16:19:12','2019-09-11 16:19:12','action complete',0,'1','ActionScheduler','action_log',0,0),(3083,13082,'ActionScheduler','','','','2019-09-11 16:19:12','2019-09-11 16:19:12','action started',0,'1','ActionScheduler','action_log',0,0),(3233,13132,'ActionScheduler','','','','2019-09-16 13:06:04','2019-09-16 13:06:04','action started',0,'1','ActionScheduler','action_log',0,0),(3232,13132,'ActionScheduler','','','','2019-09-16 11:56:07','2019-09-16 11:56:07','action created',0,'1','ActionScheduler','action_log',0,0),(3231,13131,'ActionScheduler','','','','2019-09-16 11:56:07','2019-09-16 11:56:07','action complete',0,'1','ActionScheduler','action_log',0,0),(3230,13131,'ActionScheduler','','','','2019-09-16 11:56:06','2019-09-16 11:56:06','action started',0,'1','ActionScheduler','action_log',0,0),(3220,13128,'ActionScheduler','','','','2019-09-16 03:36:56','2019-09-16 03:36:56','action created',0,'1','ActionScheduler','action_log',0,0),(3219,13127,'ActionScheduler','','','','2019-09-16 03:36:56','2019-09-16 03:36:56','action complete',0,'1','ActionScheduler','action_log',0,0),(3094,13086,'ActionScheduler','','','','2019-09-11 23:42:08','2019-09-11 23:42:08','action created',0,'1','ActionScheduler','action_log',0,0),(3093,13085,'ActionScheduler','','','','2019-09-11 23:42:08','2019-09-11 23:42:08','action complete',0,'1','ActionScheduler','action_log',0,0),(3092,13085,'ActionScheduler','','','','2019-09-11 23:42:08','2019-09-11 23:42:08','action started',0,'1','ActionScheduler','action_log',0,0),(3091,13085,'ActionScheduler','','','','2019-09-11 22:40:17','2019-09-11 22:40:17','action created',0,'1','ActionScheduler','action_log',0,0),(3090,13084,'ActionScheduler','','','','2019-09-11 22:40:17','2019-09-11 22:40:17','action complete',0,'1','ActionScheduler','action_log',0,0),(3089,13084,'ActionScheduler','','','','2019-09-11 22:40:17','2019-09-11 22:40:17','action started',0,'1','ActionScheduler','action_log',0,0),(3218,13127,'ActionScheduler','','','','2019-09-16 03:36:56','2019-09-16 03:36:56','action started',0,'1','ActionScheduler','action_log',0,0),(3205,13123,'ActionScheduler','','','','2019-09-15 17:11:15','2019-09-15 17:11:15','action created',0,'1','ActionScheduler','action_log',0,0),(3204,13122,'ActionScheduler','','','','2019-09-15 17:11:15','2019-09-15 17:11:15','action complete',0,'1','ActionScheduler','action_log',0,0),(3203,13122,'ActionScheduler','','','','2019-09-15 17:11:15','2019-09-15 17:11:15','action started',0,'1','ActionScheduler','action_log',0,0),(3199,13121,'ActionScheduler','','','','2019-09-15 12:11:02','2019-09-15 12:11:02','action created',0,'1','ActionScheduler','action_log',0,0),(3163,13109,'ActionScheduler','','','','2019-09-14 06:01:39','2019-09-14 06:01:39','action created',0,'1','ActionScheduler','action_log',0,0),(3103,13089,'ActionScheduler','','','','2019-09-12 08:31:19','2019-09-12 08:31:19','action created',0,'1','ActionScheduler','action_log',0,0),(2118,12755,'WooCommerce','woocommerce@6sigma.academy','','','2019-08-12 03:24:54','2019-08-12 03:24:54','Awaiting BACS payment Order status changed from Pending payment to On hold.',0,'1','WooCommerce','order_note',0,0),(3102,13088,'ActionScheduler','','','','2019-09-12 08:31:19','2019-09-12 08:31:19','action complete',0,'1','ActionScheduler','action_log',0,0),(3101,13088,'ActionScheduler','','','','2019-09-12 08:31:19','2019-09-12 08:31:19','action started',0,'1','ActionScheduler','action_log',0,0),(3097,13087,'ActionScheduler','','','','2019-09-12 03:39:24','2019-09-12 03:39:24','action created',0,'1','ActionScheduler','action_log',0,0),(2122,12758,'WooCommerce','woocommerce@6sigma.academy','','','2019-08-12 03:31:18','2019-08-12 03:31:18','Awaiting BACS payment Order status changed from Pending payment to On hold.',0,'1','WooCommerce','order_note',0,0),(3096,13086,'ActionScheduler','','','','2019-09-12 03:39:24','2019-09-12 03:39:24','action complete',0,'1','ActionScheduler','action_log',0,0),(3095,13086,'ActionScheduler','','','','2019-09-12 03:39:24','2019-09-12 03:39:24','action started',0,'1','ActionScheduler','action_log',0,0),(3099,13087,'ActionScheduler','','','','2019-09-12 05:57:40','2019-09-12 05:57:40','action complete',0,'1','ActionScheduler','action_log',0,0),(3098,13087,'ActionScheduler','','','','2019-09-12 05:57:40','2019-09-12 05:57:40','action started',0,'1','ActionScheduler','action_log',0,0),(3104,13089,'ActionScheduler','','','','2019-09-12 09:46:14','2019-09-12 09:46:14','action started',0,'1','ActionScheduler','action_log',0,0),(3156,13106,'ActionScheduler','','','','2019-09-14 02:36:29','2019-09-14 02:36:29','action complete',0,'1','ActionScheduler','action_log',0,0),(3112,13092,'ActionScheduler','','','','2019-09-12 16:28:52','2019-09-12 16:28:52','action created',0,'1','ActionScheduler','action_log',0,0),(3111,13091,'ActionScheduler','','','','2019-09-12 16:28:52','2019-09-12 16:28:52','action complete',0,'1','ActionScheduler','action_log',0,0),(3110,13091,'ActionScheduler','','','','2019-09-12 16:28:52','2019-09-12 16:28:52','action started',0,'1','ActionScheduler','action_log',0,0),(3109,13091,'ActionScheduler','','','','2019-09-12 14:44:13','2019-09-12 14:44:13','action created',0,'1','ActionScheduler','action_log',0,0),(3108,13090,'ActionScheduler','','','','2019-09-12 14:44:13','2019-09-12 14:44:13','action complete',0,'1','ActionScheduler','action_log',0,0),(3107,13090,'ActionScheduler','','','','2019-09-12 14:44:13','2019-09-12 14:44:13','action started',0,'1','ActionScheduler','action_log',0,0),(3118,13094,'ActionScheduler','','','','2019-09-12 21:02:29','2019-09-12 21:02:29','action created',0,'1','ActionScheduler','action_log',0,0),(3117,13093,'ActionScheduler','','','','2019-09-12 21:02:29','2019-09-12 21:02:29','action complete',0,'1','ActionScheduler','action_log',0,0),(3116,13093,'ActionScheduler','','','','2019-09-12 21:02:29','2019-09-12 21:02:29','action started',0,'1','ActionScheduler','action_log',0,0),(3113,13092,'ActionScheduler','','','','2019-09-12 19:38:43','2019-09-12 19:38:43','action started',0,'1','ActionScheduler','action_log',0,0),(3124,13096,'ActionScheduler','','','','2019-09-13 01:55:20','2019-09-13 01:55:20','action created',0,'1','ActionScheduler','action_log',0,0),(3123,13095,'ActionScheduler','','','','2019-09-13 01:55:20','2019-09-13 01:55:20','action complete',0,'1','ActionScheduler','action_log',0,0),(3122,13095,'ActionScheduler','','','','2019-09-13 01:55:20','2019-09-13 01:55:20','action started',0,'1','ActionScheduler','action_log',0,0),(3130,13098,'ActionScheduler','','','','2019-09-13 07:29:44','2019-09-13 07:29:44','action created',0,'1','ActionScheduler','action_log',0,0),(3129,13097,'ActionScheduler','','','','2019-09-13 07:29:44','2019-09-13 07:29:44','action complete',0,'1','ActionScheduler','action_log',0,0),(3128,13097,'ActionScheduler','','','','2019-09-13 07:29:44','2019-09-13 07:29:44','action started',0,'1','ActionScheduler','action_log',0,0),(3133,13099,'ActionScheduler','','','','2019-09-13 09:01:45','2019-09-13 09:01:45','action created',0,'1','ActionScheduler','action_log',0,0),(3132,13098,'ActionScheduler','','','','2019-09-13 09:01:45','2019-09-13 09:01:45','action complete',0,'1','ActionScheduler','action_log',0,0),(3131,13098,'ActionScheduler','','','','2019-09-13 09:01:45','2019-09-13 09:01:45','action started',0,'1','ActionScheduler','action_log',0,0),(3142,13102,'ActionScheduler','','','','2019-09-13 15:06:05','2019-09-13 15:06:05','action created',0,'1','ActionScheduler','action_log',0,0),(3141,13101,'ActionScheduler','','','','2019-09-13 15:06:05','2019-09-13 15:06:05','action complete',0,'1','ActionScheduler','action_log',0,0),(3140,13101,'ActionScheduler','','','','2019-09-13 15:06:05','2019-09-13 15:06:05','action started',0,'1','ActionScheduler','action_log',0,0),(3136,13100,'ActionScheduler','','','','2019-09-13 11:27:15','2019-09-13 11:27:15','action created',0,'1','ActionScheduler','action_log',0,0),(3135,13099,'ActionScheduler','','','','2019-09-13 11:27:15','2019-09-13 11:27:15','action complete',0,'1','ActionScheduler','action_log',0,0),(3134,13099,'ActionScheduler','','','','2019-09-13 11:27:15','2019-09-13 11:27:15','action started',0,'1','ActionScheduler','action_log',0,0),(3139,13101,'ActionScheduler','','','','2019-09-13 14:02:01','2019-09-13 14:02:01','action created',0,'1','ActionScheduler','action_log',0,0),(3138,13100,'ActionScheduler','','','','2019-09-13 14:02:01','2019-09-13 14:02:01','action complete',0,'1','ActionScheduler','action_log',0,0),(3137,13100,'ActionScheduler','','','','2019-09-13 14:02:01','2019-09-13 14:02:01','action started',0,'1','ActionScheduler','action_log',0,0),(3143,13102,'ActionScheduler','','','','2019-09-13 16:33:03','2019-09-13 16:33:03','action started',0,'1','ActionScheduler','action_log',0,0),(3153,13105,'ActionScheduler','','','','2019-09-14 01:21:21','2019-09-14 01:21:21','action complete',0,'1','ActionScheduler','action_log',0,0),(3152,13105,'ActionScheduler','','','','2019-09-14 01:21:21','2019-09-14 01:21:21','action started',0,'1','ActionScheduler','action_log',0,0),(3151,13105,'ActionScheduler','','','','2019-09-13 22:40:56','2019-09-13 22:40:56','action created',0,'1','ActionScheduler','action_log',0,0),(3150,13104,'ActionScheduler','','','','2019-09-13 22:40:56','2019-09-13 22:40:56','action complete',0,'1','ActionScheduler','action_log',0,0),(3149,13104,'ActionScheduler','','','','2019-09-13 22:40:56','2019-09-13 22:40:56','action started',0,'1','ActionScheduler','action_log',0,0),(3158,13107,'ActionScheduler','','','','2019-09-14 04:25:26','2019-09-14 04:25:26','action started',0,'1','ActionScheduler','action_log',0,0);

--
-- Table structure for table `wp_gf_addon_feed`
--

CREATE TABLE `wp_gf_addon_feed` (
  `id` mediumint(8) unsigned NOT NULL AUTO_INCREMENT,
  `form_id` mediumint(8) unsigned NOT NULL,
  `is_active` tinyint(1) NOT NULL DEFAULT '1',
  `feed_order` mediumint(8) unsigned NOT NULL DEFAULT '0',
  `meta` longtext COLLATE utf8mb4_unicode_520_ci,
  `addon_slug` varchar(50) COLLATE utf8mb4_unicode_520_ci DEFAULT NULL,
  `event_type` varchar(20) COLLATE utf8mb4_unicode_520_ci DEFAULT NULL,
  PRIMARY KEY (`id`),
  KEY `addon_form` (`addon_slug`,`form_id`)
) ENGINE=MyISAM DEFAULT CHARSET=utf8mb4 COLLATE=utf8mb4_unicode_520_ci;

--
-- Dumping data for table `wp_gf_addon_feed`
--


--
-- Table structure for table `wp_gf_draft_submissions`
--

CREATE TABLE `wp_gf_draft_submissions` (
  `uuid` char(32) COLLATE utf8mb4_unicode_520_ci NOT NULL,
  `email` varchar(255) COLLATE utf8mb4_unicode_520_ci DEFAULT NULL,
  `form_id` mediumint(8) unsigned NOT NULL,
  `date_created` datetime NOT NULL,
  `ip` varchar(39) COLLATE utf8mb4_unicode_520_ci NOT NULL,
  `source_url` longtext COLLATE utf8mb4_unicode_520_ci NOT NULL,
  `submission` longtext COLLATE utf8mb4_unicode_520_ci NOT NULL,
  PRIMARY KEY (`uuid`),
  KEY `form_id` (`form_id`)
) ENGINE=MyISAM DEFAULT CHARSET=utf8mb4 COLLATE=utf8mb4_unicode_520_ci;

--
-- Dumping data for table `wp_gf_draft_submissions`
--


--
-- Table structure for table `wp_gf_entry`
--

CREATE TABLE `wp_gf_entry` (
  `id` int(10) unsigned NOT NULL AUTO_INCREMENT,
  `form_id` mediumint(8) unsigned NOT NULL,
  `post_id` bigint(20) unsigned DEFAULT NULL,
  `date_created` datetime NOT NULL,
  `date_updated` datetime DEFAULT NULL,
  `is_starred` tinyint(1) NOT NULL DEFAULT '0',
  `is_read` tinyint(1) NOT NULL DEFAULT '0',
  `ip` varchar(39) COLLATE utf8mb4_unicode_520_ci NOT NULL,
  `source_url` varchar(200) COLLATE utf8mb4_unicode_520_ci NOT NULL DEFAULT '',
  `user_agent` varchar(250) COLLATE utf8mb4_unicode_520_ci NOT NULL DEFAULT '',
  `currency` varchar(5) COLLATE utf8mb4_unicode_520_ci DEFAULT NULL,
  `payment_status` varchar(15) COLLATE utf8mb4_unicode_520_ci DEFAULT NULL,
  `payment_date` datetime DEFAULT NULL,
  `payment_amount` decimal(19,2) DEFAULT NULL,
  `payment_method` varchar(30) COLLATE utf8mb4_unicode_520_ci DEFAULT NULL,
  `transaction_id` varchar(50) COLLATE utf8mb4_unicode_520_ci DEFAULT NULL,
  `is_fulfilled` tinyint(1) DEFAULT NULL,
  `created_by` bigint(20) unsigned DEFAULT NULL,
  `transaction_type` tinyint(1) DEFAULT NULL,
  `status` varchar(20) COLLATE utf8mb4_unicode_520_ci NOT NULL DEFAULT 'active',
  PRIMARY KEY (`id`),
  KEY `form_id` (`form_id`),
  KEY `form_id_status` (`form_id`,`status`)
) ENGINE=MyISAM DEFAULT CHARSET=utf8mb4 COLLATE=utf8mb4_unicode_520_ci;

--
-- Dumping data for table `wp_gf_entry`
--


--
-- Table structure for table `wp_gf_entry_meta`
--

CREATE TABLE `wp_gf_entry_meta` (
  `id` bigint(20) unsigned NOT NULL AUTO_INCREMENT,
  `form_id` mediumint(8) unsigned NOT NULL DEFAULT '0',
  `entry_id` bigint(20) unsigned NOT NULL,
  `meta_key` varchar(255) COLLATE utf8mb4_unicode_520_ci DEFAULT NULL,
  `meta_value` longtext COLLATE utf8mb4_unicode_520_ci,
  `item_index` varchar(60) COLLATE utf8mb4_unicode_520_ci DEFAULT NULL,
  PRIMARY KEY (`id`),
  KEY `meta_key` (`meta_key`(191)),
  KEY `entry_id` (`entry_id`),
  KEY `meta_value` (`meta_value`(191))
) ENGINE=MyISAM DEFAULT CHARSET=utf8mb4 COLLATE=utf8mb4_unicode_520_ci;

--
-- Dumping data for table `wp_gf_entry_meta`
--


--
-- Table structure for table `wp_gf_entry_notes`
--

CREATE TABLE `wp_gf_entry_notes` (
  `id` int(10) unsigned NOT NULL AUTO_INCREMENT,
  `entry_id` int(10) unsigned NOT NULL,
  `user_name` varchar(250) COLLATE utf8mb4_unicode_520_ci DEFAULT NULL,
  `user_id` bigint(20) DEFAULT NULL,
  `date_created` datetime NOT NULL,
  `value` longtext COLLATE utf8mb4_unicode_520_ci,
  `note_type` varchar(50) COLLATE utf8mb4_unicode_520_ci DEFAULT NULL,
  `sub_type` varchar(50) COLLATE utf8mb4_unicode_520_ci DEFAULT NULL,
  PRIMARY KEY (`id`),
  KEY `entry_id` (`entry_id`),
  KEY `entry_user_key` (`entry_id`,`user_id`)
) ENGINE=MyISAM DEFAULT CHARSET=utf8mb4 COLLATE=utf8mb4_unicode_520_ci;

--
-- Dumping data for table `wp_gf_entry_notes`
--


--
-- Table structure for table `wp_gf_form`
--

CREATE TABLE `wp_gf_form` (
  `id` mediumint(8) unsigned NOT NULL AUTO_INCREMENT,
  `title` varchar(150) COLLATE utf8mb4_unicode_520_ci NOT NULL,
  `date_created` datetime NOT NULL,
  `date_updated` datetime DEFAULT NULL,
  `is_active` tinyint(1) NOT NULL DEFAULT '1',
  `is_trash` tinyint(1) NOT NULL DEFAULT '0',
  PRIMARY KEY (`id`)
) ENGINE=MyISAM AUTO_INCREMENT=5 DEFAULT CHARSET=utf8mb4 COLLATE=utf8mb4_unicode_520_ci;

--
-- Dumping data for table `wp_gf_form`
--


--
-- Table structure for table `wp_gf_form_meta`
--

CREATE TABLE `wp_gf_form_meta` (
  `form_id` mediumint(8) unsigned NOT NULL,
  `display_meta` longtext COLLATE utf8mb4_unicode_520_ci,
  `entries_grid_meta` longtext COLLATE utf8mb4_unicode_520_ci,
  `confirmations` longtext COLLATE utf8mb4_unicode_520_ci,
  `notifications` longtext COLLATE utf8mb4_unicode_520_ci,
  PRIMARY KEY (`form_id`)
) ENGINE=MyISAM DEFAULT CHARSET=utf8mb4 COLLATE=utf8mb4_unicode_520_ci;

--
-- Dumping data for table `wp_gf_form_meta`
--


--
-- Table structure for table `wp_gf_form_revisions`
--

CREATE TABLE `wp_gf_form_revisions` (
  `id` bigint(20) unsigned NOT NULL AUTO_INCREMENT,
  `form_id` mediumint(8) unsigned NOT NULL,
  `display_meta` longtext COLLATE utf8mb4_unicode_520_ci,
  `date_created` datetime NOT NULL,
  PRIMARY KEY (`id`),
  KEY `date_created` (`date_created`),
  KEY `form_id` (`form_id`)
) ENGINE=MyISAM DEFAULT CHARSET=utf8mb4 COLLATE=utf8mb4_unicode_520_ci;

--
-- Dumping data for table `wp_gf_form_revisions`
--


--
-- Table structure for table `wp_gf_form_view`
--

CREATE TABLE `wp_gf_form_view` (
  `id` bigint(20) unsigned NOT NULL AUTO_INCREMENT,
  `form_id` mediumint(8) unsigned NOT NULL,
  `date_created` datetime NOT NULL,
  `ip` char(15) COLLATE utf8mb4_unicode_520_ci DEFAULT NULL,
  `count` mediumint(8) unsigned NOT NULL DEFAULT '1',
  PRIMARY KEY (`id`),
  KEY `date_created` (`date_created`),
  KEY `form_id` (`form_id`)
) ENGINE=MyISAM AUTO_INCREMENT=193 DEFAULT CHARSET=utf8mb4 COLLATE=utf8mb4_unicode_520_ci;

--
-- Dumping data for table `wp_gf_form_view`
--

INSERT INTO `wp_gf_form_view` VALUES (4,2,'2019-02-22 05:11:49','',52),(3,2,'2019-02-21 00:18:12','',370),(5,2,'2019-02-23 11:18:50','',132),(6,2,'2019-02-24 11:22:07','',54),(7,2,'2019-02-25 16:26:42','',146),(8,2,'2019-02-26 19:50:57','',134),(9,2,'2019-02-27 23:57:41','',16),(10,2,'2019-03-01 03:58:21','',36),(11,2,'2019-03-02 11:40:57','',28),(12,2,'2019-03-04 01:59:37','',160),(13,2,'2019-03-05 02:05:31','',312),(14,2,'2019-03-06 02:09:13','',6),(15,2,'2019-03-07 07:58:57','',138),(16,2,'2019-03-08 13:11:12','',1910),(17,2,'2019-03-09 19:23:19','',46),(18,2,'2019-03-10 23:33:48','',96),(19,2,'2019-03-12 02:06:39','',6),(20,2,'2019-03-13 07:10:27','',14),(21,2,'2019-03-14 14:23:23','',2),(22,2,'2019-03-16 02:29:57','',4),(23,2,'2019-03-17 03:00:18','',22),(24,2,'2019-03-18 05:01:41','',18),(25,2,'2019-03-19 05:47:47','',156),(26,2,'2019-03-20 15:08:12','',20),(27,2,'2019-03-21 19:02:08','',28),(28,2,'2019-03-22 23:36:47','',14),(29,2,'2019-03-24 21:32:50','',32),(30,2,'2019-03-25 23:11:19','',22),(31,2,'2019-03-27 23:28:07','',4),(32,2,'2019-04-02 02:27:10','',14),(33,2,'2019-04-03 15:28:41','',16),(34,2,'2019-04-05 05:56:40','',12),(35,2,'2019-04-07 20:47:30','',118),(36,2,'2019-04-09 16:46:22','',82),(37,2,'2019-04-10 20:47:44','',138),(38,2,'2019-04-11 20:47:51','',568),(39,2,'2019-04-12 23:54:42','',26),(40,2,'2019-04-14 00:21:54','',112),(41,2,'2019-04-15 10:40:36','',18),(42,2,'2019-04-16 11:13:42','',620),(43,2,'2019-04-17 12:09:19','',280),(44,2,'2019-04-18 16:16:23','',380),(45,2,'2019-04-19 23:29:39','',76),(46,2,'2019-04-21 05:45:33','',22),(47,2,'2019-04-22 07:44:55','',10),(48,2,'2019-04-23 11:57:07','',12),(49,2,'2019-04-25 00:04:49','',4),(50,2,'2019-04-26 00:34:30','',78),(51,2,'2019-04-27 01:21:10','',48),(52,2,'2019-04-28 02:37:46','',166),(53,2,'2019-04-29 03:36:15','',154),(54,2,'2019-04-30 09:35:02','',414),(55,2,'2019-05-01 10:08:54','',34),(56,2,'2019-05-02 12:14:08','',62),(57,2,'2019-05-03 12:35:48','',162),(58,2,'2019-05-04 12:55:24','',56),(59,2,'2019-05-05 19:36:39','',48),(60,2,'2019-05-06 21:28:38','',36),(61,2,'2019-05-07 21:38:37','',48),(62,2,'2019-05-08 22:18:09','',24),(63,2,'2019-05-10 19:33:54','',14),(64,2,'2019-05-12 03:12:44','',8),(65,2,'2019-05-13 17:33:41','',18),(66,2,'2019-05-14 21:44:23','',36),(67,2,'2019-05-15 23:28:42','',100),(68,2,'2019-05-17 02:42:43','',192),(69,2,'2019-05-18 07:33:39','',30),(70,2,'2019-05-19 13:46:03','',28),(71,2,'2019-05-20 19:41:47','',114),(72,2,'2019-05-21 21:19:32','',88),(73,2,'2019-05-23 04:29:48','',86),(74,2,'2019-05-24 04:37:55','',38),(75,2,'2019-05-25 07:10:24','',12),(76,2,'2019-05-26 13:24:00','',34),(77,2,'2019-05-27 20:32:23','',102),(78,2,'2019-05-28 20:56:56','',124),(79,2,'2019-05-29 20:57:01','',234),(80,2,'2019-05-30 21:10:09','',76),(81,2,'2019-06-01 04:35:38','',36),(82,2,'2019-06-02 05:40:32','',96),(83,2,'2019-06-03 06:40:14','',256),(84,2,'2019-06-04 07:58:47','',244),(85,2,'2019-06-05 10:20:44','',170),(86,2,'2019-06-06 10:53:58','',114),(87,2,'2019-06-07 16:52:31','',84),(88,2,'2019-06-08 17:14:46','',44),(89,2,'2019-06-09 18:43:05','',276),(90,2,'2019-06-10 20:36:17','',70),(91,2,'2019-06-11 20:40:36','',96),(92,2,'2019-06-12 21:22:51','',22),(93,2,'2019-06-13 23:31:40','',24),(94,2,'2019-06-15 10:56:43','',74),(95,2,'2019-06-16 19:20:51','',172),(96,2,'2019-06-17 20:59:57','',90),(97,2,'2019-06-18 21:01:32','',336),(98,2,'2019-06-19 21:45:05','',426),(99,2,'2019-06-21 00:17:43','',82),(100,2,'2019-06-22 07:35:37','',42),(101,2,'2019-06-23 08:23:06','',124),(102,2,'2019-06-24 12:38:17','',84),(103,2,'2019-06-25 15:04:01','',42),(104,2,'2019-06-27 02:02:52','',22),(105,2,'2019-06-28 04:53:50','',146),(106,2,'2019-06-29 08:15:03','',32),(107,2,'2019-06-30 10:18:50','',70),(108,2,'2019-07-01 18:21:02','',34),(109,2,'2019-07-02 18:57:58','',82),(110,2,'2019-07-04 00:58:47','',58),(111,2,'2019-07-05 02:06:08','',114),(112,2,'2019-07-06 02:12:22','',56),(113,2,'2019-07-07 03:53:23','',60),(114,2,'2019-07-08 04:30:03','',34),(115,2,'2019-07-09 05:50:52','',60),(116,2,'2019-07-10 07:57:00','',40),(117,2,'2019-07-11 09:45:43','',14),(118,2,'2019-07-12 16:33:49','',14),(119,2,'2019-07-13 17:39:17','',58),(120,2,'2019-07-14 18:19:59','',54),(121,2,'2019-07-15 18:53:41','',36),(122,2,'2019-07-16 20:52:46','',60),(123,2,'2019-07-17 23:29:16','',38),(124,2,'2019-07-19 02:15:57','',62),(125,2,'2019-07-20 02:40:09','',116),(126,2,'2019-07-21 03:34:46','',55),(127,2,'2019-07-22 05:03:10','',52),(128,2,'2019-07-23 06:12:40','',38),(129,2,'2019-07-24 08:08:37','',38),(130,2,'2019-07-25 08:11:48','',55),(131,2,'2019-07-26 08:36:20','',42),(132,2,'2019-07-27 09:14:54','',36),(133,2,'2019-07-28 09:45:12','',44),(134,2,'2019-07-29 10:42:52','',100),(135,2,'2019-07-30 13:40:52','',16),(136,2,'2019-07-31 13:46:04','',51),(137,2,'2019-08-01 13:56:29','',36),(138,2,'2019-08-02 16:47:47','',25),(139,2,'2019-08-03 18:05:03','',52),(140,2,'2019-08-04 21:04:44','',66),(141,2,'2019-08-06 00:00:14','',22),(142,2,'2019-08-07 00:36:53','',24),(143,2,'2019-08-08 01:13:24','',22),(144,2,'2019-08-09 06:43:55','',20),(145,2,'2019-08-10 09:57:41','',28),(146,2,'2019-08-11 10:29:54','',51),(147,2,'2019-08-12 10:37:31','',29),(148,2,'2019-08-13 11:23:36','',25),(149,2,'2019-08-14 12:16:54','',14),(150,2,'2019-08-15 12:28:59','',36),(151,2,'2019-08-16 13:48:42','',23),(152,2,'2019-08-17 16:01:22','',34),(153,2,'2019-08-18 17:20:03','',30),(154,2,'2019-08-19 17:51:02','',41),(155,2,'2019-08-20 18:24:03','',49),(156,2,'2019-08-21 20:57:13','',55),(157,2,'2019-08-22 23:08:52','',33),(158,2,'2019-08-23 23:23:45','',29),(159,2,'2019-08-24 23:55:26','',21),(160,2,'2019-08-26 00:14:03','',25),(161,2,'2019-08-27 00:53:47','',69),(162,2,'2019-08-28 01:11:27','',85),(163,2,'2019-08-29 02:30:05','',65),(164,2,'2019-08-30 03:01:48','',46),(165,2,'2019-08-31 04:06:56','',21),(166,2,'2019-09-01 04:33:20','',54),(167,2,'2019-09-02 05:28:54','',21),(168,2,'2019-09-03 06:49:01','',25),(169,2,'2019-09-04 06:49:26','',82),(170,2,'2019-09-05 06:51:31','',33),(171,2,'2019-09-06 07:41:42','',31),(172,2,'2019-09-07 09:53:24','',62),(173,2,'2019-09-08 10:02:34','',28),(174,2,'2019-09-09 10:22:15','',34),(175,2,'2019-09-10 10:30:12','',18),(176,2,'2019-09-11 11:06:03','',31),(177,2,'2019-09-12 14:44:10','',23),(178,2,'2019-09-13 15:06:05','',31),(179,2,'2019-09-14 17:10:21','',17),(180,2,'2019-09-15 17:11:15','',32),(181,2,'2019-09-16 18:50:44','',35),(182,2,'2019-09-17 20:46:02','',78),(183,2,'2019-09-18 21:01:46','',25),(184,2,'2019-09-19 22:52:17','',25),(185,2,'2019-09-21 03:58:30','',32),(186,2,'2019-09-22 04:51:22','',18),(187,2,'2019-09-23 05:51:11','',44),(188,2,'2019-09-24 07:16:21','',59),(189,2,'2019-09-25 09:03:17','',28),(190,2,'2019-09-26 10:16:02','',17),(191,2,'2019-09-27 10:51:42','',14),(192,2,'2019-09-29 20:58:33','',5);

--
-- Table structure for table `wp_learndash_user_activity`
--

CREATE TABLE `wp_learndash_user_activity` (
  `activity_id` bigint(20) unsigned NOT NULL AUTO_INCREMENT,
  `user_id` bigint(20) unsigned NOT NULL DEFAULT '0',
  `post_id` bigint(20) unsigned NOT NULL DEFAULT '0',
  `course_id` bigint(20) unsigned NOT NULL DEFAULT '0',
  `activity_type` varchar(50) COLLATE utf8mb4_unicode_520_ci DEFAULT NULL,
  `activity_status` tinyint(1) unsigned DEFAULT NULL,
  `activity_started` int(11) unsigned DEFAULT NULL,
  `activity_completed` int(11) unsigned DEFAULT NULL,
  `activity_updated` int(11) unsigned DEFAULT NULL,
  PRIMARY KEY (`activity_id`),
  KEY `user_id` (`user_id`),
  KEY `post_id` (`post_id`),
  KEY `course_id` (`course_id`),
  KEY `activity_status` (`activity_status`),
  KEY `activity_type` (`activity_type`),
  KEY `activity_started` (`activity_started`),
  KEY `activity_completed` (`activity_completed`),
  KEY `activity_updated` (`activity_updated`)
) ENGINE=MyISAM DEFAULT CHARSET=utf8mb4 COLLATE=utf8mb4_unicode_520_ci;

--
-- Dumping data for table `wp_learndash_user_activity`
--


--
-- Table structure for table `wp_learndash_user_activity_meta`
--

CREATE TABLE `wp_learndash_user_activity_meta` (
  `activity_meta_id` bigint(20) unsigned NOT NULL AUTO_INCREMENT,
  `activity_id` bigint(20) unsigned NOT NULL DEFAULT '0',
  `activity_meta_key` varchar(255) COLLATE utf8mb4_unicode_520_ci DEFAULT NULL,
  `activity_meta_value` mediumtext COLLATE utf8mb4_unicode_520_ci,
  PRIMARY KEY (`activity_meta_id`),
  KEY `activity_id` (`activity_id`),
  KEY `activity_meta_key` (`activity_meta_key`(191))
) ENGINE=MyISAM DEFAULT CHARSET=utf8mb4 COLLATE=utf8mb4_unicode_520_ci;

--
-- Dumping data for table `wp_learndash_user_activity_meta`
--


--
-- Table structure for table `wp_learnpress_order_itemmeta`
--

CREATE TABLE `wp_learnpress_order_itemmeta` (
  `meta_id` bigint(20) unsigned NOT NULL AUTO_INCREMENT,
  `learnpress_order_item_id` bigint(20) unsigned NOT NULL DEFAULT '0',
  `meta_key` varchar(45) COLLATE utf8mb4_unicode_520_ci NOT NULL DEFAULT '',
  `meta_value` longtext COLLATE utf8mb4_unicode_520_ci NOT NULL,
  PRIMARY KEY (`meta_id`)
) ENGINE=MyISAM AUTO_INCREMENT=129 DEFAULT CHARSET=utf8mb4 COLLATE=utf8mb4_unicode_520_ci;

--
-- Dumping data for table `wp_learnpress_order_itemmeta`
--

INSERT INTO `wp_learnpress_order_itemmeta` VALUES (51,13,'_subtotal','1500'),(50,13,'_quantity','1'),(14,4,'_quantity','1'),(13,4,'_course_id','11486'),(49,13,'_course_id','11486'),(15,4,'_subtotal','1500'),(16,4,'_total','1500'),(17,5,'_course_id','11486'),(18,5,'_quantity','1'),(19,5,'_subtotal','1500'),(20,5,'_total','1500'),(21,6,'_course_id','11486'),(22,6,'_quantity','1'),(23,6,'_subtotal','1500'),(24,6,'_total','1500'),(25,7,'_course_id','11486'),(26,7,'_quantity','1'),(27,7,'_subtotal','1500'),(28,7,'_total','1500'),(29,8,'_course_id','11486'),(30,8,'_quantity','1'),(31,8,'_subtotal','1500'),(32,8,'_total','1500'),(33,9,'_course_id','11486'),(34,9,'_quantity','1'),(35,9,'_subtotal','1500'),(36,9,'_total','1500'),(37,10,'_course_id','11486'),(38,10,'_quantity','1'),(39,10,'_subtotal','1500'),(40,10,'_total','1500'),(41,11,'_course_id','11486'),(42,11,'_quantity','1'),(43,11,'_subtotal','1500'),(44,11,'_total','1500'),(45,12,'_course_id','11486'),(46,12,'_quantity','1'),(47,12,'_subtotal','1500'),(48,12,'_total','1500'),(52,13,'_total','1500'),(53,14,'_course_id','11486'),(54,14,'_quantity','1'),(55,14,'_subtotal','1500'),(56,14,'_total','1500'),(57,15,'_course_id','11549'),(58,15,'_quantity','1'),(59,15,'_subtotal','500'),(60,15,'_total','500'),(61,16,'_course_id','11486'),(62,16,'_quantity','1'),(63,16,'_subtotal','1500'),(64,16,'_total','1500'),(65,17,'_course_id','11486'),(66,17,'_quantity','1'),(67,17,'_subtotal','1500'),(68,17,'_total','1500'),(69,18,'_course_id','11486'),(70,18,'_quantity','1'),(71,18,'_subtotal','1500'),(72,18,'_total','1500'),(73,19,'_course_id','11486'),(74,19,'_quantity','1'),(75,19,'_subtotal','1500'),(76,19,'_total','1500'),(77,20,'_course_id','11486'),(78,20,'_quantity','1'),(79,20,'_subtotal','1500'),(80,20,'_total','1500'),(81,21,'_course_id','11486'),(82,21,'_quantity','1'),(83,21,'_subtotal','1500'),(84,21,'_total','1500'),(85,22,'_course_id','11486'),(86,22,'_quantity','1'),(87,22,'_subtotal','1500'),(88,22,'_total','1500'),(89,23,'_course_id','11486'),(90,23,'_quantity','1'),(91,23,'_subtotal','1500'),(92,23,'_total','1500'),(93,24,'_course_id','11486'),(94,24,'_quantity','1'),(95,24,'_subtotal','1500'),(96,24,'_total','1500'),(97,25,'_course_id','11486'),(98,25,'_quantity','1'),(99,25,'_subtotal','1500'),(100,25,'_total','1500'),(101,26,'_course_id','11486'),(102,26,'_quantity','1'),(103,26,'_subtotal','1500'),(104,26,'_total','1500'),(105,27,'_course_id','11486'),(106,27,'_quantity','1'),(107,27,'_subtotal','1500'),(108,27,'_total','1500'),(109,28,'_course_id','11486'),(110,28,'_quantity','1'),(111,28,'_subtotal','1500'),(112,28,'_total','1500'),(113,29,'_course_id','11486'),(114,29,'_quantity','1'),(115,29,'_subtotal','1500'),(116,29,'_total','1500'),(117,30,'_course_id','11486'),(118,30,'_quantity','1'),(119,30,'_subtotal','1500'),(120,30,'_total','1500'),(121,31,'_course_id','11486'),(122,31,'_quantity','1'),(123,31,'_subtotal','1500'),(124,31,'_total','1500'),(125,32,'_course_id','11486'),(126,32,'_quantity','1'),(127,32,'_subtotal','1500'),(128,32,'_total','1500');

--
-- Table structure for table `wp_learnpress_order_items`
--

CREATE TABLE `wp_learnpress_order_items` (
  `order_item_id` bigint(20) unsigned NOT NULL AUTO_INCREMENT,
  `order_item_name` longtext COLLATE utf8mb4_unicode_520_ci NOT NULL,
  `order_id` bigint(20) unsigned NOT NULL DEFAULT '0',
  PRIMARY KEY (`order_item_id`)
) ENGINE=MyISAM AUTO_INCREMENT=33 DEFAULT CHARSET=utf8mb4 COLLATE=utf8mb4_unicode_520_ci;

--
-- Dumping data for table `wp_learnpress_order_items`
--

INSERT INTO `wp_learnpress_order_items` VALUES (13,'LEAN SIX SIGMA WHITE BELT CERTIFICATION',11623),(4,'LEAN SIX SIGMA WHITE BELT CERTIFICATION',11582),(5,'LEAN SIX SIGMA WHITE BELT CERTIFICATION',11583),(6,'LEAN SIX SIGMA WHITE BELT CERTIFICATION',11584),(7,'LEAN SIX SIGMA WHITE BELT CERTIFICATION',11585),(8,'LEAN SIX SIGMA WHITE BELT CERTIFICATION',11586),(9,'LEAN SIX SIGMA WHITE BELT CERTIFICATION',11587),(10,'LEAN SIX SIGMA WHITE BELT CERTIFICATION',11588),(11,'LEAN SIX SIGMA WHITE BELT CERTIFICATION',11589),(12,'LEAN SIX SIGMA WHITE BELT CERTIFICATION',11590),(14,'LEAN SIX SIGMA WHITE BELT CERTIFICATION',11632),(15,'Lean Six Sigma Brain Storming',11641),(16,'LEAN SIX SIGMA WHITE BELT CERTIFICATION',11995),(17,'LEAN SIX SIGMA WHITE BELT CERTIFICATION',12047),(18,'LEAN SIX SIGMA WHITE BELT CERTIFICATION',12050),(19,'LEAN SIX SIGMA WHITE BELT CERTIFICATION',12053),(20,'LEAN SIX SIGMA WHITE BELT CERTIFICATION',12055),(21,'LEAN SIX SIGMA WHITE BELT CERTIFICATION',12058),(22,'LEAN SIX SIGMA WHITE BELT CERTIFICATION',12060),(23,'LEAN SIX SIGMA WHITE BELT CERTIFICATION',12062),(24,'LEAN SIX SIGMA WHITE BELT CERTIFICATION',12064),(25,'LEAN SIX SIGMA WHITE BELT CERTIFICATION',12073),(26,'LEAN SIX SIGMA WHITE BELT CERTIFICATION',12075),(27,'LEAN SIX SIGMA WHITE BELT CERTIFICATION',12240),(28,'LEAN SIX SIGMA WHITE BELT CERTIFICATION',12259),(29,'LEAN SIX SIGMA WHITE BELT CERTIFICATION',12496),(30,'LEAN SIX SIGMA WHITE BELT CERTIFICATION',12757),(31,'LEAN SIX SIGMA WHITE BELT CERTIFICATION',12760),(32,'LEAN SIX SIGMA WHITE BELT CERTIFICATION',13206);

--
-- Table structure for table `wp_learnpress_question_answermeta`
--

CREATE TABLE `wp_learnpress_question_answermeta` (
  `meta_id` bigint(20) unsigned NOT NULL AUTO_INCREMENT,
  `learnpress_question_answer_id` bigint(20) unsigned NOT NULL,
  `meta_key` varchar(45) COLLATE utf8mb4_unicode_520_ci NOT NULL DEFAULT '',
  `meta_value` text COLLATE utf8mb4_unicode_520_ci NOT NULL,
  PRIMARY KEY (`meta_id`)
) ENGINE=MyISAM AUTO_INCREMENT=87 DEFAULT CHARSET=utf8mb4 COLLATE=utf8mb4_unicode_520_ci;

--
-- Dumping data for table `wp_learnpress_question_answermeta`
--

INSERT INTO `wp_learnpress_question_answermeta` VALUES (85,102,'_blanks',''),(84,101,'_blanks',''),(83,100,'_blanks',''),(82,99,'_blanks',''),(81,98,'_blanks',''),(80,75,'_blanks',''),(79,74,'_blanks',''),(78,73,'_blanks',''),(77,72,'_blanks',''),(76,97,'_blanks',''),(75,96,'_blanks',''),(74,95,'_blanks',''),(73,94,'_blanks',''),(72,93,'_blanks',''),(71,92,'_blanks',''),(70,91,'_blanks',''),(69,90,'_blanks',''),(68,89,'_blanks',''),(67,88,'_blanks',''),(66,87,'_blanks',''),(65,86,'_blanks',''),(64,85,'_blanks',''),(63,84,'_blanks',''),(62,83,'_blanks',''),(61,82,'_blanks',''),(60,79,'_blanks',''),(59,78,'_blanks',''),(58,77,'_blanks',''),(57,76,'_blanks',''),(86,104,'_blanks','');

--
-- Table structure for table `wp_learnpress_question_answers`
--

CREATE TABLE `wp_learnpress_question_answers` (
  `question_answer_id` bigint(20) unsigned NOT NULL AUTO_INCREMENT,
  `question_id` bigint(20) unsigned NOT NULL DEFAULT '0',
  `answer_data` text COLLATE utf8mb4_unicode_520_ci NOT NULL,
  `answer_order` bigint(20) unsigned NOT NULL DEFAULT '0',
  PRIMARY KEY (`question_answer_id`)
) ENGINE=MyISAM AUTO_INCREMENT=105 DEFAULT CHARSET=utf8mb4 COLLATE=utf8mb4_unicode_520_ci;

--
-- Dumping data for table `wp_learnpress_question_answers`
--

INSERT INTO `wp_learnpress_question_answers` VALUES (50,11555,'a:3:{s:4:\"text\";s:4:\"left\";s:5:\"value\";s:27:\"155175436270585c7de47aac551\";s:7:\"is_true\";s:3:\"yes\";}',3),(3,11556,'a:3:{s:4:\"text\";s:18:\"It reduces defects\";s:5:\"value\";s:27:\"155166526266245c7c886ea1bb4\";s:7:\"is_true\";s:0:\"\";}',1),(4,11556,'a:3:{s:4:\"text\";s:23:\"it controls the defects\";s:5:\"value\";s:27:\"155166526266255c7c886ea1bed\";s:7:\"is_true\";s:0:\"\";}',2),(5,11556,'a:3:{s:4:\"text\";s:28:\"Better visual representation\";s:5:\"value\";s:27:\"155166526266255c7c886ea1c25\";s:7:\"is_true\";s:3:\"yes\";}',3),(6,11557,'a:3:{s:4:\"text\";s:4:\"True\";s:5:\"value\";s:4:\"true\";s:7:\"is_true\";s:3:\"yes\";}',1),(7,11557,'a:3:{s:4:\"text\";s:5:\"False\";s:5:\"value\";s:5:\"false\";s:7:\"is_true\";s:0:\"\";}',2),(52,11558,'a:3:{s:4:\"text\";s:101:\"telephone support = f(number of agents,number of telephone lines, quality of line, quality of staffs)\";s:5:\"value\";s:27:\"155175484582465c7de65dc956d\";s:7:\"is_true\";s:3:\"yes\";}',1),(55,11559,'a:3:{s:4:\"text\";s:21:\"mismanagement of time\";s:5:\"value\";s:27:\"155175506921325c7de73d34119\";s:7:\"is_true\";s:0:\"\";}',1),(58,11560,'a:3:{s:4:\"text\";s:15:\"Over production\";s:5:\"value\";s:27:\"155175529151565c7de81b7de16\";s:7:\"is_true\";s:0:\"\";}',1),(11,11562,'a:3:{s:4:\"text\";s:4:\"Sort\";s:5:\"value\";s:27:\"155173280397245c7d9043ed6a2\";s:7:\"is_true\";s:0:\"\";}',1),(12,11562,'a:3:{s:4:\"text\";s:13:\"Straightening\";s:5:\"value\";s:27:\"155173280397255c7d9043ed6de\";s:7:\"is_true\";s:0:\"\";}',2),(13,11562,'a:3:{s:4:\"text\";s:7:\"Shining\";s:5:\"value\";s:27:\"155173280397255c7d9043ed715\";s:7:\"is_true\";s:0:\"\";}',3),(14,11562,'a:3:{s:4:\"text\";s:13:\"Standardizing\";s:5:\"value\";s:27:\"155173297561725c7d90ef96b33\";s:7:\"is_true\";s:0:\"\";}',4),(15,11562,'a:3:{s:4:\"text\";s:10:\"Sustaining\";s:5:\"value\";s:27:\"155173299512015c7d91031d567\";s:7:\"is_true\";s:0:\"\";}',5),(16,11562,'a:3:{s:4:\"text\";s:12:\"All of above\";s:5:\"value\";s:25:\"1551733000355c7d910855770\";s:7:\"is_true\";s:3:\"yes\";}',6),(67,11563,'a:3:{s:4:\"text\";s:4:\"True\";s:5:\"value\";s:4:\"true\";s:7:\"is_true\";s:0:\"\";}',1),(69,11564,'a:3:{s:4:\"text\";s:4:\"True\";s:5:\"value\";s:4:\"true\";s:7:\"is_true\";s:3:\"yes\";}',1),(71,11565,'a:3:{s:4:\"text\";s:14:\"Cost of petrol\";s:5:\"value\";s:27:\"155175575028265c7de9e645039\";s:7:\"is_true\";s:0:\"\";}',1),(20,11566,'a:3:{s:4:\"text\";s:32:\"future state of the organization\";s:5:\"value\";s:27:\"155173351326985c7d930941e02\";s:7:\"is_true\";s:0:\"\";}',1),(21,11566,'a:3:{s:4:\"text\";s:20:\"the production line \";s:5:\"value\";s:27:\"155173351326985c7d930941e3f\";s:7:\"is_true\";s:0:\"\";}',2),(22,11566,'a:3:{s:4:\"text\";s:29:\"why customers are complaining\";s:5:\"value\";s:27:\"155173351326995c7d930941e77\";s:7:\"is_true\";s:0:\"\";}',3),(23,11566,'a:3:{s:4:\"text\";s:33:\"current state of the organization\";s:5:\"value\";s:27:\"155173355083285c7d932ecb55d\";s:7:\"is_true\";s:3:\"yes\";}',4),(24,11566,'a:3:{s:4:\"text\";s:16:\"all of the above\";s:5:\"value\";s:27:\"155173358031095c7d934c4beb5\";s:7:\"is_true\";s:0:\"\";}',5),(76,11567,'a:3:{s:4:\"text\";s:5:\"0.013\";s:5:\"value\";s:27:\"155175614645965c7deb72703a6\";s:7:\"is_true\";s:0:\"\";}',1),(26,11568,'a:3:{s:4:\"text\";s:7:\"Sigma 1\";s:5:\"value\";s:27:\"155173385168745c7d945ba7d80\";s:7:\"is_true\";s:0:\"\";}',1),(27,11568,'a:3:{s:4:\"text\";s:7:\"Sigma 2\";s:5:\"value\";s:27:\"155173385168755c7d945ba7dbc\";s:7:\"is_true\";s:0:\"\";}',2),(28,11568,'a:3:{s:4:\"text\";s:7:\"Sigma 3\";s:5:\"value\";s:27:\"155173385168765c7d945ba7df4\";s:7:\"is_true\";s:3:\"yes\";}',3),(29,11568,'a:3:{s:4:\"text\";s:7:\"Sigma 4\";s:5:\"value\";s:27:\"155173386747585c7d946b742b2\";s:7:\"is_true\";s:0:\"\";}',4),(30,11568,'a:3:{s:4:\"text\";s:7:\"Sigma 5\";s:5:\"value\";s:27:\"155173387411795c7d94721ccb5\";s:7:\"is_true\";s:0:\"\";}',5),(31,11568,'a:3:{s:4:\"text\";s:7:\"Sigma 6\";s:5:\"value\";s:26:\"15517338796445c7d94779d3e7\";s:7:\"is_true\";s:0:\"\";}',6),(32,11569,'a:3:{s:4:\"text\";s:25:\"It uses data calculations\";s:5:\"value\";s:27:\"155173427277035c7d9600bc147\";s:7:\"is_true\";s:0:\"\";}',1),(33,11569,'a:3:{s:4:\"text\";s:36:\"It focus on critical variables (CTQ)\";s:5:\"value\";s:27:\"155173427277045c7d9600bc183\";s:7:\"is_true\";s:3:\"yes\";}',2),(34,11569,'a:3:{s:4:\"text\";s:23:\"its finds defects first\";s:5:\"value\";s:27:\"155173427277045c7d9600bc1bb\";s:7:\"is_true\";s:0:\"\";}',3),(35,11570,'a:3:{s:4:\"text\";s:8:\"Outliers\";s:5:\"value\";s:27:\"155173459814225c7d974622baa\";s:7:\"is_true\";s:3:\"yes\";}',1),(36,11570,'a:3:{s:4:\"text\";s:4:\"Runs\";s:5:\"value\";s:27:\"155173459814235c7d974622bea\";s:7:\"is_true\";s:0:\"\";}',2),(37,11570,'a:3:{s:4:\"text\";s:5:\"Shift\";s:5:\"value\";s:27:\"155173459814235c7d974622c21\";s:7:\"is_true\";s:0:\"\";}',3),(38,11570,'a:3:{s:4:\"text\";s:5:\"Trend\";s:5:\"value\";s:27:\"155173463508375c7d976b1472d\";s:7:\"is_true\";b:0;}',4),(39,11576,'a:3:{s:4:\"text\";s:4:\"True\";s:5:\"value\";s:4:\"true\";s:7:\"is_true\";s:3:\"yes\";}',1),(40,11576,'a:3:{s:4:\"text\";s:5:\"False\";s:5:\"value\";s:5:\"false\";s:7:\"is_true\";s:0:\"\";}',2),(41,11577,'a:3:{s:4:\"text\";s:39:\"Using Mean and +/- 3 standard deviation\";s:5:\"value\";s:27:\"155174026925865c7dad6d3f27b\";s:7:\"is_true\";s:3:\"yes\";}',1),(42,11577,'a:3:{s:4:\"text\";s:20:\"Using formula y=f(x)\";s:5:\"value\";s:27:\"155174026925875c7dad6d3f2b7\";s:7:\"is_true\";s:0:\"\";}',2),(43,11577,'a:3:{s:4:\"text\";s:15:\"Median and mean\";s:5:\"value\";s:27:\"155174026925875c7dad6d3f2ee\";s:7:\"is_true\";s:0:\"\";}',3),(51,11555,'a:3:{s:4:\"text\";s:5:\"right\";s:5:\"value\";s:27:\"155175472464815c7de5e49e3dd\";s:7:\"is_true\";s:0:\"\";}',4),(49,11555,'a:3:{s:4:\"text\";s:11:\"Middle part\";s:5:\"value\";s:27:\"155175436270585c7de47aac51a\";s:7:\"is_true\";s:0:\"\";}',2),(48,11555,'a:3:{s:4:\"text\";s:9:\"All parts\";s:5:\"value\";s:27:\"155175436270575c7de47aac4de\";s:7:\"is_true\";s:0:\"\";}',1),(53,11558,'a:3:{s:4:\"text\";s:79:\"number of lines = f(telephone support staffs,tone of voice,quality of products)\";s:5:\"value\";s:27:\"155175484582475c7de65dc95aa\";s:7:\"is_true\";s:0:\"\";}',2),(54,11558,'a:3:{s:4:\"text\";s:6:\"y=f(x)\";s:5:\"value\";s:27:\"155175484582475c7de65dc95e2\";s:7:\"is_true\";s:0:\"\";}',3),(56,11559,'a:3:{s:4:\"text\";s:22:\"taking too much coffee\";s:5:\"value\";s:27:\"155175506921335c7de73d34155\";s:7:\"is_true\";s:0:\"\";}',2),(57,11559,'a:3:{s:4:\"text\";s:13:\"power failure\";s:5:\"value\";s:27:\"155175506921335c7de73d3418d\";s:7:\"is_true\";s:3:\"yes\";}',3),(59,11560,'a:3:{s:4:\"text\";s:7:\"Defects\";s:5:\"value\";s:27:\"155175529151565c7de81b7de52\";s:7:\"is_true\";s:0:\"\";}',2),(60,11560,'a:3:{s:4:\"text\";s:16:\"Extra processing\";s:5:\"value\";s:27:\"155175529151575c7de81b7de89\";s:7:\"is_true\";s:0:\"\";}',3),(61,11560,'a:3:{s:4:\"text\";s:6:\"Motion\";s:5:\"value\";s:27:\"155175549346275c7de8e570fca\";s:7:\"is_true\";s:0:\"\";}',4),(62,11560,'a:3:{s:4:\"text\";s:14:\"Idle Inventory\";s:5:\"value\";s:27:\"155175550041045c7de8ec6435d\";s:7:\"is_true\";s:0:\"\";}',5),(63,11560,'a:3:{s:4:\"text\";s:7:\"Waiting\";s:5:\"value\";s:27:\"155175552848325c7de90875fab\";s:7:\"is_true\";s:0:\"\";}',6),(64,11560,'a:3:{s:4:\"text\";s:9:\"Transport\";s:5:\"value\";s:27:\"155175554266945c7de916a36f9\";s:7:\"is_true\";s:0:\"\";}',7),(65,11560,'a:3:{s:4:\"text\";s:28:\"Under Utilization of Talents\";s:5:\"value\";s:27:\"155175555909555c7de92717547\";s:7:\"is_true\";s:0:\"\";}',8),(66,11560,'a:3:{s:4:\"text\";s:33:\"All of the above is inter-related\";s:5:\"value\";s:27:\"155175557408485c7de93614b51\";s:7:\"is_true\";s:3:\"yes\";}',9),(68,11563,'a:3:{s:4:\"text\";s:5:\"False\";s:5:\"value\";s:5:\"false\";s:7:\"is_true\";s:3:\"yes\";}',2),(70,11564,'a:3:{s:4:\"text\";s:5:\"False\";s:5:\"value\";s:5:\"false\";s:7:\"is_true\";s:0:\"\";}',2),(72,11565,'a:3:{s:4:\"text\";s:29:\"Only one pump station working\";s:5:\"value\";s:27:\"155175575028275c7de9e645075\";s:7:\"is_true\";s:0:\"\";}',2),(73,11565,'a:3:{s:4:\"text\";s:35:\"During shift change no pump is open\";s:5:\"value\";s:27:\"155175575028275c7de9e6450ad\";s:7:\"is_true\";s:0:\"\";}',3),(74,11565,'a:3:{s:4:\"text\";s:23:\"Staffs are not friendly\";s:5:\"value\";s:27:\"155175589648475c7dea78765a2\";s:7:\"is_true\";s:3:\"yes\";}',4),(75,11565,'a:3:{s:4:\"text\";s:57:\"Quality of petrol is different in different pump sections\";s:5:\"value\";s:26:\"15517559207285c7dea90b1bfc\";s:7:\"is_true\";s:0:\"\";}',5),(77,11567,'a:3:{s:4:\"text\";s:5:\"13000\";s:5:\"value\";s:27:\"155175614645975c7deb72703e2\";s:7:\"is_true\";s:3:\"yes\";}',2),(78,11567,'a:3:{s:4:\"text\";s:6:\"130000\";s:5:\"value\";s:27:\"155175614645975c7deb7270419\";s:7:\"is_true\";s:0:\"\";}',3),(79,11567,'a:3:{s:4:\"text\";s:4:\"3.73\";s:5:\"value\";s:26:\"15517565079375c7decdbe4c64\";s:7:\"is_true\";s:0:\"\";}',4),(80,11604,'a:3:{s:4:\"text\";s:4:\"True\";s:5:\"value\";s:4:\"true\";s:7:\"is_true\";s:0:\"\";}',1),(81,11604,'a:3:{s:4:\"text\";s:5:\"False\";s:5:\"value\";s:5:\"false\";s:7:\"is_true\";s:3:\"yes\";}',2),(82,11605,'a:3:{s:4:\"text\";s:12:\"Define Phase\";s:5:\"value\";s:27:\"155175688588765c7dee55d8b87\";s:7:\"is_true\";s:0:\"\";}',1),(83,11605,'a:3:{s:4:\"text\";s:19:\"The leverage funnel\";s:5:\"value\";s:27:\"155175688588775c7dee55d8bc3\";s:7:\"is_true\";s:0:\"\";}',2),(84,11605,'a:3:{s:4:\"text\";s:5:\"SIPOC\";s:5:\"value\";s:27:\"155175688588775c7dee55d8bfa\";s:7:\"is_true\";s:0:\"\";}',3),(85,11605,'a:3:{s:4:\"text\";s:3:\"VOC\";s:5:\"value\";s:27:\"155175693319675c7dee85300ae\";s:7:\"is_true\";s:0:\"\";}',4),(86,11605,'a:3:{s:4:\"text\";s:9:\"Poka Yoka\";s:5:\"value\";s:27:\"155175693946525c7dee8b71969\";s:7:\"is_true\";s:0:\"\";}',5),(87,11605,'a:3:{s:4:\"text\";s:18:\"Value Stream Chart\";s:5:\"value\";s:27:\"155175694716915c7dee93294ee\";s:7:\"is_true\";s:0:\"\";}',6),(88,11607,'a:3:{s:4:\"text\";s:27:\"Analysis data and objective\";s:5:\"value\";s:27:\"155175700080655c7deec8c4e74\";s:7:\"is_true\";s:0:\"\";}',1),(89,11607,'a:3:{s:4:\"text\";s:31:\"Problem and Objective Statement\";s:5:\"value\";s:27:\"155175700080655c7deec8c4eb0\";s:7:\"is_true\";s:3:\"yes\";}',2),(90,11607,'a:3:{s:4:\"text\";s:22:\"Planing and discussing\";s:5:\"value\";s:27:\"155175700080665c7deec8c4ee8\";s:7:\"is_true\";s:0:\"\";}',3),(91,11608,'a:3:{s:4:\"text\";s:39:\"Looking out for vehicles not to hit you\";s:5:\"value\";s:27:\"155175713855915c7def5288835\";s:7:\"is_true\";s:3:\"yes\";}',1),(92,11608,'a:3:{s:4:\"text\";s:58:\"checking your pocket if you have placed you phone properly\";s:5:\"value\";s:27:\"155175713855925c7def5288871\";s:7:\"is_true\";s:0:\"\";}',2),(93,11608,'a:3:{s:4:\"text\";s:24:\"looking out for potholes\";s:5:\"value\";s:27:\"155175713855925c7def5288896\";s:7:\"is_true\";s:0:\"\";}',3),(94,11609,'a:3:{s:4:\"text\";s:10:\"5 S system\";s:5:\"value\";s:27:\"155175743945615c7df07f6f5cb\";s:7:\"is_true\";s:0:\"\";}',1),(95,11609,'a:3:{s:4:\"text\";s:20:\"Value Stream Mapping\";s:5:\"value\";s:27:\"155175743945615c7df07f6f607\";s:7:\"is_true\";s:0:\"\";}',2),(96,11609,'a:3:{s:4:\"text\";s:9:\"Poka Yoke\";s:5:\"value\";s:27:\"155175743945625c7df07f6f640\";s:7:\"is_true\";s:0:\"\";}',3),(97,11609,'a:3:{s:4:\"text\";s:7:\"1 and 3\";s:5:\"value\";s:27:\"155175747548965c7df0a3778b3\";s:7:\"is_true\";s:3:\"yes\";}',4),(98,12068,'a:3:{s:4:\"text\";s:6:\"y=(fx)\";s:5:\"value\";s:27:\"155925801796245cf063a1eaf78\";s:7:\"is_true\";s:0:\"\";}',1),(99,12068,'a:3:{s:4:\"text\";s:3:\"CTQ\";s:5:\"value\";s:27:\"155925801796245cf063a1eafb3\";s:7:\"is_true\";s:0:\"\";}',2),(100,12068,'a:3:{s:4:\"text\";s:15:\"Lean Principles\";s:5:\"value\";s:27:\"155925801796255cf063a1eafea\";s:7:\"is_true\";s:0:\"\";}',3),(101,12068,'a:3:{s:4:\"text\";s:18:\"Process Management\";s:5:\"value\";s:27:\"155926781107885cf089e313412\";s:7:\"is_true\";s:0:\"\";}',4),(102,12068,'a:3:{s:4:\"text\";s:14:\"Option 1 and 2\";s:5:\"value\";s:27:\"155926782187145cf089edd4c39\";s:7:\"is_true\";s:3:\"yes\";}',5),(104,11605,'a:3:{s:4:\"text\";s:11:\"2,3,4 and 6\";s:5:\"value\";s:27:\"155977167592865cf83a1be2b6d\";s:7:\"is_true\";s:3:\"yes\";}',7);

--
-- Table structure for table `wp_learnpress_quiz_questions`
--

CREATE TABLE `wp_learnpress_quiz_questions` (
  `quiz_question_id` bigint(20) unsigned NOT NULL AUTO_INCREMENT,
  `quiz_id` bigint(20) unsigned NOT NULL DEFAULT '0',
  `question_id` bigint(20) unsigned NOT NULL DEFAULT '0',
  `question_order` bigint(20) unsigned NOT NULL DEFAULT '1',
  `params` longtext COLLATE utf8mb4_unicode_520_ci,
  PRIMARY KEY (`quiz_question_id`)
) ENGINE=MyISAM AUTO_INCREMENT=22 DEFAULT CHARSET=utf8mb4 COLLATE=utf8mb4_unicode_520_ci;

--
-- Dumping data for table `wp_learnpress_quiz_questions`
--

INSERT INTO `wp_learnpress_quiz_questions` VALUES (1,11575,11555,1,NULL),(2,11575,11556,2,NULL),(3,11575,11558,3,NULL),(5,11575,11560,4,NULL),(6,11575,11562,5,NULL),(7,11575,11563,6,NULL),(8,11575,11564,7,NULL),(9,11575,11565,8,NULL),(10,11575,11566,9,NULL),(11,11575,11567,10,NULL),(12,11575,11568,11,NULL),(13,11575,11569,12,NULL),(14,11575,11570,13,NULL),(15,11575,11577,14,NULL),(16,11575,11604,15,NULL),(17,11575,11605,16,NULL),(18,11575,11607,17,NULL),(19,11575,11608,18,NULL),(20,11575,11609,19,NULL),(21,11575,12068,20,NULL);

--
-- Table structure for table `wp_learnpress_review_logs`
--

CREATE TABLE `wp_learnpress_review_logs` (
  `review_log_id` bigint(20) unsigned NOT NULL AUTO_INCREMENT,
  `course_id` bigint(20) unsigned NOT NULL DEFAULT '0',
  `user_id` bigint(20) unsigned NOT NULL DEFAULT '0',
  `message` text COLLATE utf8mb4_unicode_520_ci NOT NULL,
  `date` datetime NOT NULL DEFAULT '0000-00-00 00:00:00',
  `status` varchar(45) COLLATE utf8mb4_unicode_520_ci NOT NULL DEFAULT '',
  `user_type` varchar(45) COLLATE utf8mb4_unicode_520_ci NOT NULL DEFAULT '',
  PRIMARY KEY (`review_log_id`)
) ENGINE=MyISAM AUTO_INCREMENT=25 DEFAULT CHARSET=utf8mb4 COLLATE=utf8mb4_unicode_520_ci;

--
-- Dumping data for table `wp_learnpress_review_logs`
--

INSERT INTO `wp_learnpress_review_logs` VALUES (1,11486,1,'Course has been approved by Reviewer','2019-02-19 23:59:46','publish','reviewer'),(2,11518,1,'Course has been approved by Reviewer','2019-02-21 03:03:04','publish','reviewer'),(3,11521,1,'Course has been approved by Reviewer','2019-02-21 03:08:29','publish','reviewer'),(4,11524,1,'Course has been approved by Reviewer','2019-02-21 03:12:00','publish','reviewer'),(5,11527,1,'Course has been approved by Reviewer','2019-02-21 03:14:42','publish','reviewer'),(6,11538,12,'Course has been approved by Reviewer','2019-02-22 06:57:57','publish','reviewer'),(7,11541,12,'Course has been approved by Reviewer','2019-02-23 04:59:19','publish','reviewer'),(8,11543,12,'Course has been approved by Reviewer','2019-02-23 05:06:27','publish','reviewer'),(9,11549,12,'Course has been approved by Reviewer','2019-02-23 05:31:57','publish','reviewer'),(10,11646,12,'Course has been approved by Reviewer','2019-04-12 03:36:23','publish','reviewer'),(11,11650,12,'Course has been approved by Reviewer','2019-04-12 03:41:39','publish','reviewer'),(12,11654,12,'Course has been approved by Reviewer','2019-04-12 03:48:23','publish','reviewer'),(13,11657,12,'Course has been approved by Reviewer','2019-04-12 03:52:24','publish','reviewer'),(14,11661,12,'Course has been approved by Reviewer','2019-04-12 04:00:41','publish','reviewer'),(15,11664,12,'Course has been approved by Reviewer','2019-04-12 04:13:30','publish','reviewer'),(16,11668,1,'Course has been approved by Reviewer','2019-04-12 05:09:09','publish','reviewer'),(17,11672,1,'Course has been approved by Reviewer','2019-04-12 05:18:38','publish','reviewer'),(18,11675,1,'Course has been approved by Reviewer','2019-04-12 05:24:44','publish','reviewer'),(19,11678,1,'Course has been approved by Reviewer','2019-04-12 05:27:23','publish','reviewer'),(20,11681,1,'Course has been approved by Reviewer','2019-04-12 05:33:56','publish','reviewer'),(21,11683,1,'Course has been approved by Reviewer','2019-04-12 05:42:01','publish','reviewer'),(22,11685,1,'Course has been approved by Reviewer','2019-04-12 06:00:28','publish','reviewer'),(23,11689,12,'Course has been approved by Reviewer','2019-04-12 06:53:51','publish','reviewer'),(24,11681,1,'Course has been rejected by Reviewer','2019-04-29 19:57:27','pending','reviewer');

--
-- Table structure for table `wp_learnpress_section_items`
--

CREATE TABLE `wp_learnpress_section_items` (
  `section_item_id` bigint(20) unsigned NOT NULL AUTO_INCREMENT,
  `section_id` bigint(20) unsigned NOT NULL DEFAULT '0',
  `item_id` bigint(20) unsigned NOT NULL DEFAULT '0',
  `item_order` bigint(20) unsigned NOT NULL DEFAULT '0',
  `item_type` varchar(45) COLLATE utf8mb4_unicode_520_ci DEFAULT NULL,
  PRIMARY KEY (`section_item_id`)
) ENGINE=MyISAM AUTO_INCREMENT=37 DEFAULT CHARSET=utf8mb4 COLLATE=utf8mb4_unicode_520_ci;

--
-- Dumping data for table `wp_learnpress_section_items`
--

INSERT INTO `wp_learnpress_section_items` VALUES (1,1,11534,1,'lp_lesson'),(2,1,11575,31,'lp_quiz'),(3,1,11698,2,'lp_lesson'),(4,1,11702,5,'lp_lesson'),(5,1,11706,3,'lp_lesson'),(6,1,11715,4,'lp_lesson'),(7,1,11719,6,'lp_lesson'),(8,1,11720,7,'lp_lesson'),(9,1,0,9,'lp_assignment'),(10,1,0,9,'lp_assignment'),(11,1,0,9,'lp_assignment'),(12,1,0,9,'lp_assignment'),(13,1,11728,8,'lp_lesson'),(14,1,11730,9,'lp_lesson'),(15,1,11736,10,'lp_lesson'),(16,1,11739,11,'lp_lesson'),(17,1,11742,12,'lp_lesson'),(18,1,11745,13,'lp_lesson'),(19,1,11748,14,'lp_lesson'),(20,1,11751,15,'lp_lesson'),(21,1,11754,16,'lp_lesson'),(22,1,11757,17,'lp_lesson'),(23,1,11764,19,'lp_lesson'),(24,1,11765,18,'lp_lesson'),(25,1,11767,20,'lp_lesson'),(26,1,11776,21,'lp_lesson'),(27,1,11779,22,'lp_lesson'),(28,1,11782,23,'lp_lesson'),(29,1,11785,24,'lp_lesson'),(30,1,11789,25,'lp_lesson'),(31,1,11792,26,'lp_lesson'),(32,1,11795,27,'lp_lesson'),(33,1,11798,29,'lp_lesson'),(35,1,11806,28,'lp_lesson'),(36,1,11954,30,'lp_lesson');

--
-- Table structure for table `wp_learnpress_sections`
--

CREATE TABLE `wp_learnpress_sections` (
  `section_id` bigint(20) unsigned NOT NULL AUTO_INCREMENT,
  `section_name` varchar(255) COLLATE utf8mb4_unicode_520_ci NOT NULL DEFAULT '',
  `section_course_id` bigint(20) unsigned NOT NULL DEFAULT '0',
  `section_order` bigint(5) unsigned NOT NULL DEFAULT '0',
  `section_description` longtext COLLATE utf8mb4_unicode_520_ci NOT NULL,
  PRIMARY KEY (`section_id`)
) ENGINE=MyISAM AUTO_INCREMENT=2 DEFAULT CHARSET=utf8mb4 COLLATE=utf8mb4_unicode_520_ci;

--
-- Dumping data for table `wp_learnpress_sections`
--

INSERT INTO `wp_learnpress_sections` VALUES (1,'White Belt Training',11486,2,'White belt , a entry level lean six sigma certification course');

--
-- Table structure for table `wp_learnpress_sessions`
--

CREATE TABLE `wp_learnpress_sessions` (
  `session_id` bigint(20) NOT NULL AUTO_INCREMENT,
  `session_key` char(32) COLLATE utf8mb4_unicode_520_ci NOT NULL,
  `session_value` longtext COLLATE utf8mb4_unicode_520_ci NOT NULL,
  `session_expiry` bigint(20) NOT NULL,
  PRIMARY KEY (`session_key`),
  UNIQUE KEY `session_id` (`session_id`)
) ENGINE=MyISAM AUTO_INCREMENT=2319 DEFAULT CHARSET=utf8mb4 COLLATE=utf8mb4_unicode_520_ci;

--
-- Dumping data for table `wp_learnpress_sessions`
--

INSERT INTO `wp_learnpress_sessions` VALUES (2317,'82ed4e2e933590194683a73fc0a33831','a:1:{s:13:\"guest_user_id\";i:1569623624;}',1569796408),(2318,'0c5c0f643fb40189b252f8b767988569','a:1:{s:13:\"guest_user_id\";i:1569626370;}',1569799157);

--
-- Table structure for table `wp_learnpress_user_itemmeta`
--

CREATE TABLE `wp_learnpress_user_itemmeta` (
  `meta_id` bigint(20) unsigned NOT NULL AUTO_INCREMENT,
  `learnpress_user_item_id` bigint(20) unsigned NOT NULL,
  `meta_key` varchar(45) COLLATE utf8mb4_unicode_520_ci NOT NULL DEFAULT '',
  `meta_value` text COLLATE utf8mb4_unicode_520_ci NOT NULL,
  PRIMARY KEY (`meta_id`)
) ENGINE=MyISAM AUTO_INCREMENT=549 DEFAULT CHARSET=utf8mb4 COLLATE=utf8mb4_unicode_520_ci;

--
-- Dumping data for table `wp_learnpress_user_itemmeta`
--

INSERT INTO `wp_learnpress_user_itemmeta` VALUES (1,1,'_last_status',''),(2,1,'_current_status','purchased'),(3,1,'course_results_evaluate_lesson','a:6:{s:6:\"result\";i:0;s:5:\"grade\";s:0:\"\";s:6:\"status\";s:9:\"purchased\";s:11:\"count_items\";s:1:\"0\";s:15:\"completed_items\";i:0;s:13:\"skipped_items\";i:0;}'),(4,1,'grade',''),(69,11,'finishing_type','click'),(9,3,'_last_status',''),(10,3,'_current_status','purchased'),(11,4,'_last_status',''),(12,4,'_current_status','purchased'),(13,5,'_last_status',''),(14,5,'_current_status','purchased'),(15,6,'_last_status',''),(16,6,'_current_status','purchased'),(17,7,'_last_status',''),(18,7,'_current_status','purchased'),(19,8,'_last_status',''),(20,8,'_current_status','purchased'),(21,9,'_last_status',''),(22,9,'_current_status','purchased'),(23,4,'course_results_evaluate_final_quiz','a:6:{s:6:\"result\";d:58.33333333333333570180911920033395290374755859375;s:5:\"grade\";s:11:\"in-progress\";s:6:\"status\";s:8:\"enrolled\";s:11:\"count_items\";s:2:\"31\";s:15:\"completed_items\";i:1;s:13:\"skipped_items\";i:30;}'),(24,4,'grade','in-progress'),(60,11,'_last_status',''),(61,11,'_current_status','purchased'),(62,11,'course_results_evaluate_final_quiz','a:6:{s:6:\"result\";i:0;s:5:\"grade\";s:6:\"failed\";s:6:\"status\";s:8:\"finished\";s:11:\"count_items\";s:2:\"31\";s:15:\"completed_items\";i:0;s:13:\"skipped_items\";i:31;}'),(63,11,'grade','failed'),(64,11,'_retaken_items','a:0:{}'),(287,18,'grade','in-progress'),(288,19,'_last_status',''),(289,19,'_current_status','purchased'),(290,19,'course_results_evaluate_lesson','a:6:{s:6:\"result\";i:0;s:5:\"grade\";s:11:\"in-progress\";s:6:\"status\";s:8:\"enrolled\";s:11:\"count_items\";s:2:\"31\";s:15:\"completed_items\";i:0;s:13:\"skipped_items\";i:31;}'),(291,19,'grade','in-progress'),(292,19,'_retaken_items','a:1:{i:11575;i:1;}'),(293,20,'_question_answers','a:1:{i:0;a:0:{}}'),(294,20,'results','a:14:{s:9:\"questions\";a:20:{i:11555;a:4:{s:7:\"correct\";b:0;s:4:\"mark\";i:0;s:4:\"type\";s:13:\"single_choice\";s:8:\"answered\";b:0;}i:11556;a:4:{s:7:\"correct\";b:0;s:4:\"mark\";i:0;s:4:\"type\";s:13:\"single_choice\";s:8:\"answered\";b:0;}i:11558;a:4:{s:7:\"correct\";b:0;s:4:\"mark\";i:0;s:4:\"type\";s:13:\"single_choice\";s:8:\"answered\";b:0;}i:11559;a:4:{s:7:\"correct\";b:0;s:4:\"mark\";i:0;s:4:\"type\";s:13:\"single_choice\";s:8:\"answered\";b:0;}i:11560;a:4:{s:7:\"correct\";b:0;s:4:\"mark\";i:0;s:4:\"type\";s:13:\"single_choice\";s:8:\"answered\";b:0;}i:11562;a:4:{s:7:\"correct\";b:0;s:4:\"mark\";i:0;s:4:\"type\";s:13:\"single_choice\";s:8:\"answered\";b:0;}i:11563;a:4:{s:7:\"correct\";b:0;s:4:\"mark\";i:0;s:4:\"type\";s:13:\"true_or_false\";s:8:\"answered\";b:0;}i:11564;a:4:{s:7:\"correct\";b:0;s:4:\"mark\";i:0;s:4:\"type\";s:13:\"true_or_false\";s:8:\"answered\";b:0;}i:11565;a:4:{s:7:\"correct\";b:0;s:4:\"mark\";i:0;s:4:\"type\";s:13:\"single_choice\";s:8:\"answered\";b:0;}i:11566;a:4:{s:7:\"correct\";b:0;s:4:\"mark\";i:0;s:4:\"type\";s:13:\"single_choice\";s:8:\"answered\";b:0;}i:11567;a:4:{s:7:\"correct\";b:0;s:4:\"mark\";i:0;s:4:\"type\";s:13:\"single_choice\";s:8:\"answered\";b:0;}i:11568;a:4:{s:7:\"correct\";b:0;s:4:\"mark\";i:0;s:4:\"type\";s:13:\"single_choice\";s:8:\"answered\";b:0;}i:11569;a:4:{s:7:\"correct\";b:0;s:4:\"mark\";i:0;s:4:\"type\";s:13:\"single_choice\";s:8:\"answered\";b:0;}i:11570;a:4:{s:7:\"correct\";b:0;s:4:\"mark\";i:0;s:4:\"type\";s:13:\"single_choice\";s:8:\"answered\";b:0;}i:11577;a:4:{s:7:\"correct\";b:0;s:4:\"mark\";i:0;s:4:\"type\";s:13:\"single_choice\";s:8:\"answered\";b:0;}i:11604;a:4:{s:7:\"correct\";b:0;s:4:\"mark\";i:0;s:4:\"type\";s:13:\"true_or_false\";s:8:\"answered\";b:0;}i:11605;a:4:{s:7:\"correct\";b:0;s:4:\"mark\";i:0;s:4:\"type\";s:13:\"single_choice\";s:8:\"answered\";b:0;}i:11607;a:4:{s:7:\"correct\";b:0;s:4:\"mark\";i:0;s:4:\"type\";s:13:\"single_choice\";s:8:\"answered\";b:0;}i:11608;a:4:{s:7:\"correct\";b:0;s:4:\"mark\";i:0;s:4:\"type\";s:13:\"single_choice\";s:8:\"answered\";b:0;}i:11609;a:4:{s:7:\"correct\";b:0;s:4:\"mark\";i:0;s:4:\"type\";s:13:\"single_choice\";s:8:\"answered\";b:0;}}s:4:\"mark\";i:120;s:9:\"user_mark\";i:0;s:14:\"question_count\";i:20;s:14:\"question_empty\";i:20;s:17:\"question_answered\";i:0;s:14:\"question_wrong\";i:0;s:16:\"question_correct\";i:0;s:6:\"status\";s:7:\"started\";s:5:\"grade\";s:0:\"\";s:6:\"result\";i:0;s:10:\"time_spend\";s:5:\"--:--\";s:12:\"retake_count\";i:0;s:10:\"grade_text\";s:6:\"failed\";}'),(30,3,'course_results_evaluate_final_quiz','a:6:{s:6:\"result\";d:79.166666666666657192763523198664188385009765625;s:5:\"grade\";s:6:\"passed\";s:6:\"status\";s:8:\"finished\";s:11:\"count_items\";s:2:\"31\";s:15:\"completed_items\";i:1;s:13:\"skipped_items\";i:30;}'),(31,3,'grade','passed'),(32,5,'course_results_evaluate_final_quiz','a:6:{s:6:\"result\";i:0;s:5:\"grade\";s:0:\"\";s:6:\"status\";s:9:\"purchased\";s:11:\"count_items\";s:2:\"31\";s:15:\"completed_items\";i:0;s:13:\"skipped_items\";i:31;}'),(33,5,'grade',''),(34,6,'course_results_evaluate_final_quiz','a:6:{s:6:\"result\";d:45.8333333333333285963817615993320941925048828125;s:5:\"grade\";s:11:\"in-progress\";s:6:\"status\";s:8:\"enrolled\";s:11:\"count_items\";s:2:\"31\";s:15:\"completed_items\";i:1;s:13:\"skipped_items\";i:30;}'),(35,6,'grade','in-progress'),(36,7,'course_results_evaluate_final_quiz','a:6:{s:6:\"result\";i:0;s:5:\"grade\";s:11:\"in-progress\";s:6:\"status\";s:8:\"enrolled\";s:11:\"count_items\";s:2:\"31\";s:15:\"completed_items\";i:0;s:13:\"skipped_items\";i:31;}'),(37,7,'grade','in-progress'),(38,8,'course_results_evaluate_final_quiz','a:6:{s:6:\"result\";i:0;s:5:\"grade\";s:0:\"\";s:6:\"status\";s:9:\"purchased\";s:11:\"count_items\";s:2:\"31\";s:15:\"completed_items\";i:0;s:13:\"skipped_items\";i:31;}'),(39,8,'grade',''),(40,9,'course_results_evaluate_final_quiz','a:6:{s:6:\"result\";i:0;s:5:\"grade\";s:11:\"in-progress\";s:6:\"status\";s:8:\"enrolled\";s:11:\"count_items\";s:2:\"31\";s:15:\"completed_items\";i:0;s:13:\"skipped_items\";i:31;}'),(41,9,'grade','in-progress'),(286,18,'course_results_evaluate_lesson','a:6:{s:6:\"result\";i:0;s:5:\"grade\";s:11:\"in-progress\";s:6:\"status\";s:8:\"enrolled\";s:11:\"count_items\";s:2:\"31\";s:15:\"completed_items\";i:0;s:13:\"skipped_items\";i:31;}'),(247,17,'_current_question','11555'),(248,17,'current_question','11566'),(249,17,'_question_answers','a:20:{i:11556;s:27:\"155166526266255c7c886ea1c25\";i:11559;s:27:\"155175506921335c7de73d3418d\";i:11558;s:27:\"155175484582465c7de65dc956d\";i:11560;s:27:\"155175557408485c7de93614b51\";i:11562;s:25:\"1551733000355c7d910855770\";i:11563;s:5:\"false\";i:11564;s:4:\"true\";i:11565;s:27:\"155175575028275c7de9e6450ad\";i:11566;s:27:\"155173358031095c7d934c4beb5\";i:11567;s:27:\"155175614645975c7deb72703e2\";i:11568;s:27:\"155173386747585c7d946b742b2\";i:11569;s:27:\"155173427277045c7d9600bc183\";i:11570;s:27:\"155173459814225c7d974622baa\";i:11577;s:27:\"155174026925865c7dad6d3f27b\";i:11604;s:5:\"false\";i:11605;s:27:\"155175694716915c7dee93294ee\";i:11607;s:27:\"155175700080655c7deec8c4eb0\";i:11608;s:27:\"155175713855915c7def5288835\";i:11609;s:27:\"155175747548965c7df0a3778b3\";i:0;a:0:{}}'),(250,17,'results','a:14:{s:9:\"questions\";a:20:{i:11555;a:4:{s:7:\"correct\";b:0;s:4:\"mark\";i:0;s:4:\"type\";s:13:\"single_choice\";s:8:\"answered\";b:0;}i:11556;a:4:{s:7:\"correct\";b:1;s:4:\"mark\";d:5;s:4:\"type\";s:13:\"single_choice\";s:8:\"answered\";b:1;}i:11558;a:4:{s:7:\"correct\";b:1;s:4:\"mark\";d:5;s:4:\"type\";s:13:\"single_choice\";s:8:\"answered\";b:1;}i:11559;a:4:{s:7:\"correct\";b:1;s:4:\"mark\";d:5;s:4:\"type\";s:13:\"single_choice\";s:8:\"answered\";b:1;}i:11560;a:4:{s:7:\"correct\";b:1;s:4:\"mark\";d:10;s:4:\"type\";s:13:\"single_choice\";s:8:\"answered\";b:1;}i:11562;a:4:{s:7:\"correct\";b:1;s:4:\"mark\";d:10;s:4:\"type\";s:13:\"single_choice\";s:8:\"answered\";b:1;}i:11563;a:4:{s:7:\"correct\";b:1;s:4:\"mark\";d:10;s:4:\"type\";s:13:\"true_or_false\";s:8:\"answered\";b:1;}i:11564;a:4:{s:7:\"correct\";b:1;s:4:\"mark\";d:10;s:4:\"type\";s:13:\"true_or_false\";s:8:\"answered\";b:1;}i:11565;a:4:{s:7:\"correct\";b:0;s:4:\"mark\";i:0;s:4:\"type\";s:13:\"single_choice\";s:8:\"answered\";b:1;}i:11566;a:4:{s:7:\"correct\";b:0;s:4:\"mark\";i:0;s:4:\"type\";s:13:\"single_choice\";s:8:\"answered\";b:1;}i:11567;a:4:{s:7:\"correct\";b:1;s:4:\"mark\";d:5;s:4:\"type\";s:13:\"single_choice\";s:8:\"answered\";b:1;}i:11568;a:4:{s:7:\"correct\";b:0;s:4:\"mark\";i:0;s:4:\"type\";s:13:\"single_choice\";s:8:\"answered\";b:1;}i:11569;a:4:{s:7:\"correct\";b:1;s:4:\"mark\";d:5;s:4:\"type\";s:13:\"single_choice\";s:8:\"answered\";b:1;}i:11570;a:4:{s:7:\"correct\";b:1;s:4:\"mark\";d:5;s:4:\"type\";s:13:\"single_choice\";s:8:\"answered\";b:1;}i:11577;a:4:{s:7:\"correct\";b:1;s:4:\"mark\";d:5;s:4:\"type\";s:13:\"single_choice\";s:8:\"answered\";b:1;}i:11604;a:4:{s:7:\"correct\";b:1;s:4:\"mark\";d:5;s:4:\"type\";s:13:\"true_or_false\";s:8:\"answered\";b:1;}i:11605;a:4:{s:7:\"correct\";b:1;s:4:\"mark\";d:5;s:4:\"type\";s:13:\"single_choice\";s:8:\"answered\";b:1;}i:11607;a:4:{s:7:\"correct\";b:1;s:4:\"mark\";d:5;s:4:\"type\";s:13:\"single_choice\";s:8:\"answered\";b:1;}i:11608;a:4:{s:7:\"correct\";b:1;s:4:\"mark\";d:5;s:4:\"type\";s:13:\"single_choice\";s:8:\"answered\";b:1;}i:11609;a:4:{s:7:\"correct\";b:0;s:4:\"mark\";i:0;s:4:\"type\";s:13:\"single_choice\";s:8:\"answered\";b:1;}}s:4:\"mark\";i:120;s:9:\"user_mark\";d:95;s:14:\"question_count\";i:20;s:14:\"question_empty\";i:1;s:17:\"question_answered\";i:19;s:14:\"question_wrong\";i:4;s:16:\"question_correct\";i:15;s:6:\"status\";s:9:\"completed\";s:5:\"grade\";s:6:\"passed\";s:6:\"result\";d:79.166666666666657192763523198664188385009765625;s:10:\"time_spend\";s:5:\"06:40\";s:12:\"retake_count\";i:0;s:10:\"grade_text\";s:6:\"passed\";}'),(70,9,'_retaken_items','a:1:{i:11575;i:8;}'),(277,3,'course_results_evaluate_lesson','a:6:{s:6:\"result\";i:0;s:5:\"grade\";s:6:\"failed\";s:6:\"status\";s:8:\"finished\";s:11:\"count_items\";s:2:\"31\";s:15:\"completed_items\";i:1;s:13:\"skipped_items\";i:30;}'),(251,3,'finishing_type','click'),(279,5,'course_results_evaluate_lesson','a:6:{s:6:\"result\";i:0;s:5:\"grade\";s:0:\"\";s:6:\"status\";s:9:\"purchased\";s:11:\"count_items\";s:2:\"31\";s:15:\"completed_items\";i:0;s:13:\"skipped_items\";i:31;}'),(270,15,'grade',''),(217,13,'_current_question','11607'),(218,13,'current_question','11607'),(219,13,'_question_answers','a:0:{}'),(220,13,'results','a:14:{s:9:\"questions\";a:20:{i:11555;a:4:{s:7:\"correct\";b:0;s:4:\"mark\";i:0;s:4:\"type\";s:13:\"single_choice\";s:8:\"answered\";b:0;}i:11556;a:4:{s:7:\"correct\";b:0;s:4:\"mark\";i:0;s:4:\"type\";s:13:\"single_choice\";s:8:\"answered\";b:0;}i:11558;a:4:{s:7:\"correct\";b:0;s:4:\"mark\";i:0;s:4:\"type\";s:13:\"single_choice\";s:8:\"answered\";b:0;}i:11559;a:4:{s:7:\"correct\";b:0;s:4:\"mark\";i:0;s:4:\"type\";s:13:\"single_choice\";s:8:\"answered\";b:0;}i:11560;a:4:{s:7:\"correct\";b:0;s:4:\"mark\";i:0;s:4:\"type\";s:13:\"single_choice\";s:8:\"answered\";b:0;}i:11562;a:4:{s:7:\"correct\";b:0;s:4:\"mark\";i:0;s:4:\"type\";s:13:\"single_choice\";s:8:\"answered\";b:0;}i:11563;a:4:{s:7:\"correct\";b:0;s:4:\"mark\";i:0;s:4:\"type\";s:13:\"true_or_false\";s:8:\"answered\";b:0;}i:11564;a:4:{s:7:\"correct\";b:0;s:4:\"mark\";i:0;s:4:\"type\";s:13:\"true_or_false\";s:8:\"answered\";b:0;}i:11565;a:4:{s:7:\"correct\";b:0;s:4:\"mark\";i:0;s:4:\"type\";s:13:\"single_choice\";s:8:\"answered\";b:0;}i:11566;a:4:{s:7:\"correct\";b:0;s:4:\"mark\";i:0;s:4:\"type\";s:13:\"single_choice\";s:8:\"answered\";b:0;}i:11567;a:4:{s:7:\"correct\";b:0;s:4:\"mark\";i:0;s:4:\"type\";s:13:\"single_choice\";s:8:\"answered\";b:0;}i:11568;a:4:{s:7:\"correct\";b:0;s:4:\"mark\";i:0;s:4:\"type\";s:13:\"single_choice\";s:8:\"answered\";b:0;}i:11569;a:4:{s:7:\"correct\";b:0;s:4:\"mark\";i:0;s:4:\"type\";s:13:\"single_choice\";s:8:\"answered\";b:0;}i:11570;a:4:{s:7:\"correct\";b:0;s:4:\"mark\";i:0;s:4:\"type\";s:13:\"single_choice\";s:8:\"answered\";b:0;}i:11577;a:4:{s:7:\"correct\";b:0;s:4:\"mark\";i:0;s:4:\"type\";s:13:\"single_choice\";s:8:\"answered\";b:0;}i:11604;a:4:{s:7:\"correct\";b:0;s:4:\"mark\";i:0;s:4:\"type\";s:13:\"true_or_false\";s:8:\"answered\";b:0;}i:11605;a:4:{s:7:\"correct\";b:0;s:4:\"mark\";i:0;s:4:\"type\";s:13:\"single_choice\";s:8:\"answered\";b:0;}i:11607;a:4:{s:7:\"correct\";b:0;s:4:\"mark\";i:0;s:4:\"type\";s:13:\"single_choice\";s:8:\"answered\";b:0;}i:11608;a:4:{s:7:\"correct\";b:0;s:4:\"mark\";i:0;s:4:\"type\";s:13:\"single_choice\";s:8:\"answered\";b:0;}i:11609;a:4:{s:7:\"correct\";b:0;s:4:\"mark\";i:0;s:4:\"type\";s:13:\"single_choice\";s:8:\"answered\";b:0;}}s:4:\"mark\";i:120;s:9:\"user_mark\";i:0;s:14:\"question_count\";i:20;s:14:\"question_empty\";i:20;s:17:\"question_answered\";i:0;s:14:\"question_wrong\";i:0;s:16:\"question_correct\";i:0;s:6:\"status\";s:7:\"started\";s:5:\"grade\";s:0:\"\";s:6:\"result\";i:0;s:10:\"time_spend\";s:5:\"--:--\";s:12:\"retake_count\";i:0;s:10:\"grade_text\";s:6:\"failed\";}'),(74,6,'_retaken_items','a:1:{i:11575;i:7;}'),(181,14,'_current_question','11555'),(182,14,'current_question','11558'),(183,14,'_question_answers','a:21:{i:11555;s:27:\"155175436270585c7de47aac551\";i:11556;s:27:\"155166526266255c7c886ea1bed\";i:11558;s:27:\"155175484582465c7de65dc956d\";i:11559;s:27:\"155175506921335c7de73d3418d\";i:11560;s:27:\"155175555909555c7de92717547\";i:11562;s:27:\"155173299512015c7d91031d567\";i:11563;s:4:\"true\";i:11564;s:4:\"true\";i:11565;s:27:\"155175575028275c7de9e645075\";i:11566;s:27:\"155173358031095c7d934c4beb5\";i:11567;s:27:\"155175614645975c7deb72703e2\";i:11568;s:27:\"155173385168745c7d945ba7d80\";i:11569;s:27:\"155173427277045c7d9600bc183\";i:11570;s:27:\"155173459814225c7d974622baa\";i:11577;s:27:\"155174026925875c7dad6d3f2ee\";i:11604;s:4:\"true\";i:11605;s:27:\"155175694716915c7dee93294ee\";i:11607;s:27:\"155175700080655c7deec8c4eb0\";i:11608;s:27:\"155175713855915c7def5288835\";i:11609;s:27:\"155175743945615c7df07f6f5cb\";i:0;a:0:{}}'),(184,14,'results','a:14:{s:9:\"questions\";a:20:{i:11555;a:4:{s:7:\"correct\";b:1;s:4:\"mark\";d:5;s:4:\"type\";s:13:\"single_choice\";s:8:\"answered\";b:1;}i:11556;a:4:{s:7:\"correct\";b:0;s:4:\"mark\";i:0;s:4:\"type\";s:13:\"single_choice\";s:8:\"answered\";b:1;}i:11558;a:4:{s:7:\"correct\";b:1;s:4:\"mark\";d:5;s:4:\"type\";s:13:\"single_choice\";s:8:\"answered\";b:1;}i:11559;a:4:{s:7:\"correct\";b:1;s:4:\"mark\";d:5;s:4:\"type\";s:13:\"single_choice\";s:8:\"answered\";b:1;}i:11560;a:4:{s:7:\"correct\";b:0;s:4:\"mark\";i:0;s:4:\"type\";s:13:\"single_choice\";s:8:\"answered\";b:1;}i:11562;a:4:{s:7:\"correct\";b:0;s:4:\"mark\";i:0;s:4:\"type\";s:13:\"single_choice\";s:8:\"answered\";b:1;}i:11563;a:4:{s:7:\"correct\";b:0;s:4:\"mark\";i:0;s:4:\"type\";s:13:\"true_or_false\";s:8:\"answered\";b:1;}i:11564;a:4:{s:7:\"correct\";b:1;s:4:\"mark\";d:10;s:4:\"type\";s:13:\"true_or_false\";s:8:\"answered\";b:1;}i:11565;a:4:{s:7:\"correct\";b:0;s:4:\"mark\";i:0;s:4:\"type\";s:13:\"single_choice\";s:8:\"answered\";b:1;}i:11566;a:4:{s:7:\"correct\";b:0;s:4:\"mark\";i:0;s:4:\"type\";s:13:\"single_choice\";s:8:\"answered\";b:1;}i:11567;a:4:{s:7:\"correct\";b:1;s:4:\"mark\";d:5;s:4:\"type\";s:13:\"single_choice\";s:8:\"answered\";b:1;}i:11568;a:4:{s:7:\"correct\";b:0;s:4:\"mark\";i:0;s:4:\"type\";s:13:\"single_choice\";s:8:\"answered\";b:1;}i:11569;a:4:{s:7:\"correct\";b:1;s:4:\"mark\";d:5;s:4:\"type\";s:13:\"single_choice\";s:8:\"answered\";b:1;}i:11570;a:4:{s:7:\"correct\";b:1;s:4:\"mark\";d:5;s:4:\"type\";s:13:\"single_choice\";s:8:\"answered\";b:1;}i:11577;a:4:{s:7:\"correct\";b:0;s:4:\"mark\";i:0;s:4:\"type\";s:13:\"single_choice\";s:8:\"answered\";b:1;}i:11604;a:4:{s:7:\"correct\";b:0;s:4:\"mark\";i:0;s:4:\"type\";s:13:\"true_or_false\";s:8:\"answered\";b:1;}i:11605;a:4:{s:7:\"correct\";b:1;s:4:\"mark\";d:5;s:4:\"type\";s:13:\"single_choice\";s:8:\"answered\";b:1;}i:11607;a:4:{s:7:\"correct\";b:1;s:4:\"mark\";d:5;s:4:\"type\";s:13:\"single_choice\";s:8:\"answered\";b:1;}i:11608;a:4:{s:7:\"correct\";b:1;s:4:\"mark\";d:5;s:4:\"type\";s:13:\"single_choice\";s:8:\"answered\";b:1;}i:11609;a:4:{s:7:\"correct\";b:0;s:4:\"mark\";i:0;s:4:\"type\";s:13:\"single_choice\";s:8:\"answered\";b:1;}}s:4:\"mark\";i:120;s:9:\"user_mark\";d:55;s:14:\"question_count\";i:20;s:14:\"question_empty\";i:0;s:17:\"question_answered\";i:20;s:14:\"question_wrong\";i:10;s:16:\"question_correct\";i:10;s:6:\"status\";s:9:\"completed\";s:5:\"grade\";s:6:\"failed\";s:6:\"result\";d:45.8333333333333285963817615993320941925048828125;s:10:\"time_spend\";s:5:\"29:09\";s:12:\"retake_count\";i:0;s:10:\"grade_text\";s:6:\"failed\";}'),(78,7,'_retaken_items','a:1:{i:11575;i:8;}'),(272,15,'_current_question','11564'),(273,15,'current_question','11564'),(274,15,'_question_answers','a:0:{}'),(275,15,'results','a:14:{s:9:\"questions\";a:20:{i:11555;a:4:{s:7:\"correct\";b:0;s:4:\"mark\";i:0;s:4:\"type\";s:13:\"single_choice\";s:8:\"answered\";b:0;}i:11556;a:4:{s:7:\"correct\";b:0;s:4:\"mark\";i:0;s:4:\"type\";s:13:\"single_choice\";s:8:\"answered\";b:0;}i:11558;a:4:{s:7:\"correct\";b:0;s:4:\"mark\";i:0;s:4:\"type\";s:13:\"single_choice\";s:8:\"answered\";b:0;}i:11559;a:4:{s:7:\"correct\";b:0;s:4:\"mark\";i:0;s:4:\"type\";s:13:\"single_choice\";s:8:\"answered\";b:0;}i:11560;a:4:{s:7:\"correct\";b:0;s:4:\"mark\";i:0;s:4:\"type\";s:13:\"single_choice\";s:8:\"answered\";b:0;}i:11562;a:4:{s:7:\"correct\";b:0;s:4:\"mark\";i:0;s:4:\"type\";s:13:\"single_choice\";s:8:\"answered\";b:0;}i:11563;a:4:{s:7:\"correct\";b:0;s:4:\"mark\";i:0;s:4:\"type\";s:13:\"true_or_false\";s:8:\"answered\";b:0;}i:11564;a:4:{s:7:\"correct\";b:0;s:4:\"mark\";i:0;s:4:\"type\";s:13:\"true_or_false\";s:8:\"answered\";b:0;}i:11565;a:4:{s:7:\"correct\";b:0;s:4:\"mark\";i:0;s:4:\"type\";s:13:\"single_choice\";s:8:\"answered\";b:0;}i:11566;a:4:{s:7:\"correct\";b:0;s:4:\"mark\";i:0;s:4:\"type\";s:13:\"single_choice\";s:8:\"answered\";b:0;}i:11567;a:4:{s:7:\"correct\";b:0;s:4:\"mark\";i:0;s:4:\"type\";s:13:\"single_choice\";s:8:\"answered\";b:0;}i:11568;a:4:{s:7:\"correct\";b:0;s:4:\"mark\";i:0;s:4:\"type\";s:13:\"single_choice\";s:8:\"answered\";b:0;}i:11569;a:4:{s:7:\"correct\";b:0;s:4:\"mark\";i:0;s:4:\"type\";s:13:\"single_choice\";s:8:\"answered\";b:0;}i:11570;a:4:{s:7:\"correct\";b:0;s:4:\"mark\";i:0;s:4:\"type\";s:13:\"single_choice\";s:8:\"answered\";b:0;}i:11577;a:4:{s:7:\"correct\";b:0;s:4:\"mark\";i:0;s:4:\"type\";s:13:\"single_choice\";s:8:\"answered\";b:0;}i:11604;a:4:{s:7:\"correct\";b:0;s:4:\"mark\";i:0;s:4:\"type\";s:13:\"true_or_false\";s:8:\"answered\";b:0;}i:11605;a:4:{s:7:\"correct\";b:0;s:4:\"mark\";i:0;s:4:\"type\";s:13:\"single_choice\";s:8:\"answered\";b:0;}i:11607;a:4:{s:7:\"correct\";b:0;s:4:\"mark\";i:0;s:4:\"type\";s:13:\"single_choice\";s:8:\"answered\";b:0;}i:11608;a:4:{s:7:\"correct\";b:0;s:4:\"mark\";i:0;s:4:\"type\";s:13:\"single_choice\";s:8:\"answered\";b:0;}i:11609;a:4:{s:7:\"correct\";b:0;s:4:\"mark\";i:0;s:4:\"type\";s:13:\"single_choice\";s:8:\"answered\";b:0;}}s:4:\"mark\";i:120;s:9:\"user_mark\";i:0;s:14:\"question_count\";i:20;s:14:\"question_empty\";i:20;s:17:\"question_answered\";i:0;s:14:\"question_wrong\";i:0;s:16:\"question_correct\";i:0;s:6:\"status\";s:7:\"started\";s:5:\"grade\";s:0:\"\";s:6:\"result\";i:0;s:10:\"time_spend\";s:5:\"--:--\";s:12:\"retake_count\";i:0;s:10:\"grade_text\";s:6:\"failed\";}'),(82,4,'_retaken_items','a:1:{i:11575;i:2;}'),(144,16,'_current_question','11555'),(145,16,'current_question','11562'),(146,16,'_question_answers','a:21:{i:11555;s:27:\"155175436270585c7de47aac551\";i:11556;s:27:\"155166526266255c7c886ea1c25\";i:11558;s:27:\"155175484582475c7de65dc95e2\";i:11559;s:27:\"155175506921325c7de73d34119\";i:11560;s:27:\"155175555909555c7de92717547\";i:11562;s:27:\"155173297561725c7d90ef96b33\";i:11563;s:5:\"false\";i:11564;s:4:\"true\";i:11565;s:27:\"155175575028275c7de9e645075\";i:11566;s:27:\"155173358031095c7d934c4beb5\";i:11567;s:27:\"155175614645975c7deb72703e2\";i:11568;s:27:\"155173385168765c7d945ba7df4\";i:11569;s:27:\"155173427277045c7d9600bc183\";i:11570;s:27:\"155173459814225c7d974622baa\";i:11577;s:27:\"155174026925865c7dad6d3f27b\";i:11604;s:5:\"false\";i:11605;s:27:\"155175688588765c7dee55d8b87\";i:11607;s:27:\"155175700080655c7deec8c4eb0\";i:11608;s:27:\"155175713855915c7def5288835\";i:11609;s:27:\"155175743945615c7df07f6f5cb\";i:0;a:0:{}}'),(147,16,'results','a:14:{s:9:\"questions\";a:20:{i:11555;a:4:{s:7:\"correct\";b:1;s:4:\"mark\";d:5;s:4:\"type\";s:13:\"single_choice\";s:8:\"answered\";b:1;}i:11556;a:4:{s:7:\"correct\";b:1;s:4:\"mark\";d:5;s:4:\"type\";s:13:\"single_choice\";s:8:\"answered\";b:1;}i:11558;a:4:{s:7:\"correct\";b:0;s:4:\"mark\";i:0;s:4:\"type\";s:13:\"single_choice\";s:8:\"answered\";b:1;}i:11559;a:4:{s:7:\"correct\";b:0;s:4:\"mark\";i:0;s:4:\"type\";s:13:\"single_choice\";s:8:\"answered\";b:1;}i:11560;a:4:{s:7:\"correct\";b:0;s:4:\"mark\";i:0;s:4:\"type\";s:13:\"single_choice\";s:8:\"answered\";b:1;}i:11562;a:4:{s:7:\"correct\";b:0;s:4:\"mark\";i:0;s:4:\"type\";s:13:\"single_choice\";s:8:\"answered\";b:1;}i:11563;a:4:{s:7:\"correct\";b:1;s:4:\"mark\";d:10;s:4:\"type\";s:13:\"true_or_false\";s:8:\"answered\";b:1;}i:11564;a:4:{s:7:\"correct\";b:1;s:4:\"mark\";d:10;s:4:\"type\";s:13:\"true_or_false\";s:8:\"answered\";b:1;}i:11565;a:4:{s:7:\"correct\";b:0;s:4:\"mark\";i:0;s:4:\"type\";s:13:\"single_choice\";s:8:\"answered\";b:1;}i:11566;a:4:{s:7:\"correct\";b:0;s:4:\"mark\";i:0;s:4:\"type\";s:13:\"single_choice\";s:8:\"answered\";b:1;}i:11567;a:4:{s:7:\"correct\";b:1;s:4:\"mark\";d:5;s:4:\"type\";s:13:\"single_choice\";s:8:\"answered\";b:1;}i:11568;a:4:{s:7:\"correct\";b:1;s:4:\"mark\";d:5;s:4:\"type\";s:13:\"single_choice\";s:8:\"answered\";b:1;}i:11569;a:4:{s:7:\"correct\";b:1;s:4:\"mark\";d:5;s:4:\"type\";s:13:\"single_choice\";s:8:\"answered\";b:1;}i:11570;a:4:{s:7:\"correct\";b:1;s:4:\"mark\";d:5;s:4:\"type\";s:13:\"single_choice\";s:8:\"answered\";b:1;}i:11577;a:4:{s:7:\"correct\";b:1;s:4:\"mark\";d:5;s:4:\"type\";s:13:\"single_choice\";s:8:\"answered\";b:1;}i:11604;a:4:{s:7:\"correct\";b:1;s:4:\"mark\";d:5;s:4:\"type\";s:13:\"true_or_false\";s:8:\"answered\";b:1;}i:11605;a:4:{s:7:\"correct\";b:0;s:4:\"mark\";i:0;s:4:\"type\";s:13:\"single_choice\";s:8:\"answered\";b:1;}i:11607;a:4:{s:7:\"correct\";b:1;s:4:\"mark\";d:5;s:4:\"type\";s:13:\"single_choice\";s:8:\"answered\";b:1;}i:11608;a:4:{s:7:\"correct\";b:1;s:4:\"mark\";d:5;s:4:\"type\";s:13:\"single_choice\";s:8:\"answered\";b:1;}i:11609;a:4:{s:7:\"correct\";b:0;s:4:\"mark\";i:0;s:4:\"type\";s:13:\"single_choice\";s:8:\"answered\";b:1;}}s:4:\"mark\";i:120;s:9:\"user_mark\";d:70;s:14:\"question_count\";i:20;s:14:\"question_empty\";i:0;s:17:\"question_answered\";i:20;s:14:\"question_wrong\";i:8;s:16:\"question_correct\";i:12;s:6:\"status\";s:9:\"completed\";s:5:\"grade\";s:6:\"failed\";s:6:\"result\";d:58.33333333333333570180911920033395290374755859375;s:10:\"time_spend\";s:5:\"33:20\";s:12:\"retake_count\";i:0;s:10:\"grade_text\";s:6:\"failed\";}'),(276,11,'course_results_evaluate_lesson','a:6:{s:6:\"result\";i:0;s:5:\"grade\";s:6:\"failed\";s:6:\"status\";s:8:\"finished\";s:11:\"count_items\";s:2:\"31\";s:15:\"completed_items\";i:0;s:13:\"skipped_items\";i:31;}'),(179,14,'grade','failed'),(245,17,'grade','passed'),(215,13,'grade',''),(280,6,'course_results_evaluate_lesson','a:6:{s:6:\"result\";i:0;s:5:\"grade\";s:11:\"in-progress\";s:6:\"status\";s:8:\"enrolled\";s:11:\"count_items\";s:2:\"31\";s:15:\"completed_items\";i:1;s:13:\"skipped_items\";i:30;}'),(281,7,'course_results_evaluate_lesson','a:6:{s:6:\"result\";i:0;s:5:\"grade\";s:11:\"in-progress\";s:6:\"status\";s:8:\"enrolled\";s:11:\"count_items\";s:2:\"31\";s:15:\"completed_items\";i:0;s:13:\"skipped_items\";i:31;}'),(131,3,'_retaken_items','a:1:{i:11575;i:10;}'),(284,18,'_last_status',''),(285,18,'_current_status','purchased'),(278,4,'course_results_evaluate_lesson','a:6:{s:6:\"result\";i:0;s:5:\"grade\";s:11:\"in-progress\";s:6:\"status\";s:8:\"enrolled\";s:11:\"count_items\";s:2:\"31\";s:15:\"completed_items\";i:1;s:13:\"skipped_items\";i:30;}'),(283,9,'course_results_evaluate_lesson','a:6:{s:6:\"result\";i:0;s:5:\"grade\";s:11:\"in-progress\";s:6:\"status\";s:8:\"enrolled\";s:11:\"count_items\";s:2:\"31\";s:15:\"completed_items\";i:0;s:13:\"skipped_items\";i:31;}'),(142,16,'grade','failed'),(282,8,'course_results_evaluate_lesson','a:6:{s:6:\"result\";i:0;s:5:\"grade\";s:0:\"\";s:6:\"status\";s:9:\"purchased\";s:11:\"count_items\";s:2:\"31\";s:15:\"completed_items\";i:0;s:13:\"skipped_items\";i:31;}'),(295,20,'_current_question','11555'),(296,21,'_last_status',''),(297,21,'_current_status','purchased'),(298,21,'course_results_evaluate_lesson','a:6:{s:6:\"result\";d:63.3333333333333285963817615993320941925048828125;s:5:\"grade\";s:11:\"in-progress\";s:6:\"status\";s:8:\"enrolled\";s:11:\"count_items\";s:2:\"31\";s:15:\"completed_items\";i:19;s:13:\"skipped_items\";i:12;}'),(299,21,'grade','in-progress'),(300,39,'_last_status',''),(301,39,'_current_status','purchased'),(302,39,'course_results_evaluate_lesson','a:6:{s:6:\"result\";i:0;s:5:\"grade\";s:11:\"in-progress\";s:6:\"status\";s:8:\"enrolled\";s:11:\"count_items\";s:2:\"31\";s:15:\"completed_items\";i:0;s:13:\"skipped_items\";i:31;}'),(303,39,'grade','in-progress'),(304,40,'_last_status',''),(305,40,'_current_status','purchased'),(306,41,'_last_status',''),(307,41,'_current_status','purchased'),(308,42,'_last_status',''),(309,42,'_current_status','purchased'),(310,43,'_last_status',''),(311,43,'_current_status','purchased'),(312,44,'_last_status',''),(313,44,'_current_status','purchased'),(314,45,'_last_status',''),(315,45,'_current_status','purchased'),(316,40,'course_results_evaluate_lesson','a:6:{s:6:\"result\";d:6.66666666666666696272613990004174411296844482421875;s:5:\"grade\";s:11:\"in-progress\";s:6:\"status\";s:8:\"enrolled\";s:11:\"count_items\";s:2:\"31\";s:15:\"completed_items\";i:3;s:13:\"skipped_items\";i:28;}'),(317,40,'grade','passed'),(318,41,'course_results_evaluate_lesson','a:6:{s:6:\"result\";i:0;s:5:\"grade\";s:11:\"in-progress\";s:6:\"status\";s:8:\"enrolled\";s:11:\"count_items\";s:2:\"31\";s:15:\"completed_items\";i:1;s:13:\"skipped_items\";i:30;}'),(319,41,'grade','passed'),(320,42,'course_results_evaluate_lesson','a:6:{s:6:\"result\";i:0;s:5:\"grade\";s:0:\"\";s:6:\"status\";s:9:\"purchased\";s:11:\"count_items\";s:2:\"31\";s:15:\"completed_items\";i:0;s:13:\"skipped_items\";i:31;}'),(321,42,'grade','in-progress'),(322,43,'course_results_evaluate_lesson','a:6:{s:6:\"result\";d:20;s:5:\"grade\";s:11:\"in-progress\";s:6:\"status\";s:8:\"enrolled\";s:11:\"count_items\";s:2:\"31\";s:15:\"completed_items\";i:7;s:13:\"skipped_items\";i:24;}'),(323,43,'grade','passed'),(324,44,'course_results_evaluate_lesson','a:6:{s:6:\"result\";i:0;s:5:\"grade\";s:0:\"\";s:6:\"status\";s:9:\"purchased\";s:11:\"count_items\";s:2:\"31\";s:15:\"completed_items\";i:0;s:13:\"skipped_items\";i:31;}'),(325,44,'grade','in-progress'),(326,45,'course_results_evaluate_lesson','a:6:{s:6:\"result\";i:0;s:5:\"grade\";s:0:\"\";s:6:\"status\";s:9:\"purchased\";s:11:\"count_items\";s:2:\"31\";s:15:\"completed_items\";i:0;s:13:\"skipped_items\";i:31;}'),(327,45,'grade','in-progress'),(328,40,'_retaken_items','a:1:{i:11575;i:6;}'),(354,57,'_question_answers','a:21:{i:0;a:0:{}i:11555;s:27:\"155175436270585c7de47aac551\";i:11556;s:27:\"155166526266255c7c886ea1c25\";i:11558;s:27:\"155175484582465c7de65dc956d\";i:11560;s:27:\"155175557408485c7de93614b51\";i:11562;s:27:\"155173280397245c7d9043ed6a2\";i:11563;s:5:\"false\";i:11564;s:4:\"true\";i:11565;s:27:\"155175575028275c7de9e6450ad\";i:11566;s:27:\"155173351326985c7d930941e02\";i:11567;s:27:\"155175614645975c7deb72703e2\";i:11568;s:26:\"15517338796445c7d94779d3e7\";i:11569;s:27:\"155173427277045c7d9600bc183\";i:11570;s:27:\"155173459814225c7d974622baa\";i:11577;s:27:\"155174026925865c7dad6d3f27b\";i:11604;s:4:\"true\";i:11605;s:27:\"155175693319675c7dee85300ae\";i:11607;s:27:\"155175700080655c7deec8c4eb0\";i:11608;s:27:\"155175713855915c7def5288835\";i:11609;s:27:\"155175743945615c7df07f6f5cb\";i:12068;s:27:\"155925801796255cf063a1eafea\";}'),(349,47,'course_results_evaluate_lesson','a:6:{s:6:\"result\";i:0;s:5:\"grade\";s:0:\"\";s:6:\"status\";s:9:\"purchased\";s:11:\"count_items\";s:2:\"31\";s:15:\"completed_items\";i:0;s:13:\"skipped_items\";i:31;}'),(472,48,'_retaken_items','a:1:{i:11575;i:1;}'),(467,46,'_current_question','11555'),(468,46,'current_question','11609'),(469,46,'_question_answers','a:21:{i:11555;s:27:\"155175436270585c7de47aac551\";i:11556;s:27:\"155166526266255c7c886ea1c25\";i:11558;s:27:\"155175484582475c7de65dc95aa\";i:11560;s:27:\"155175557408485c7de93614b51\";i:11562;s:27:\"155173280397245c7d9043ed6a2\";i:11563;s:4:\"true\";i:11564;s:4:\"true\";i:11565;s:27:\"155175575028275c7de9e6450ad\";i:11566;s:27:\"155173351326985c7d930941e02\";i:11567;s:27:\"155175614645975c7deb72703e2\";i:11568;s:26:\"15517338796445c7d94779d3e7\";i:11569;s:27:\"155173427277045c7d9600bc183\";i:11570;s:27:\"155173459814225c7d974622baa\";i:11577;s:27:\"155174026925865c7dad6d3f27b\";i:11604;s:4:\"true\";i:11605;s:27:\"155175693319675c7dee85300ae\";i:11607;s:27:\"155175700080655c7deec8c4eb0\";i:11608;s:27:\"155175713855915c7def5288835\";i:11609;s:27:\"155175743945615c7df07f6f5cb\";i:12068;s:27:\"155926781107885cf089e313412\";i:0;a:0:{}}'),(470,46,'results','a:14:{s:9:\"questions\";a:20:{i:11555;a:4:{s:7:\"correct\";b:1;s:4:\"mark\";d:5;s:4:\"type\";s:13:\"single_choice\";s:8:\"answered\";b:1;}i:11556;a:4:{s:7:\"correct\";b:1;s:4:\"mark\";d:5;s:4:\"type\";s:13:\"single_choice\";s:8:\"answered\";b:1;}i:11558;a:4:{s:7:\"correct\";b:0;s:4:\"mark\";i:0;s:4:\"type\";s:13:\"single_choice\";s:8:\"answered\";b:1;}i:11560;a:4:{s:7:\"correct\";b:1;s:4:\"mark\";d:5;s:4:\"type\";s:13:\"single_choice\";s:8:\"answered\";b:1;}i:11562;a:4:{s:7:\"correct\";b:0;s:4:\"mark\";i:0;s:4:\"type\";s:13:\"single_choice\";s:8:\"answered\";b:1;}i:11563;a:4:{s:7:\"correct\";b:0;s:4:\"mark\";i:0;s:4:\"type\";s:13:\"true_or_false\";s:8:\"answered\";b:1;}i:11564;a:4:{s:7:\"correct\";b:1;s:4:\"mark\";d:5;s:4:\"type\";s:13:\"true_or_false\";s:8:\"answered\";b:1;}i:11565;a:4:{s:7:\"correct\";b:0;s:4:\"mark\";i:0;s:4:\"type\";s:13:\"single_choice\";s:8:\"answered\";b:1;}i:11566;a:4:{s:7:\"correct\";b:0;s:4:\"mark\";i:0;s:4:\"type\";s:13:\"single_choice\";s:8:\"answered\";b:1;}i:11567;a:4:{s:7:\"correct\";b:1;s:4:\"mark\";d:5;s:4:\"type\";s:13:\"single_choice\";s:8:\"answered\";b:1;}i:11568;a:4:{s:7:\"correct\";b:0;s:4:\"mark\";i:0;s:4:\"type\";s:13:\"single_choice\";s:8:\"answered\";b:1;}i:11569;a:4:{s:7:\"correct\";b:1;s:4:\"mark\";d:5;s:4:\"type\";s:13:\"single_choice\";s:8:\"answered\";b:1;}i:11570;a:4:{s:7:\"correct\";b:1;s:4:\"mark\";d:5;s:4:\"type\";s:13:\"single_choice\";s:8:\"answered\";b:1;}i:11577;a:4:{s:7:\"correct\";b:1;s:4:\"mark\";d:5;s:4:\"type\";s:13:\"single_choice\";s:8:\"answered\";b:1;}i:11604;a:4:{s:7:\"correct\";b:0;s:4:\"mark\";i:0;s:4:\"type\";s:13:\"true_or_false\";s:8:\"answered\";b:1;}i:11605;a:4:{s:7:\"correct\";b:0;s:4:\"mark\";i:0;s:4:\"type\";s:13:\"single_choice\";s:8:\"answered\";b:1;}i:11607;a:4:{s:7:\"correct\";b:1;s:4:\"mark\";d:5;s:4:\"type\";s:13:\"single_choice\";s:8:\"answered\";b:1;}i:11608;a:4:{s:7:\"correct\";b:1;s:4:\"mark\";d:5;s:4:\"type\";s:13:\"single_choice\";s:8:\"answered\";b:1;}i:11609;a:4:{s:7:\"correct\";b:0;s:4:\"mark\";i:0;s:4:\"type\";s:13:\"single_choice\";s:8:\"answered\";b:1;}i:12068;a:4:{s:7:\"correct\";b:0;s:4:\"mark\";i:0;s:4:\"type\";s:13:\"single_choice\";s:8:\"answered\";b:1;}}s:4:\"mark\";i:100;s:9:\"user_mark\";d:50;s:14:\"question_count\";i:20;s:14:\"question_empty\";i:0;s:17:\"question_answered\";i:20;s:14:\"question_wrong\";i:10;s:16:\"question_correct\";i:10;s:6:\"status\";s:9:\"completed\";s:5:\"grade\";s:6:\"passed\";s:6:\"result\";d:50;s:10:\"time_spend\";s:5:\"16:13\";s:12:\"retake_count\";i:0;s:10:\"grade_text\";s:6:\"passed\";}'),(332,47,'_last_status',''),(333,47,'_current_status','purchased'),(352,48,'grade','in-progress'),(353,43,'_retaken_items','a:1:{i:11575;i:1;}'),(350,47,'grade','passed'),(351,48,'course_results_evaluate_lesson','a:6:{s:6:\"result\";i:0;s:5:\"grade\";s:0:\"\";s:6:\"status\";s:9:\"purchased\";s:11:\"count_items\";s:2:\"31\";s:15:\"completed_items\";i:0;s:13:\"skipped_items\";i:31;}'),(465,46,'grade','passed'),(335,48,'_last_status',''),(336,48,'_current_status','purchased'),(355,57,'results','a:14:{s:9:\"questions\";a:20:{i:11555;a:4:{s:7:\"correct\";b:1;s:4:\"mark\";d:5;s:4:\"type\";s:13:\"single_choice\";s:8:\"answered\";b:1;}i:11556;a:4:{s:7:\"correct\";b:1;s:4:\"mark\";d:5;s:4:\"type\";s:13:\"single_choice\";s:8:\"answered\";b:1;}i:11558;a:4:{s:7:\"correct\";b:1;s:4:\"mark\";d:5;s:4:\"type\";s:13:\"single_choice\";s:8:\"answered\";b:1;}i:11560;a:4:{s:7:\"correct\";b:1;s:4:\"mark\";d:5;s:4:\"type\";s:13:\"single_choice\";s:8:\"answered\";b:1;}i:11562;a:4:{s:7:\"correct\";b:0;s:4:\"mark\";i:0;s:4:\"type\";s:13:\"single_choice\";s:8:\"answered\";b:1;}i:11563;a:4:{s:7:\"correct\";b:1;s:4:\"mark\";d:5;s:4:\"type\";s:13:\"true_or_false\";s:8:\"answered\";b:1;}i:11564;a:4:{s:7:\"correct\";b:1;s:4:\"mark\";d:5;s:4:\"type\";s:13:\"true_or_false\";s:8:\"answered\";b:1;}i:11565;a:4:{s:7:\"correct\";b:0;s:4:\"mark\";i:0;s:4:\"type\";s:13:\"single_choice\";s:8:\"answered\";b:1;}i:11566;a:4:{s:7:\"correct\";b:0;s:4:\"mark\";i:0;s:4:\"type\";s:13:\"single_choice\";s:8:\"answered\";b:1;}i:11567;a:4:{s:7:\"correct\";b:1;s:4:\"mark\";d:5;s:4:\"type\";s:13:\"single_choice\";s:8:\"answered\";b:1;}i:11568;a:4:{s:7:\"correct\";b:0;s:4:\"mark\";i:0;s:4:\"type\";s:13:\"single_choice\";s:8:\"answered\";b:1;}i:11569;a:4:{s:7:\"correct\";b:1;s:4:\"mark\";d:5;s:4:\"type\";s:13:\"single_choice\";s:8:\"answered\";b:1;}i:11570;a:4:{s:7:\"correct\";b:1;s:4:\"mark\";d:5;s:4:\"type\";s:13:\"single_choice\";s:8:\"answered\";b:1;}i:11577;a:4:{s:7:\"correct\";b:1;s:4:\"mark\";d:5;s:4:\"type\";s:13:\"single_choice\";s:8:\"answered\";b:1;}i:11604;a:4:{s:7:\"correct\";b:0;s:4:\"mark\";i:0;s:4:\"type\";s:13:\"true_or_false\";s:8:\"answered\";b:1;}i:11605;a:4:{s:7:\"correct\";b:0;s:4:\"mark\";i:0;s:4:\"type\";s:13:\"single_choice\";s:8:\"answered\";b:1;}i:11607;a:4:{s:7:\"correct\";b:1;s:4:\"mark\";d:5;s:4:\"type\";s:13:\"single_choice\";s:8:\"answered\";b:1;}i:11608;a:4:{s:7:\"correct\";b:1;s:4:\"mark\";d:5;s:4:\"type\";s:13:\"single_choice\";s:8:\"answered\";b:1;}i:11609;a:4:{s:7:\"correct\";b:0;s:4:\"mark\";i:0;s:4:\"type\";s:13:\"single_choice\";s:8:\"answered\";b:1;}i:12068;a:4:{s:7:\"correct\";b:0;s:4:\"mark\";i:0;s:4:\"type\";s:13:\"single_choice\";s:8:\"answered\";b:1;}}s:4:\"mark\";i:100;s:9:\"user_mark\";d:60;s:14:\"question_count\";i:20;s:14:\"question_empty\";i:0;s:17:\"question_answered\";i:20;s:14:\"question_wrong\";i:8;s:16:\"question_correct\";i:12;s:6:\"status\";s:9:\"completed\";s:5:\"grade\";s:6:\"passed\";s:6:\"result\";d:60;s:10:\"time_spend\";s:5:\"49:11\";s:12:\"retake_count\";i:0;s:10:\"grade_text\";s:6:\"passed\";}'),(356,57,'_current_question','11555'),(357,57,'grade','passed'),(358,41,'_retaken_items','a:1:{i:11575;i:5;}'),(400,18,'course_results_evaluate_final_quiz','a:6:{s:6:\"result\";i:0;s:5:\"grade\";s:11:\"in-progress\";s:6:\"status\";s:8:\"enrolled\";s:11:\"count_items\";s:2:\"31\";s:15:\"completed_items\";i:2;s:13:\"skipped_items\";i:29;}'),(413,60,'_current_question','11555'),(414,60,'current_question','12068'),(415,60,'_question_answers','a:21:{i:12068;s:27:\"155926782187145cf089edd4c39\";i:11609;s:27:\"155175747548965c7df0a3778b3\";i:11608;s:27:\"155175713855915c7def5288835\";i:11607;s:27:\"155175700080655c7deec8c4eb0\";i:11605;s:27:\"155977167592865cf83a1be2b6d\";i:11604;s:5:\"false\";i:11577;s:27:\"155174026925865c7dad6d3f27b\";i:11570;s:27:\"155173459814225c7d974622baa\";i:11569;s:27:\"155173427277045c7d9600bc183\";i:11568;s:27:\"155173385168765c7d945ba7df4\";i:11567;s:27:\"155175614645975c7deb72703e2\";i:11566;s:27:\"155173355083285c7d932ecb55d\";i:11565;s:27:\"155175589648475c7dea78765a2\";i:11564;s:4:\"true\";i:11563;s:5:\"false\";i:11562;s:25:\"1551733000355c7d910855770\";i:11560;s:27:\"155175557408485c7de93614b51\";i:11558;s:27:\"155175484582465c7de65dc956d\";i:11556;s:27:\"155166526266255c7c886ea1c25\";i:11555;s:27:\"155175436270585c7de47aac551\";i:0;a:0:{}}'),(416,60,'results','a:14:{s:9:\"questions\";a:20:{i:11555;a:4:{s:7:\"correct\";b:1;s:4:\"mark\";d:5;s:4:\"type\";s:13:\"single_choice\";s:8:\"answered\";b:1;}i:11556;a:4:{s:7:\"correct\";b:1;s:4:\"mark\";d:5;s:4:\"type\";s:13:\"single_choice\";s:8:\"answered\";b:1;}i:11558;a:4:{s:7:\"correct\";b:1;s:4:\"mark\";d:5;s:4:\"type\";s:13:\"single_choice\";s:8:\"answered\";b:1;}i:11560;a:4:{s:7:\"correct\";b:1;s:4:\"mark\";d:5;s:4:\"type\";s:13:\"single_choice\";s:8:\"answered\";b:1;}i:11562;a:4:{s:7:\"correct\";b:1;s:4:\"mark\";d:5;s:4:\"type\";s:13:\"single_choice\";s:8:\"answered\";b:1;}i:11563;a:4:{s:7:\"correct\";b:1;s:4:\"mark\";d:5;s:4:\"type\";s:13:\"true_or_false\";s:8:\"answered\";b:1;}i:11564;a:4:{s:7:\"correct\";b:1;s:4:\"mark\";d:5;s:4:\"type\";s:13:\"true_or_false\";s:8:\"answered\";b:1;}i:11565;a:4:{s:7:\"correct\";b:1;s:4:\"mark\";d:5;s:4:\"type\";s:13:\"single_choice\";s:8:\"answered\";b:1;}i:11566;a:4:{s:7:\"correct\";b:1;s:4:\"mark\";d:5;s:4:\"type\";s:13:\"single_choice\";s:8:\"answered\";b:1;}i:11567;a:4:{s:7:\"correct\";b:1;s:4:\"mark\";d:5;s:4:\"type\";s:13:\"single_choice\";s:8:\"answered\";b:1;}i:11568;a:4:{s:7:\"correct\";b:1;s:4:\"mark\";d:5;s:4:\"type\";s:13:\"single_choice\";s:8:\"answered\";b:1;}i:11569;a:4:{s:7:\"correct\";b:1;s:4:\"mark\";d:5;s:4:\"type\";s:13:\"single_choice\";s:8:\"answered\";b:1;}i:11570;a:4:{s:7:\"correct\";b:1;s:4:\"mark\";d:5;s:4:\"type\";s:13:\"single_choice\";s:8:\"answered\";b:1;}i:11577;a:4:{s:7:\"correct\";b:1;s:4:\"mark\";d:5;s:4:\"type\";s:13:\"single_choice\";s:8:\"answered\";b:1;}i:11604;a:4:{s:7:\"correct\";b:1;s:4:\"mark\";d:5;s:4:\"type\";s:13:\"true_or_false\";s:8:\"answered\";b:1;}i:11605;a:4:{s:7:\"correct\";b:1;s:4:\"mark\";d:5;s:4:\"type\";s:13:\"single_choice\";s:8:\"answered\";b:1;}i:11607;a:4:{s:7:\"correct\";b:1;s:4:\"mark\";d:5;s:4:\"type\";s:13:\"single_choice\";s:8:\"answered\";b:1;}i:11608;a:4:{s:7:\"correct\";b:1;s:4:\"mark\";d:5;s:4:\"type\";s:13:\"single_choice\";s:8:\"answered\";b:1;}i:11609;a:4:{s:7:\"correct\";b:1;s:4:\"mark\";d:5;s:4:\"type\";s:13:\"single_choice\";s:8:\"answered\";b:1;}i:12068;a:4:{s:7:\"correct\";b:1;s:4:\"mark\";d:5;s:4:\"type\";s:13:\"single_choice\";s:8:\"answered\";b:1;}}s:4:\"mark\";i:100;s:9:\"user_mark\";d:100;s:14:\"question_count\";i:20;s:14:\"question_empty\";i:0;s:17:\"question_answered\";i:20;s:14:\"question_wrong\";i:0;s:16:\"question_correct\";i:20;s:6:\"status\";s:9:\"completed\";s:5:\"grade\";s:6:\"passed\";s:6:\"result\";d:100;s:10:\"time_spend\";s:5:\"05:52\";s:12:\"retake_count\";i:0;s:10:\"grade_text\";s:6:\"passed\";}'),(411,60,'grade','passed'),(363,11,'course_results_evaluate_passed_quizzes','a:6:{s:6:\"result\";i:0;s:5:\"grade\";s:6:\"failed\";s:6:\"status\";s:8:\"finished\";s:11:\"count_items\";s:2:\"31\";s:15:\"completed_items\";i:0;s:13:\"skipped_items\";i:31;}'),(364,3,'course_results_evaluate_passed_quizzes','a:6:{s:6:\"result\";d:79.166666666666657192763523198664188385009765625;s:5:\"grade\";s:6:\"passed\";s:6:\"status\";s:8:\"finished\";s:11:\"count_items\";s:2:\"31\";s:15:\"completed_items\";i:1;s:13:\"skipped_items\";i:30;}'),(365,4,'course_results_evaluate_passed_quizzes','a:6:{s:6:\"result\";i:0;s:5:\"grade\";s:11:\"in-progress\";s:6:\"status\";s:8:\"enrolled\";s:11:\"count_items\";s:2:\"31\";s:15:\"completed_items\";i:1;s:13:\"skipped_items\";i:30;}'),(366,5,'course_results_evaluate_passed_quizzes','a:6:{s:6:\"result\";i:0;s:5:\"grade\";s:0:\"\";s:6:\"status\";s:9:\"purchased\";s:11:\"count_items\";s:2:\"31\";s:15:\"completed_items\";i:0;s:13:\"skipped_items\";i:31;}'),(367,6,'course_results_evaluate_passed_quizzes','a:6:{s:6:\"result\";i:0;s:5:\"grade\";s:11:\"in-progress\";s:6:\"status\";s:8:\"enrolled\";s:11:\"count_items\";s:2:\"31\";s:15:\"completed_items\";i:1;s:13:\"skipped_items\";i:30;}'),(368,7,'course_results_evaluate_passed_quizzes','a:6:{s:6:\"result\";i:0;s:5:\"grade\";s:11:\"in-progress\";s:6:\"status\";s:8:\"enrolled\";s:11:\"count_items\";s:2:\"31\";s:15:\"completed_items\";i:0;s:13:\"skipped_items\";i:31;}'),(369,8,'course_results_evaluate_passed_quizzes','a:6:{s:6:\"result\";i:0;s:5:\"grade\";s:0:\"\";s:6:\"status\";s:9:\"purchased\";s:11:\"count_items\";s:2:\"31\";s:15:\"completed_items\";i:0;s:13:\"skipped_items\";i:31;}'),(370,9,'course_results_evaluate_passed_quizzes','a:6:{s:6:\"result\";i:0;s:5:\"grade\";s:11:\"in-progress\";s:6:\"status\";s:8:\"enrolled\";s:11:\"count_items\";s:2:\"31\";s:15:\"completed_items\";i:0;s:13:\"skipped_items\";i:31;}'),(371,18,'course_results_evaluate_passed_quizzes','a:6:{s:6:\"result\";i:0;s:5:\"grade\";s:11:\"in-progress\";s:6:\"status\";s:8:\"enrolled\";s:11:\"count_items\";s:2:\"31\";s:15:\"completed_items\";i:0;s:13:\"skipped_items\";i:31;}'),(372,19,'course_results_evaluate_passed_quizzes','a:6:{s:6:\"result\";i:0;s:5:\"grade\";s:11:\"in-progress\";s:6:\"status\";s:8:\"enrolled\";s:11:\"count_items\";s:2:\"31\";s:15:\"completed_items\";i:0;s:13:\"skipped_items\";i:31;}'),(373,21,'course_results_evaluate_passed_quizzes','a:6:{s:6:\"result\";i:0;s:5:\"grade\";s:11:\"in-progress\";s:6:\"status\";s:8:\"enrolled\";s:11:\"count_items\";s:2:\"31\";s:15:\"completed_items\";i:19;s:13:\"skipped_items\";i:12;}'),(374,40,'course_results_evaluate_passed_quizzes','a:6:{s:6:\"result\";i:0;s:5:\"grade\";s:11:\"in-progress\";s:6:\"status\";s:8:\"enrolled\";s:11:\"count_items\";s:2:\"31\";s:15:\"completed_items\";i:3;s:13:\"skipped_items\";i:28;}'),(375,41,'course_results_evaluate_passed_quizzes','a:6:{s:6:\"result\";i:0;s:5:\"grade\";s:11:\"in-progress\";s:6:\"status\";s:8:\"enrolled\";s:11:\"count_items\";s:2:\"31\";s:15:\"completed_items\";i:1;s:13:\"skipped_items\";i:30;}'),(376,42,'course_results_evaluate_passed_quizzes','a:6:{s:6:\"result\";i:0;s:5:\"grade\";s:0:\"\";s:6:\"status\";s:9:\"purchased\";s:11:\"count_items\";s:2:\"31\";s:15:\"completed_items\";i:0;s:13:\"skipped_items\";i:31;}'),(377,43,'course_results_evaluate_passed_quizzes','a:6:{s:6:\"result\";i:0;s:5:\"grade\";s:11:\"in-progress\";s:6:\"status\";s:8:\"enrolled\";s:11:\"count_items\";s:2:\"31\";s:15:\"completed_items\";i:7;s:13:\"skipped_items\";i:24;}'),(378,44,'course_results_evaluate_passed_quizzes','a:6:{s:6:\"result\";i:0;s:5:\"grade\";s:0:\"\";s:6:\"status\";s:9:\"purchased\";s:11:\"count_items\";s:2:\"31\";s:15:\"completed_items\";i:0;s:13:\"skipped_items\";i:31;}'),(379,45,'course_results_evaluate_passed_quizzes','a:6:{s:6:\"result\";i:0;s:5:\"grade\";s:0:\"\";s:6:\"status\";s:9:\"purchased\";s:11:\"count_items\";s:2:\"31\";s:15:\"completed_items\";i:0;s:13:\"skipped_items\";i:31;}'),(380,47,'course_results_evaluate_passed_quizzes','a:6:{s:6:\"result\";i:0;s:5:\"grade\";s:0:\"\";s:6:\"status\";s:9:\"purchased\";s:11:\"count_items\";s:2:\"31\";s:15:\"completed_items\";i:0;s:13:\"skipped_items\";i:31;}'),(381,48,'course_results_evaluate_passed_quizzes','a:6:{s:6:\"result\";i:0;s:5:\"grade\";s:0:\"\";s:6:\"status\";s:9:\"purchased\";s:11:\"count_items\";s:2:\"31\";s:15:\"completed_items\";i:0;s:13:\"skipped_items\";i:31;}'),(401,19,'course_results_evaluate_final_quiz','a:6:{s:6:\"result\";i:0;s:5:\"grade\";s:11:\"in-progress\";s:6:\"status\";s:8:\"enrolled\";s:11:\"count_items\";s:2:\"31\";s:15:\"completed_items\";i:0;s:13:\"skipped_items\";i:31;}'),(402,21,'course_results_evaluate_final_quiz','a:6:{s:6:\"result\";d:40;s:5:\"grade\";s:11:\"in-progress\";s:6:\"status\";s:8:\"enrolled\";s:11:\"count_items\";s:2:\"31\";s:15:\"completed_items\";i:31;s:13:\"skipped_items\";i:0;}'),(403,40,'course_results_evaluate_final_quiz','a:6:{s:6:\"result\";d:50;s:5:\"grade\";s:6:\"passed\";s:6:\"status\";s:8:\"finished\";s:11:\"count_items\";s:2:\"31\";s:15:\"completed_items\";i:3;s:13:\"skipped_items\";i:28;}'),(404,41,'course_results_evaluate_final_quiz','a:6:{s:6:\"result\";d:100;s:5:\"grade\";s:6:\"passed\";s:6:\"status\";s:8:\"finished\";s:11:\"count_items\";s:2:\"31\";s:15:\"completed_items\";i:1;s:13:\"skipped_items\";i:30;}'),(405,42,'course_results_evaluate_final_quiz','a:6:{s:6:\"result\";i:0;s:5:\"grade\";s:11:\"in-progress\";s:6:\"status\";s:8:\"enrolled\";s:11:\"count_items\";s:2:\"31\";s:15:\"completed_items\";i:0;s:13:\"skipped_items\";i:31;}'),(406,43,'course_results_evaluate_final_quiz','a:6:{s:6:\"result\";d:60;s:5:\"grade\";s:6:\"passed\";s:6:\"status\";s:8:\"finished\";s:11:\"count_items\";s:2:\"31\";s:15:\"completed_items\";i:7;s:13:\"skipped_items\";i:24;}'),(407,44,'course_results_evaluate_final_quiz','a:6:{s:6:\"result\";d:60;s:5:\"grade\";s:11:\"in-progress\";s:6:\"status\";s:8:\"enrolled\";s:11:\"count_items\";s:2:\"31\";s:15:\"completed_items\";i:1;s:13:\"skipped_items\";i:30;}'),(408,45,'course_results_evaluate_final_quiz','a:6:{s:6:\"result\";d:85;s:5:\"grade\";s:11:\"in-progress\";s:6:\"status\";s:8:\"enrolled\";s:11:\"count_items\";s:2:\"31\";s:15:\"completed_items\";i:1;s:13:\"skipped_items\";i:30;}'),(409,47,'course_results_evaluate_final_quiz','a:6:{s:6:\"result\";d:70;s:5:\"grade\";s:6:\"passed\";s:6:\"status\";s:8:\"finished\";s:11:\"count_items\";s:2:\"31\";s:15:\"completed_items\";i:1;s:13:\"skipped_items\";i:30;}'),(410,48,'course_results_evaluate_final_quiz','a:6:{s:6:\"result\";d:60;s:5:\"grade\";s:11:\"in-progress\";s:6:\"status\";s:8:\"enrolled\";s:11:\"count_items\";s:2:\"31\";s:15:\"completed_items\";i:1;s:13:\"skipped_items\";i:30;}'),(417,41,'finishing_type','click'),(430,43,'finishing_type','click'),(471,40,'finishing_type','click'),(431,21,'_retaken_items','a:1:{i:11575;i:6;}'),(510,71,'_current_question','11555'),(511,71,'current_question','11566'),(512,71,'_question_answers','a:13:{i:11566;s:27:\"155173358031095c7d934c4beb5\";i:11567;s:27:\"155175614645975c7deb72703e2\";i:11568;s:27:\"155173385168755c7d945ba7dbc\";i:11569;s:27:\"155173427277045c7d9600bc183\";i:11570;s:27:\"155173459814225c7d974622baa\";i:11577;s:27:\"155174026925875c7dad6d3f2ee\";i:11604;s:4:\"true\";i:11605;s:27:\"155977167592865cf83a1be2b6d\";i:11607;s:27:\"155175700080655c7deec8c4eb0\";i:11608;s:27:\"155175713855915c7def5288835\";i:11609;s:27:\"155175747548965c7df0a3778b3\";i:12068;s:27:\"155926782187145cf089edd4c39\";i:0;a:0:{}}'),(513,71,'results','a:14:{s:9:\"questions\";a:20:{i:11555;a:4:{s:7:\"correct\";b:0;s:4:\"mark\";i:0;s:4:\"type\";s:13:\"single_choice\";s:8:\"answered\";b:0;}i:11556;a:4:{s:7:\"correct\";b:0;s:4:\"mark\";i:0;s:4:\"type\";s:13:\"single_choice\";s:8:\"answered\";b:0;}i:11558;a:4:{s:7:\"correct\";b:0;s:4:\"mark\";i:0;s:4:\"type\";s:13:\"single_choice\";s:8:\"answered\";b:0;}i:11560;a:4:{s:7:\"correct\";b:0;s:4:\"mark\";i:0;s:4:\"type\";s:13:\"single_choice\";s:8:\"answered\";b:0;}i:11562;a:4:{s:7:\"correct\";b:0;s:4:\"mark\";i:0;s:4:\"type\";s:13:\"single_choice\";s:8:\"answered\";b:0;}i:11563;a:4:{s:7:\"correct\";b:0;s:4:\"mark\";i:0;s:4:\"type\";s:13:\"true_or_false\";s:8:\"answered\";b:0;}i:11564;a:4:{s:7:\"correct\";b:0;s:4:\"mark\";i:0;s:4:\"type\";s:13:\"true_or_false\";s:8:\"answered\";b:0;}i:11565;a:4:{s:7:\"correct\";b:0;s:4:\"mark\";i:0;s:4:\"type\";s:13:\"single_choice\";s:8:\"answered\";b:0;}i:11566;a:4:{s:7:\"correct\";b:0;s:4:\"mark\";i:0;s:4:\"type\";s:13:\"single_choice\";s:8:\"answered\";b:1;}i:11567;a:4:{s:7:\"correct\";b:1;s:4:\"mark\";d:5;s:4:\"type\";s:13:\"single_choice\";s:8:\"answered\";b:1;}i:11568;a:4:{s:7:\"correct\";b:0;s:4:\"mark\";i:0;s:4:\"type\";s:13:\"single_choice\";s:8:\"answered\";b:1;}i:11569;a:4:{s:7:\"correct\";b:1;s:4:\"mark\";d:5;s:4:\"type\";s:13:\"single_choice\";s:8:\"answered\";b:1;}i:11570;a:4:{s:7:\"correct\";b:1;s:4:\"mark\";d:5;s:4:\"type\";s:13:\"single_choice\";s:8:\"answered\";b:1;}i:11577;a:4:{s:7:\"correct\";b:0;s:4:\"mark\";i:0;s:4:\"type\";s:13:\"single_choice\";s:8:\"answered\";b:1;}i:11604;a:4:{s:7:\"correct\";b:0;s:4:\"mark\";i:0;s:4:\"type\";s:13:\"true_or_false\";s:8:\"answered\";b:1;}i:11605;a:4:{s:7:\"correct\";b:1;s:4:\"mark\";d:5;s:4:\"type\";s:13:\"single_choice\";s:8:\"answered\";b:1;}i:11607;a:4:{s:7:\"correct\";b:1;s:4:\"mark\";d:5;s:4:\"type\";s:13:\"single_choice\";s:8:\"answered\";b:1;}i:11608;a:4:{s:7:\"correct\";b:1;s:4:\"mark\";d:5;s:4:\"type\";s:13:\"single_choice\";s:8:\"answered\";b:1;}i:11609;a:4:{s:7:\"correct\";b:1;s:4:\"mark\";d:5;s:4:\"type\";s:13:\"single_choice\";s:8:\"answered\";b:1;}i:12068;a:4:{s:7:\"correct\";b:1;s:4:\"mark\";d:5;s:4:\"type\";s:13:\"single_choice\";s:8:\"answered\";b:1;}}s:4:\"mark\";i:100;s:9:\"user_mark\";d:40;s:14:\"question_count\";i:20;s:14:\"question_empty\";i:8;s:17:\"question_answered\";i:12;s:14:\"question_wrong\";i:4;s:16:\"question_correct\";i:8;s:6:\"status\";s:9:\"completed\";s:5:\"grade\";s:6:\"failed\";s:6:\"result\";d:40;s:10:\"time_spend\";s:5:\"02:28\";s:12:\"retake_count\";i:0;s:10:\"grade_text\";s:6:\"failed\";}'),(508,71,'grade','failed'),(521,85,'_current_status','purchased'),(516,83,'_last_status',''),(517,83,'_current_status','purchased'),(518,84,'_last_status',''),(519,84,'_current_status','purchased'),(520,85,'_last_status',''),(515,77,'grade','in-progress'),(460,44,'_retaken_items','a:1:{i:11575;i:1;}'),(461,73,'_question_answers','a:21:{i:0;a:0:{}i:11555;s:27:\"155175436270575c7de47aac4de\";i:11556;s:27:\"155166526266245c7c886ea1bb4\";i:11558;s:27:\"155175484582465c7de65dc956d\";i:11560;s:27:\"155175557408485c7de93614b51\";i:11562;s:25:\"1551733000355c7d910855770\";i:11563;s:5:\"false\";i:11564;s:4:\"true\";i:11565;s:27:\"155175575028275c7de9e6450ad\";i:11566;s:27:\"155173358031095c7d934c4beb5\";i:11567;s:27:\"155175614645975c7deb72703e2\";i:11568;s:26:\"15517338796445c7d94779d3e7\";i:11569;s:27:\"155173427277045c7d9600bc1bb\";i:11570;s:27:\"155173459814225c7d974622baa\";i:11577;s:27:\"155174026925865c7dad6d3f27b\";i:11604;s:4:\"true\";i:11605;s:27:\"155977167592865cf83a1be2b6d\";i:11607;s:27:\"155175700080655c7deec8c4eb0\";i:11608;s:27:\"155175713855915c7def5288835\";i:11609;s:27:\"155175743945625c7df07f6f640\";i:12068;s:27:\"155926782187145cf089edd4c39\";}'),(462,73,'results','a:14:{s:9:\"questions\";a:20:{i:11555;a:4:{s:7:\"correct\";b:0;s:4:\"mark\";i:0;s:4:\"type\";s:13:\"single_choice\";s:8:\"answered\";b:1;}i:11556;a:4:{s:7:\"correct\";b:0;s:4:\"mark\";i:0;s:4:\"type\";s:13:\"single_choice\";s:8:\"answered\";b:1;}i:11558;a:4:{s:7:\"correct\";b:1;s:4:\"mark\";d:5;s:4:\"type\";s:13:\"single_choice\";s:8:\"answered\";b:1;}i:11560;a:4:{s:7:\"correct\";b:1;s:4:\"mark\";d:5;s:4:\"type\";s:13:\"single_choice\";s:8:\"answered\";b:1;}i:11562;a:4:{s:7:\"correct\";b:1;s:4:\"mark\";d:5;s:4:\"type\";s:13:\"single_choice\";s:8:\"answered\";b:1;}i:11563;a:4:{s:7:\"correct\";b:1;s:4:\"mark\";d:5;s:4:\"type\";s:13:\"true_or_false\";s:8:\"answered\";b:1;}i:11564;a:4:{s:7:\"correct\";b:1;s:4:\"mark\";d:5;s:4:\"type\";s:13:\"true_or_false\";s:8:\"answered\";b:1;}i:11565;a:4:{s:7:\"correct\";b:0;s:4:\"mark\";i:0;s:4:\"type\";s:13:\"single_choice\";s:8:\"answered\";b:1;}i:11566;a:4:{s:7:\"correct\";b:0;s:4:\"mark\";i:0;s:4:\"type\";s:13:\"single_choice\";s:8:\"answered\";b:1;}i:11567;a:4:{s:7:\"correct\";b:1;s:4:\"mark\";d:5;s:4:\"type\";s:13:\"single_choice\";s:8:\"answered\";b:1;}i:11568;a:4:{s:7:\"correct\";b:0;s:4:\"mark\";i:0;s:4:\"type\";s:13:\"single_choice\";s:8:\"answered\";b:1;}i:11569;a:4:{s:7:\"correct\";b:0;s:4:\"mark\";i:0;s:4:\"type\";s:13:\"single_choice\";s:8:\"answered\";b:1;}i:11570;a:4:{s:7:\"correct\";b:1;s:4:\"mark\";d:5;s:4:\"type\";s:13:\"single_choice\";s:8:\"answered\";b:1;}i:11577;a:4:{s:7:\"correct\";b:1;s:4:\"mark\";d:5;s:4:\"type\";s:13:\"single_choice\";s:8:\"answered\";b:1;}i:11604;a:4:{s:7:\"correct\";b:0;s:4:\"mark\";i:0;s:4:\"type\";s:13:\"true_or_false\";s:8:\"answered\";b:1;}i:11605;a:4:{s:7:\"correct\";b:1;s:4:\"mark\";d:5;s:4:\"type\";s:13:\"single_choice\";s:8:\"answered\";b:1;}i:11607;a:4:{s:7:\"correct\";b:1;s:4:\"mark\";d:5;s:4:\"type\";s:13:\"single_choice\";s:8:\"answered\";b:1;}i:11608;a:4:{s:7:\"correct\";b:1;s:4:\"mark\";d:5;s:4:\"type\";s:13:\"single_choice\";s:8:\"answered\";b:1;}i:11609;a:4:{s:7:\"correct\";b:0;s:4:\"mark\";i:0;s:4:\"type\";s:13:\"single_choice\";s:8:\"answered\";b:1;}i:12068;a:4:{s:7:\"correct\";b:1;s:4:\"mark\";d:5;s:4:\"type\";s:13:\"single_choice\";s:8:\"answered\";b:1;}}s:4:\"mark\";i:100;s:9:\"user_mark\";d:60;s:14:\"question_count\";i:20;s:14:\"question_empty\";i:0;s:17:\"question_answered\";i:20;s:14:\"question_wrong\";i:8;s:16:\"question_correct\";i:12;s:6:\"status\";s:9:\"completed\";s:5:\"grade\";s:6:\"passed\";s:6:\"result\";d:60;s:10:\"time_spend\";s:8:\"01:00:30\";s:12:\"retake_count\";i:0;s:10:\"grade_text\";s:6:\"passed\";}'),(463,73,'_current_question','11555'),(464,73,'grade','passed'),(473,74,'_question_answers','a:21:{i:0;a:0:{}i:11555;s:27:\"155175436270585c7de47aac551\";i:11556;s:27:\"155166526266245c7c886ea1bb4\";i:11558;s:27:\"155175484582465c7de65dc956d\";i:11560;s:27:\"155175557408485c7de93614b51\";i:11562;s:25:\"1551733000355c7d910855770\";i:11563;s:4:\"true\";i:11564;s:5:\"false\";i:11565;s:27:\"155175575028275c7de9e6450ad\";i:11566;s:27:\"155173351326985c7d930941e3f\";i:11567;s:27:\"155175614645975c7deb72703e2\";i:11568;s:27:\"155173385168765c7d945ba7df4\";i:11569;s:27:\"155173427277045c7d9600bc183\";i:11570;s:27:\"155173459814225c7d974622baa\";i:11577;s:27:\"155174026925865c7dad6d3f27b\";i:11604;s:5:\"false\";i:11605;s:27:\"155175688588765c7dee55d8b87\";i:11607;s:27:\"155175700080655c7deec8c4eb0\";i:11608;s:27:\"155175713855915c7def5288835\";i:11609;s:27:\"155175743945625c7df07f6f640\";i:12068;s:27:\"155926781107885cf089e313412\";}'),(474,74,'results','a:14:{s:9:\"questions\";a:20:{i:11555;a:4:{s:7:\"correct\";b:1;s:4:\"mark\";d:5;s:4:\"type\";s:13:\"single_choice\";s:8:\"answered\";b:1;}i:11556;a:4:{s:7:\"correct\";b:0;s:4:\"mark\";i:0;s:4:\"type\";s:13:\"single_choice\";s:8:\"answered\";b:1;}i:11558;a:4:{s:7:\"correct\";b:1;s:4:\"mark\";d:5;s:4:\"type\";s:13:\"single_choice\";s:8:\"answered\";b:1;}i:11560;a:4:{s:7:\"correct\";b:1;s:4:\"mark\";d:5;s:4:\"type\";s:13:\"single_choice\";s:8:\"answered\";b:1;}i:11562;a:4:{s:7:\"correct\";b:1;s:4:\"mark\";d:5;s:4:\"type\";s:13:\"single_choice\";s:8:\"answered\";b:1;}i:11563;a:4:{s:7:\"correct\";b:0;s:4:\"mark\";i:0;s:4:\"type\";s:13:\"true_or_false\";s:8:\"answered\";b:1;}i:11564;a:4:{s:7:\"correct\";b:0;s:4:\"mark\";i:0;s:4:\"type\";s:13:\"true_or_false\";s:8:\"answered\";b:1;}i:11565;a:4:{s:7:\"correct\";b:0;s:4:\"mark\";i:0;s:4:\"type\";s:13:\"single_choice\";s:8:\"answered\";b:1;}i:11566;a:4:{s:7:\"correct\";b:0;s:4:\"mark\";i:0;s:4:\"type\";s:13:\"single_choice\";s:8:\"answered\";b:1;}i:11567;a:4:{s:7:\"correct\";b:1;s:4:\"mark\";d:5;s:4:\"type\";s:13:\"single_choice\";s:8:\"answered\";b:1;}i:11568;a:4:{s:7:\"correct\";b:1;s:4:\"mark\";d:5;s:4:\"type\";s:13:\"single_choice\";s:8:\"answered\";b:1;}i:11569;a:4:{s:7:\"correct\";b:1;s:4:\"mark\";d:5;s:4:\"type\";s:13:\"single_choice\";s:8:\"answered\";b:1;}i:11570;a:4:{s:7:\"correct\";b:1;s:4:\"mark\";d:5;s:4:\"type\";s:13:\"single_choice\";s:8:\"answered\";b:1;}i:11577;a:4:{s:7:\"correct\";b:1;s:4:\"mark\";d:5;s:4:\"type\";s:13:\"single_choice\";s:8:\"answered\";b:1;}i:11604;a:4:{s:7:\"correct\";b:1;s:4:\"mark\";d:5;s:4:\"type\";s:13:\"true_or_false\";s:8:\"answered\";b:1;}i:11605;a:4:{s:7:\"correct\";b:0;s:4:\"mark\";i:0;s:4:\"type\";s:13:\"single_choice\";s:8:\"answered\";b:1;}i:11607;a:4:{s:7:\"correct\";b:1;s:4:\"mark\";d:5;s:4:\"type\";s:13:\"single_choice\";s:8:\"answered\";b:1;}i:11608;a:4:{s:7:\"correct\";b:1;s:4:\"mark\";d:5;s:4:\"type\";s:13:\"single_choice\";s:8:\"answered\";b:1;}i:11609;a:4:{s:7:\"correct\";b:0;s:4:\"mark\";i:0;s:4:\"type\";s:13:\"single_choice\";s:8:\"answered\";b:1;}i:12068;a:4:{s:7:\"correct\";b:0;s:4:\"mark\";i:0;s:4:\"type\";s:13:\"single_choice\";s:8:\"answered\";b:1;}}s:4:\"mark\";i:100;s:9:\"user_mark\";d:60;s:14:\"question_count\";i:20;s:14:\"question_empty\";i:0;s:17:\"question_answered\";i:20;s:14:\"question_wrong\";i:8;s:16:\"question_correct\";i:12;s:6:\"status\";s:9:\"completed\";s:5:\"grade\";s:6:\"passed\";s:6:\"result\";d:60;s:10:\"time_spend\";s:5:\"26:07\";s:12:\"retake_count\";i:0;s:10:\"grade_text\";s:6:\"passed\";}'),(475,74,'_current_question','11555'),(476,74,'grade','passed'),(477,47,'_retaken_items','a:1:{i:11575;i:1;}'),(478,75,'_question_answers','a:21:{i:0;a:0:{}i:11555;s:27:\"155175436270585c7de47aac551\";i:11556;s:27:\"155166526266245c7c886ea1bb4\";i:11558;s:27:\"155175484582475c7de65dc95e2\";i:11560;s:27:\"155175557408485c7de93614b51\";i:11562;s:25:\"1551733000355c7d910855770\";i:11563;s:5:\"false\";i:11564;s:4:\"true\";i:11565;s:26:\"15517559207285c7dea90b1bfc\";i:11566;s:27:\"155173351326985c7d930941e3f\";i:11567;s:27:\"155175614645975c7deb72703e2\";i:11568;s:27:\"155173385168765c7d945ba7df4\";i:11569;s:27:\"155173427277045c7d9600bc183\";i:11570;s:27:\"155173459814225c7d974622baa\";i:11577;s:27:\"155174026925865c7dad6d3f27b\";i:11604;s:4:\"true\";i:11605;s:27:\"155977167592865cf83a1be2b6d\";i:11607;s:27:\"155175700080655c7deec8c4eb0\";i:11608;s:27:\"155175713855915c7def5288835\";i:11609;s:27:\"155175743945625c7df07f6f640\";i:12068;s:27:\"155926782187145cf089edd4c39\";}'),(479,75,'results','a:14:{s:9:\"questions\";a:20:{i:11555;a:4:{s:7:\"correct\";b:1;s:4:\"mark\";d:5;s:4:\"type\";s:13:\"single_choice\";s:8:\"answered\";b:1;}i:11556;a:4:{s:7:\"correct\";b:0;s:4:\"mark\";i:0;s:4:\"type\";s:13:\"single_choice\";s:8:\"answered\";b:1;}i:11558;a:4:{s:7:\"correct\";b:0;s:4:\"mark\";i:0;s:4:\"type\";s:13:\"single_choice\";s:8:\"answered\";b:1;}i:11560;a:4:{s:7:\"correct\";b:1;s:4:\"mark\";d:5;s:4:\"type\";s:13:\"single_choice\";s:8:\"answered\";b:1;}i:11562;a:4:{s:7:\"correct\";b:1;s:4:\"mark\";d:5;s:4:\"type\";s:13:\"single_choice\";s:8:\"answered\";b:1;}i:11563;a:4:{s:7:\"correct\";b:1;s:4:\"mark\";d:5;s:4:\"type\";s:13:\"true_or_false\";s:8:\"answered\";b:1;}i:11564;a:4:{s:7:\"correct\";b:1;s:4:\"mark\";d:5;s:4:\"type\";s:13:\"true_or_false\";s:8:\"answered\";b:1;}i:11565;a:4:{s:7:\"correct\";b:0;s:4:\"mark\";i:0;s:4:\"type\";s:13:\"single_choice\";s:8:\"answered\";b:1;}i:11566;a:4:{s:7:\"correct\";b:0;s:4:\"mark\";i:0;s:4:\"type\";s:13:\"single_choice\";s:8:\"answered\";b:1;}i:11567;a:4:{s:7:\"correct\";b:1;s:4:\"mark\";d:5;s:4:\"type\";s:13:\"single_choice\";s:8:\"answered\";b:1;}i:11568;a:4:{s:7:\"correct\";b:1;s:4:\"mark\";d:5;s:4:\"type\";s:13:\"single_choice\";s:8:\"answered\";b:1;}i:11569;a:4:{s:7:\"correct\";b:1;s:4:\"mark\";d:5;s:4:\"type\";s:13:\"single_choice\";s:8:\"answered\";b:1;}i:11570;a:4:{s:7:\"correct\";b:1;s:4:\"mark\";d:5;s:4:\"type\";s:13:\"single_choice\";s:8:\"answered\";b:1;}i:11577;a:4:{s:7:\"correct\";b:1;s:4:\"mark\";d:5;s:4:\"type\";s:13:\"single_choice\";s:8:\"answered\";b:1;}i:11604;a:4:{s:7:\"correct\";b:0;s:4:\"mark\";i:0;s:4:\"type\";s:13:\"true_or_false\";s:8:\"answered\";b:1;}i:11605;a:4:{s:7:\"correct\";b:1;s:4:\"mark\";d:5;s:4:\"type\";s:13:\"single_choice\";s:8:\"answered\";b:1;}i:11607;a:4:{s:7:\"correct\";b:1;s:4:\"mark\";d:5;s:4:\"type\";s:13:\"single_choice\";s:8:\"answered\";b:1;}i:11608;a:4:{s:7:\"correct\";b:1;s:4:\"mark\";d:5;s:4:\"type\";s:13:\"single_choice\";s:8:\"answered\";b:1;}i:11609;a:4:{s:7:\"correct\";b:0;s:4:\"mark\";i:0;s:4:\"type\";s:13:\"single_choice\";s:8:\"answered\";b:1;}i:12068;a:4:{s:7:\"correct\";b:1;s:4:\"mark\";d:5;s:4:\"type\";s:13:\"single_choice\";s:8:\"answered\";b:1;}}s:4:\"mark\";i:100;s:9:\"user_mark\";d:70;s:14:\"question_count\";i:20;s:14:\"question_empty\";i:0;s:17:\"question_answered\";i:20;s:14:\"question_wrong\";i:6;s:16:\"question_correct\";i:14;s:6:\"status\";s:9:\"completed\";s:5:\"grade\";s:6:\"passed\";s:6:\"result\";d:70;s:10:\"time_spend\";s:5:\"31:14\";s:12:\"retake_count\";i:0;s:10:\"grade_text\";s:6:\"passed\";}'),(480,75,'_current_question','11555'),(481,75,'grade','passed'),(482,47,'finishing_type','click'),(483,45,'_retaken_items','a:1:{i:11575;i:1;}'),(484,76,'_question_answers','a:18:{i:0;a:0:{}i:11555;s:27:\"155175436270585c7de47aac551\";i:11556;s:27:\"155166526266255c7c886ea1c25\";i:11558;s:27:\"155175484582465c7de65dc956d\";i:11560;s:27:\"155175557408485c7de93614b51\";i:11562;s:25:\"1551733000355c7d910855770\";i:11563;s:5:\"false\";i:11564;s:4:\"true\";i:11568;s:27:\"155173385168765c7d945ba7df4\";i:11569;s:27:\"155173427277045c7d9600bc183\";i:11570;s:27:\"155173459814225c7d974622baa\";i:11577;s:27:\"155174026925865c7dad6d3f27b\";i:11604;s:5:\"false\";i:11605;s:27:\"155977167592865cf83a1be2b6d\";i:11607;s:27:\"155175700080655c7deec8c4eb0\";i:11608;s:27:\"155175713855915c7def5288835\";i:11609;s:27:\"155175747548965c7df0a3778b3\";i:12068;s:27:\"155926782187145cf089edd4c39\";}'),(485,76,'results','a:14:{s:9:\"questions\";a:20:{i:11555;a:4:{s:7:\"correct\";b:1;s:4:\"mark\";d:5;s:4:\"type\";s:13:\"single_choice\";s:8:\"answered\";b:1;}i:11556;a:4:{s:7:\"correct\";b:1;s:4:\"mark\";d:5;s:4:\"type\";s:13:\"single_choice\";s:8:\"answered\";b:1;}i:11558;a:4:{s:7:\"correct\";b:1;s:4:\"mark\";d:5;s:4:\"type\";s:13:\"single_choice\";s:8:\"answered\";b:1;}i:11560;a:4:{s:7:\"correct\";b:1;s:4:\"mark\";d:5;s:4:\"type\";s:13:\"single_choice\";s:8:\"answered\";b:1;}i:11562;a:4:{s:7:\"correct\";b:1;s:4:\"mark\";d:5;s:4:\"type\";s:13:\"single_choice\";s:8:\"answered\";b:1;}i:11563;a:4:{s:7:\"correct\";b:1;s:4:\"mark\";d:5;s:4:\"type\";s:13:\"true_or_false\";s:8:\"answered\";b:1;}i:11564;a:4:{s:7:\"correct\";b:1;s:4:\"mark\";d:5;s:4:\"type\";s:13:\"true_or_false\";s:8:\"answered\";b:1;}i:11565;a:4:{s:7:\"correct\";b:0;s:4:\"mark\";i:0;s:4:\"type\";s:13:\"single_choice\";s:8:\"answered\";b:0;}i:11566;a:4:{s:7:\"correct\";b:0;s:4:\"mark\";i:0;s:4:\"type\";s:13:\"single_choice\";s:8:\"answered\";b:0;}i:11567;a:4:{s:7:\"correct\";b:0;s:4:\"mark\";i:0;s:4:\"type\";s:13:\"single_choice\";s:8:\"answered\";b:0;}i:11568;a:4:{s:7:\"correct\";b:1;s:4:\"mark\";d:5;s:4:\"type\";s:13:\"single_choice\";s:8:\"answered\";b:1;}i:11569;a:4:{s:7:\"correct\";b:1;s:4:\"mark\";d:5;s:4:\"type\";s:13:\"single_choice\";s:8:\"answered\";b:1;}i:11570;a:4:{s:7:\"correct\";b:1;s:4:\"mark\";d:5;s:4:\"type\";s:13:\"single_choice\";s:8:\"answered\";b:1;}i:11577;a:4:{s:7:\"correct\";b:1;s:4:\"mark\";d:5;s:4:\"type\";s:13:\"single_choice\";s:8:\"answered\";b:1;}i:11604;a:4:{s:7:\"correct\";b:1;s:4:\"mark\";d:5;s:4:\"type\";s:13:\"true_or_false\";s:8:\"answered\";b:1;}i:11605;a:4:{s:7:\"correct\";b:1;s:4:\"mark\";d:5;s:4:\"type\";s:13:\"single_choice\";s:8:\"answered\";b:1;}i:11607;a:4:{s:7:\"correct\";b:1;s:4:\"mark\";d:5;s:4:\"type\";s:13:\"single_choice\";s:8:\"answered\";b:1;}i:11608;a:4:{s:7:\"correct\";b:1;s:4:\"mark\";d:5;s:4:\"type\";s:13:\"single_choice\";s:8:\"answered\";b:1;}i:11609;a:4:{s:7:\"correct\";b:1;s:4:\"mark\";d:5;s:4:\"type\";s:13:\"single_choice\";s:8:\"answered\";b:1;}i:12068;a:4:{s:7:\"correct\";b:1;s:4:\"mark\";d:5;s:4:\"type\";s:13:\"single_choice\";s:8:\"answered\";b:1;}}s:4:\"mark\";i:100;s:9:\"user_mark\";d:85;s:14:\"question_count\";i:20;s:14:\"question_empty\";i:3;s:17:\"question_answered\";i:17;s:14:\"question_wrong\";i:0;s:16:\"question_correct\";i:17;s:6:\"status\";s:9:\"completed\";s:5:\"grade\";s:6:\"passed\";s:6:\"result\";d:85;s:10:\"time_spend\";s:5:\"08:28\";s:12:\"retake_count\";i:0;s:10:\"grade_text\";s:6:\"passed\";}'),(486,76,'_current_question','11555'),(487,76,'grade','passed'),(488,77,'_last_status',''),(489,77,'_current_status','purchased'),(490,77,'course_results_evaluate_final_quiz','a:6:{s:6:\"result\";i:0;s:5:\"grade\";s:11:\"in-progress\";s:6:\"status\";s:8:\"enrolled\";s:11:\"count_items\";s:2:\"31\";s:15:\"completed_items\";i:0;s:13:\"skipped_items\";i:31;}'),(514,77,'_lp_retaken_count','1'),(492,77,'_retaken_items','a:1:{i:11575;i:1;}'),(493,78,'_question_answers','a:21:{i:0;a:0:{}i:11555;s:27:\"155175436270585c7de47aac551\";i:11556;s:27:\"155166526266255c7c886ea1c25\";i:11558;s:27:\"155175484582475c7de65dc95e2\";i:11560;s:27:\"155175557408485c7de93614b51\";i:11562;s:25:\"1551733000355c7d910855770\";i:11563;s:4:\"true\";i:11564;s:4:\"true\";i:11565;s:26:\"15517559207285c7dea90b1bfc\";i:11566;s:27:\"155173355083285c7d932ecb55d\";i:11567;s:27:\"155175614645975c7deb72703e2\";i:11568;s:27:\"155173386747585c7d946b742b2\";i:11569;s:27:\"155173427277045c7d9600bc1bb\";i:11570;s:27:\"155173459814235c7d974622c21\";i:11577;s:27:\"155174026925865c7dad6d3f27b\";i:11604;s:5:\"false\";i:11605;s:27:\"155175688588765c7dee55d8b87\";i:11607;s:27:\"155175700080655c7deec8c4eb0\";i:11608;s:27:\"155175713855915c7def5288835\";i:11609;s:27:\"155175747548965c7df0a3778b3\";i:12068;s:27:\"155925801796255cf063a1eafea\";}'),(494,78,'results','a:14:{s:9:\"questions\";a:20:{i:11555;a:4:{s:7:\"correct\";b:1;s:4:\"mark\";d:5;s:4:\"type\";s:13:\"single_choice\";s:8:\"answered\";b:1;}i:11556;a:4:{s:7:\"correct\";b:1;s:4:\"mark\";d:5;s:4:\"type\";s:13:\"single_choice\";s:8:\"answered\";b:1;}i:11558;a:4:{s:7:\"correct\";b:0;s:4:\"mark\";i:0;s:4:\"type\";s:13:\"single_choice\";s:8:\"answered\";b:1;}i:11560;a:4:{s:7:\"correct\";b:1;s:4:\"mark\";d:5;s:4:\"type\";s:13:\"single_choice\";s:8:\"answered\";b:1;}i:11562;a:4:{s:7:\"correct\";b:1;s:4:\"mark\";d:5;s:4:\"type\";s:13:\"single_choice\";s:8:\"answered\";b:1;}i:11563;a:4:{s:7:\"correct\";b:0;s:4:\"mark\";i:0;s:4:\"type\";s:13:\"true_or_false\";s:8:\"answered\";b:1;}i:11564;a:4:{s:7:\"correct\";b:1;s:4:\"mark\";d:5;s:4:\"type\";s:13:\"true_or_false\";s:8:\"answered\";b:1;}i:11565;a:4:{s:7:\"correct\";b:0;s:4:\"mark\";i:0;s:4:\"type\";s:13:\"single_choice\";s:8:\"answered\";b:1;}i:11566;a:4:{s:7:\"correct\";b:1;s:4:\"mark\";d:5;s:4:\"type\";s:13:\"single_choice\";s:8:\"answered\";b:1;}i:11567;a:4:{s:7:\"correct\";b:1;s:4:\"mark\";d:5;s:4:\"type\";s:13:\"single_choice\";s:8:\"answered\";b:1;}i:11568;a:4:{s:7:\"correct\";b:0;s:4:\"mark\";i:0;s:4:\"type\";s:13:\"single_choice\";s:8:\"answered\";b:1;}i:11569;a:4:{s:7:\"correct\";b:0;s:4:\"mark\";i:0;s:4:\"type\";s:13:\"single_choice\";s:8:\"answered\";b:1;}i:11570;a:4:{s:7:\"correct\";b:0;s:4:\"mark\";i:0;s:4:\"type\";s:13:\"single_choice\";s:8:\"answered\";b:1;}i:11577;a:4:{s:7:\"correct\";b:1;s:4:\"mark\";d:5;s:4:\"type\";s:13:\"single_choice\";s:8:\"answered\";b:1;}i:11604;a:4:{s:7:\"correct\";b:1;s:4:\"mark\";d:5;s:4:\"type\";s:13:\"true_or_false\";s:8:\"answered\";b:1;}i:11605;a:4:{s:7:\"correct\";b:0;s:4:\"mark\";i:0;s:4:\"type\";s:13:\"single_choice\";s:8:\"answered\";b:1;}i:11607;a:4:{s:7:\"correct\";b:1;s:4:\"mark\";d:5;s:4:\"type\";s:13:\"single_choice\";s:8:\"answered\";b:1;}i:11608;a:4:{s:7:\"correct\";b:1;s:4:\"mark\";d:5;s:4:\"type\";s:13:\"single_choice\";s:8:\"answered\";b:1;}i:11609;a:4:{s:7:\"correct\";b:1;s:4:\"mark\";d:5;s:4:\"type\";s:13:\"single_choice\";s:8:\"answered\";b:1;}i:12068;a:4:{s:7:\"correct\";b:0;s:4:\"mark\";i:0;s:4:\"type\";s:13:\"single_choice\";s:8:\"answered\";b:1;}}s:4:\"mark\";i:100;s:9:\"user_mark\";d:60;s:14:\"question_count\";i:20;s:14:\"question_empty\";i:0;s:17:\"question_answered\";i:20;s:14:\"question_wrong\";i:8;s:16:\"question_correct\";i:12;s:6:\"status\";s:9:\"completed\";s:5:\"grade\";s:6:\"passed\";s:6:\"result\";d:60;s:10:\"time_spend\";s:5:\"11:57\";s:12:\"retake_count\";i:0;s:10:\"grade_text\";s:6:\"passed\";}'),(495,78,'_current_question','11555'),(496,78,'grade','passed'),(497,79,'_last_status',''),(498,79,'_current_status','purchased'),(499,79,'course_results_evaluate_final_quiz','a:6:{s:6:\"result\";d:85;s:5:\"grade\";s:6:\"passed\";s:6:\"status\";s:8:\"finished\";s:11:\"count_items\";s:2:\"31\";s:15:\"completed_items\";i:1;s:13:\"skipped_items\";i:30;}'),(500,79,'grade','passed'),(501,79,'_retaken_items','a:1:{i:11575;i:1;}'),(502,80,'_question_answers','a:21:{i:0;a:0:{}i:11555;s:27:\"155175436270585c7de47aac551\";i:11556;s:27:\"155166526266255c7c886ea1c25\";i:11558;s:27:\"155175484582465c7de65dc956d\";i:11560;s:27:\"155175557408485c7de93614b51\";i:11562;s:25:\"1551733000355c7d910855770\";i:11563;s:5:\"false\";i:11564;s:4:\"true\";i:11565;s:27:\"155175589648475c7dea78765a2\";i:11566;s:27:\"155173358031095c7d934c4beb5\";i:11567;s:27:\"155175614645975c7deb72703e2\";i:11568;s:27:\"155173385168765c7d945ba7df4\";i:11569;s:27:\"155173427277045c7d9600bc183\";i:11570;s:27:\"155173459814225c7d974622baa\";i:11577;s:27:\"155174026925875c7dad6d3f2b7\";i:11604;s:5:\"false\";i:11605;s:27:\"155977167592865cf83a1be2b6d\";i:11607;s:27:\"155175700080655c7deec8c4eb0\";i:11608;s:27:\"155175713855915c7def5288835\";i:11609;s:27:\"155175747548965c7df0a3778b3\";i:12068;s:27:\"155925801796245cf063a1eaf78\";}'),(503,80,'results','a:14:{s:9:\"questions\";a:20:{i:11555;a:4:{s:7:\"correct\";b:1;s:4:\"mark\";d:5;s:4:\"type\";s:13:\"single_choice\";s:8:\"answered\";b:1;}i:11556;a:4:{s:7:\"correct\";b:1;s:4:\"mark\";d:5;s:4:\"type\";s:13:\"single_choice\";s:8:\"answered\";b:1;}i:11558;a:4:{s:7:\"correct\";b:1;s:4:\"mark\";d:5;s:4:\"type\";s:13:\"single_choice\";s:8:\"answered\";b:1;}i:11560;a:4:{s:7:\"correct\";b:1;s:4:\"mark\";d:5;s:4:\"type\";s:13:\"single_choice\";s:8:\"answered\";b:1;}i:11562;a:4:{s:7:\"correct\";b:1;s:4:\"mark\";d:5;s:4:\"type\";s:13:\"single_choice\";s:8:\"answered\";b:1;}i:11563;a:4:{s:7:\"correct\";b:1;s:4:\"mark\";d:5;s:4:\"type\";s:13:\"true_or_false\";s:8:\"answered\";b:1;}i:11564;a:4:{s:7:\"correct\";b:1;s:4:\"mark\";d:5;s:4:\"type\";s:13:\"true_or_false\";s:8:\"answered\";b:1;}i:11565;a:4:{s:7:\"correct\";b:1;s:4:\"mark\";d:5;s:4:\"type\";s:13:\"single_choice\";s:8:\"answered\";b:1;}i:11566;a:4:{s:7:\"correct\";b:0;s:4:\"mark\";i:0;s:4:\"type\";s:13:\"single_choice\";s:8:\"answered\";b:1;}i:11567;a:4:{s:7:\"correct\";b:1;s:4:\"mark\";d:5;s:4:\"type\";s:13:\"single_choice\";s:8:\"answered\";b:1;}i:11568;a:4:{s:7:\"correct\";b:1;s:4:\"mark\";d:5;s:4:\"type\";s:13:\"single_choice\";s:8:\"answered\";b:1;}i:11569;a:4:{s:7:\"correct\";b:1;s:4:\"mark\";d:5;s:4:\"type\";s:13:\"single_choice\";s:8:\"answered\";b:1;}i:11570;a:4:{s:7:\"correct\";b:1;s:4:\"mark\";d:5;s:4:\"type\";s:13:\"single_choice\";s:8:\"answered\";b:1;}i:11577;a:4:{s:7:\"correct\";b:0;s:4:\"mark\";i:0;s:4:\"type\";s:13:\"single_choice\";s:8:\"answered\";b:1;}i:11604;a:4:{s:7:\"correct\";b:1;s:4:\"mark\";d:5;s:4:\"type\";s:13:\"true_or_false\";s:8:\"answered\";b:1;}i:11605;a:4:{s:7:\"correct\";b:1;s:4:\"mark\";d:5;s:4:\"type\";s:13:\"single_choice\";s:8:\"answered\";b:1;}i:11607;a:4:{s:7:\"correct\";b:1;s:4:\"mark\";d:5;s:4:\"type\";s:13:\"single_choice\";s:8:\"answered\";b:1;}i:11608;a:4:{s:7:\"correct\";b:1;s:4:\"mark\";d:5;s:4:\"type\";s:13:\"single_choice\";s:8:\"answered\";b:1;}i:11609;a:4:{s:7:\"correct\";b:1;s:4:\"mark\";d:5;s:4:\"type\";s:13:\"single_choice\";s:8:\"answered\";b:1;}i:12068;a:4:{s:7:\"correct\";b:0;s:4:\"mark\";i:0;s:4:\"type\";s:13:\"single_choice\";s:8:\"answered\";b:1;}}s:4:\"mark\";i:100;s:9:\"user_mark\";d:85;s:14:\"question_count\";i:20;s:14:\"question_empty\";i:0;s:17:\"question_answered\";i:20;s:14:\"question_wrong\";i:3;s:16:\"question_correct\";i:17;s:6:\"status\";s:9:\"completed\";s:5:\"grade\";s:6:\"passed\";s:6:\"result\";d:85;s:10:\"time_spend\";s:5:\"09:17\";s:12:\"retake_count\";i:0;s:10:\"grade_text\";s:6:\"passed\";}'),(504,80,'_current_question','11555'),(505,80,'grade','passed'),(506,79,'finishing_type','click'),(507,77,'finishing_type','click'),(522,85,'course_results_evaluate_final_quiz','a:6:{s:6:\"result\";d:85;s:5:\"grade\";s:6:\"passed\";s:6:\"status\";s:8:\"finished\";s:11:\"count_items\";s:2:\"31\";s:15:\"completed_items\";i:7;s:13:\"skipped_items\";i:24;}'),(523,85,'grade','passed'),(524,85,'_retaken_items','a:1:{i:11575;i:1;}'),(525,92,'_question_answers','a:21:{i:0;a:0:{}i:11555;s:27:\"155175436270575c7de47aac4de\";i:11556;s:27:\"155166526266255c7c886ea1c25\";i:11558;s:27:\"155175484582465c7de65dc956d\";i:11560;s:27:\"155175557408485c7de93614b51\";i:11562;s:25:\"1551733000355c7d910855770\";i:11563;s:5:\"false\";i:11564;s:4:\"true\";i:11565;s:27:\"155175589648475c7dea78765a2\";i:11566;s:27:\"155173351326985c7d930941e3f\";i:11567;s:27:\"155175614645975c7deb72703e2\";i:11568;s:27:\"155173385168765c7d945ba7df4\";i:11569;s:27:\"155173427277045c7d9600bc183\";i:11570;s:27:\"155173459814225c7d974622baa\";i:11577;s:27:\"155174026925875c7dad6d3f2ee\";i:11604;s:5:\"false\";i:11605;s:27:\"155977167592865cf83a1be2b6d\";i:11607;s:27:\"155175700080655c7deec8c4eb0\";i:11608;s:27:\"155175713855915c7def5288835\";i:11609;s:27:\"155175747548965c7df0a3778b3\";i:12068;s:27:\"155926782187145cf089edd4c39\";}'),(526,92,'results','a:14:{s:9:\"questions\";a:20:{i:11555;a:4:{s:7:\"correct\";b:0;s:4:\"mark\";i:0;s:4:\"type\";s:13:\"single_choice\";s:8:\"answered\";b:1;}i:11556;a:4:{s:7:\"correct\";b:1;s:4:\"mark\";d:5;s:4:\"type\";s:13:\"single_choice\";s:8:\"answered\";b:1;}i:11558;a:4:{s:7:\"correct\";b:1;s:4:\"mark\";d:5;s:4:\"type\";s:13:\"single_choice\";s:8:\"answered\";b:1;}i:11560;a:4:{s:7:\"correct\";b:1;s:4:\"mark\";d:5;s:4:\"type\";s:13:\"single_choice\";s:8:\"answered\";b:1;}i:11562;a:4:{s:7:\"correct\";b:1;s:4:\"mark\";d:5;s:4:\"type\";s:13:\"single_choice\";s:8:\"answered\";b:1;}i:11563;a:4:{s:7:\"correct\";b:1;s:4:\"mark\";d:5;s:4:\"type\";s:13:\"true_or_false\";s:8:\"answered\";b:1;}i:11564;a:4:{s:7:\"correct\";b:1;s:4:\"mark\";d:5;s:4:\"type\";s:13:\"true_or_false\";s:8:\"answered\";b:1;}i:11565;a:4:{s:7:\"correct\";b:1;s:4:\"mark\";d:5;s:4:\"type\";s:13:\"single_choice\";s:8:\"answered\";b:1;}i:11566;a:4:{s:7:\"correct\";b:0;s:4:\"mark\";i:0;s:4:\"type\";s:13:\"single_choice\";s:8:\"answered\";b:1;}i:11567;a:4:{s:7:\"correct\";b:1;s:4:\"mark\";d:5;s:4:\"type\";s:13:\"single_choice\";s:8:\"answered\";b:1;}i:11568;a:4:{s:7:\"correct\";b:1;s:4:\"mark\";d:5;s:4:\"type\";s:13:\"single_choice\";s:8:\"answered\";b:1;}i:11569;a:4:{s:7:\"correct\";b:1;s:4:\"mark\";d:5;s:4:\"type\";s:13:\"single_choice\";s:8:\"answered\";b:1;}i:11570;a:4:{s:7:\"correct\";b:1;s:4:\"mark\";d:5;s:4:\"type\";s:13:\"single_choice\";s:8:\"answered\";b:1;}i:11577;a:4:{s:7:\"correct\";b:0;s:4:\"mark\";i:0;s:4:\"type\";s:13:\"single_choice\";s:8:\"answered\";b:1;}i:11604;a:4:{s:7:\"correct\";b:1;s:4:\"mark\";d:5;s:4:\"type\";s:13:\"true_or_false\";s:8:\"answered\";b:1;}i:11605;a:4:{s:7:\"correct\";b:1;s:4:\"mark\";d:5;s:4:\"type\";s:13:\"single_choice\";s:8:\"answered\";b:1;}i:11607;a:4:{s:7:\"correct\";b:1;s:4:\"mark\";d:5;s:4:\"type\";s:13:\"single_choice\";s:8:\"answered\";b:1;}i:11608;a:4:{s:7:\"correct\";b:1;s:4:\"mark\";d:5;s:4:\"type\";s:13:\"single_choice\";s:8:\"answered\";b:1;}i:11609;a:4:{s:7:\"correct\";b:1;s:4:\"mark\";d:5;s:4:\"type\";s:13:\"single_choice\";s:8:\"answered\";b:1;}i:12068;a:4:{s:7:\"correct\";b:1;s:4:\"mark\";d:5;s:4:\"type\";s:13:\"single_choice\";s:8:\"answered\";b:1;}}s:4:\"mark\";i:100;s:9:\"user_mark\";d:85;s:14:\"question_count\";i:20;s:14:\"question_empty\";i:0;s:17:\"question_answered\";i:20;s:14:\"question_wrong\";i:3;s:16:\"question_correct\";i:17;s:6:\"status\";s:9:\"completed\";s:5:\"grade\";s:6:\"passed\";s:6:\"result\";d:85;s:10:\"time_spend\";s:5:\"38:44\";s:12:\"retake_count\";i:0;s:10:\"grade_text\";s:6:\"passed\";}'),(527,92,'_current_question','11555'),(528,92,'grade','passed'),(529,85,'finishing_type','click'),(530,84,'course_results_evaluate_final_quiz','a:6:{s:6:\"result\";d:80;s:5:\"grade\";s:11:\"in-progress\";s:6:\"status\";s:8:\"enrolled\";s:11:\"count_items\";s:2:\"31\";s:15:\"completed_items\";i:1;s:13:\"skipped_items\";i:30;}'),(531,84,'grade','in-progress'),(532,84,'_retaken_items','a:1:{i:11575;i:2;}'),(541,93,'_current_question','11555'),(542,93,'current_question','11556'),(543,93,'_question_answers','a:21:{i:11556;s:27:\"155166526266255c7c886ea1c25\";i:11555;s:27:\"155175436270585c7de47aac551\";i:11558;s:27:\"155175484582465c7de65dc956d\";i:11560;s:27:\"155175557408485c7de93614b51\";i:11562;s:25:\"1551733000355c7d910855770\";i:11563;s:5:\"false\";i:11564;s:5:\"false\";i:11565;s:26:\"15517559207285c7dea90b1bfc\";i:11566;s:27:\"155173355083285c7d932ecb55d\";i:11567;s:27:\"155175614645975c7deb72703e2\";i:11568;s:27:\"155173385168765c7d945ba7df4\";i:11569;s:27:\"155173427277045c7d9600bc1bb\";i:11570;s:27:\"155173459814225c7d974622baa\";i:11577;s:27:\"155174026925865c7dad6d3f27b\";i:11604;s:5:\"false\";i:11605;s:27:\"155977167592865cf83a1be2b6d\";i:11607;s:27:\"155175700080655c7deec8c4eb0\";i:11608;s:27:\"155175713855915c7def5288835\";i:11609;s:27:\"155175743945615c7df07f6f5cb\";i:12068;s:27:\"155926782187145cf089edd4c39\";i:0;a:0:{}}'),(544,93,'results','a:14:{s:9:\"questions\";a:20:{i:11555;a:4:{s:7:\"correct\";b:1;s:4:\"mark\";d:5;s:4:\"type\";s:13:\"single_choice\";s:8:\"answered\";b:1;}i:11556;a:4:{s:7:\"correct\";b:1;s:4:\"mark\";d:5;s:4:\"type\";s:13:\"single_choice\";s:8:\"answered\";b:1;}i:11558;a:4:{s:7:\"correct\";b:1;s:4:\"mark\";d:5;s:4:\"type\";s:13:\"single_choice\";s:8:\"answered\";b:1;}i:11560;a:4:{s:7:\"correct\";b:1;s:4:\"mark\";d:5;s:4:\"type\";s:13:\"single_choice\";s:8:\"answered\";b:1;}i:11562;a:4:{s:7:\"correct\";b:1;s:4:\"mark\";d:5;s:4:\"type\";s:13:\"single_choice\";s:8:\"answered\";b:1;}i:11563;a:4:{s:7:\"correct\";b:1;s:4:\"mark\";d:5;s:4:\"type\";s:13:\"true_or_false\";s:8:\"answered\";b:1;}i:11564;a:4:{s:7:\"correct\";b:0;s:4:\"mark\";i:0;s:4:\"type\";s:13:\"true_or_false\";s:8:\"answered\";b:1;}i:11565;a:4:{s:7:\"correct\";b:0;s:4:\"mark\";i:0;s:4:\"type\";s:13:\"single_choice\";s:8:\"answered\";b:1;}i:11566;a:4:{s:7:\"correct\";b:1;s:4:\"mark\";d:5;s:4:\"type\";s:13:\"single_choice\";s:8:\"answered\";b:1;}i:11567;a:4:{s:7:\"correct\";b:1;s:4:\"mark\";d:5;s:4:\"type\";s:13:\"single_choice\";s:8:\"answered\";b:1;}i:11568;a:4:{s:7:\"correct\";b:1;s:4:\"mark\";d:5;s:4:\"type\";s:13:\"single_choice\";s:8:\"answered\";b:1;}i:11569;a:4:{s:7:\"correct\";b:0;s:4:\"mark\";i:0;s:4:\"type\";s:13:\"single_choice\";s:8:\"answered\";b:1;}i:11570;a:4:{s:7:\"correct\";b:1;s:4:\"mark\";d:5;s:4:\"type\";s:13:\"single_choice\";s:8:\"answered\";b:1;}i:11577;a:4:{s:7:\"correct\";b:1;s:4:\"mark\";d:5;s:4:\"type\";s:13:\"single_choice\";s:8:\"answered\";b:1;}i:11604;a:4:{s:7:\"correct\";b:1;s:4:\"mark\";d:5;s:4:\"type\";s:13:\"true_or_false\";s:8:\"answered\";b:1;}i:11605;a:4:{s:7:\"correct\";b:1;s:4:\"mark\";d:5;s:4:\"type\";s:13:\"single_choice\";s:8:\"answered\";b:1;}i:11607;a:4:{s:7:\"correct\";b:1;s:4:\"mark\";d:5;s:4:\"type\";s:13:\"single_choice\";s:8:\"answered\";b:1;}i:11608;a:4:{s:7:\"correct\";b:1;s:4:\"mark\";d:5;s:4:\"type\";s:13:\"single_choice\";s:8:\"answered\";b:1;}i:11609;a:4:{s:7:\"correct\";b:0;s:4:\"mark\";i:0;s:4:\"type\";s:13:\"single_choice\";s:8:\"answered\";b:1;}i:12068;a:4:{s:7:\"correct\";b:1;s:4:\"mark\";d:5;s:4:\"type\";s:13:\"single_choice\";s:8:\"answered\";b:1;}}s:4:\"mark\";i:100;s:9:\"user_mark\";d:80;s:14:\"question_count\";i:20;s:14:\"question_empty\";i:0;s:17:\"question_answered\";i:20;s:14:\"question_wrong\";i:4;s:16:\"question_correct\";i:16;s:6:\"status\";s:9:\"completed\";s:5:\"grade\";s:6:\"passed\";s:6:\"result\";d:80;s:10:\"time_spend\";s:5:\"55:05\";s:12:\"retake_count\";i:0;s:10:\"grade_text\";s:6:\"passed\";}'),(539,93,'grade','passed'),(537,83,'course_results_evaluate_final_quiz','a:6:{s:6:\"result\";i:0;s:5:\"grade\";s:0:\"\";s:6:\"status\";s:9:\"purchased\";s:11:\"count_items\";s:2:\"31\";s:15:\"completed_items\";i:0;s:13:\"skipped_items\";i:31;}'),(538,83,'grade',''),(545,94,'_last_status',''),(546,94,'_current_status','purchased'),(547,94,'course_results_evaluate_final_quiz','a:6:{s:6:\"result\";i:0;s:5:\"grade\";s:11:\"in-progress\";s:6:\"status\";s:8:\"enrolled\";s:11:\"count_items\";s:2:\"31\";s:15:\"completed_items\";i:0;s:13:\"skipped_items\";i:31;}'),(548,94,'grade','in-progress');

--
